128.248.163.122 - - [21/Nov/2003:00:05:10 +0000] "GET /ela/lj/moodbuns/bunny-tired.gif HTTP/1.1" 304 -
128.248.163.122 - - [21/Nov/2003:00:05:13 +0000] "GET /ela/lj/moodbuns/bunny-happy.gif HTTP/1.1" 200 170
128.248.163.122 - - [21/Nov/2003:00:05:14 +0000] "GET /ela/lj/moodbuns/bunny-happy.gif HTTP/1.1" 200 170
128.248.163.122 - - [21/Nov/2003:00:05:17 +0000] "GET /ela/lj/moodbuns/bunny-happy.gif HTTP/1.1" 200 170
128.248.163.122 - - [21/Nov/2003:00:05:35 +0000] "GET /ela/lj/moodbuns/bunny-amused.gif HTTP/1.1" 200 322
128.248.163.122 - - [21/Nov/2003:00:05:45 +0000] "GET /ela/lj/moodbuns/bunny-cry.gif HTTP/1.1" 304 -
68.89.109.197 - - [21/Nov/2003:00:05:53 +0000] "GET /ela/lj/moodbuns/bunny-blah.gif HTTP/1.1" 304 -
128.248.163.122 - - [21/Nov/2003:00:05:58 +0000] "GET /ela/lj/moodbuns/bunny-groggy.gif HTTP/1.1" 200 153
128.248.163.122 - - [21/Nov/2003:00:06:01 +0000] "GET /ela/lj/icons/bobob.jpg HTTP/1.1" 200 5008
128.248.163.122 - - [21/Nov/2003:00:06:02 +0000] "GET /ela/lj/icons/humpingbunneh.gif HTTP/1.1" 200 19460
24.92.205.53 - - [21/Nov/2003:00:06:04 +0000] "GET /ela/lj/moodbuns/bunny-blah.gif HTTP/1.1" 200 163
128.248.163.122 - - [21/Nov/2003:00:09:31 +0000] "GET /ela/lj/moodbuns/bunny-groggy.gif HTTP/1.1" 200 153
128.248.163.122 - - [21/Nov/2003:00:09:36 +0000] "GET /ela/lj/moodbuns/bunny-tired.gif HTTP/1.1" 304 -
207.5.171.136 - - [21/Nov/2003:00:09:57 +0000] "GET /kamara/moodbuns/bunny-blah.gif HTTP/1.1" 200 163
207.5.171.136 - - [21/Nov/2003:00:09:57 +0000] "GET /kamara/moodbuns/bunny-tired.gif HTTP/1.1" 200 418
128.248.163.122 - - [21/Nov/2003:00:10:03 +0000] "GET /ela/lj/moodbuns/bunny-predatory.gif HTTP/1.1" 200 172
128.248.163.122 - - [21/Nov/2003:00:10:20 +0000] "GET /ela/lj/moodbuns/bunny-amused.gif HTTP/1.1" 200 322
128.248.163.122 - - [21/Nov/2003:00:10:42 +0000] "GET /ela/lj/moodbuns/bunny-happy.gif HTTP/1.1" 200 170
24.33.151.151 - - [21/Nov/2003:00:11:11 +0000] "GET /kamara/images/lj/salliefan.jpg HTTP/1.1" 200 7443
24.33.151.151 - - [21/Nov/2003:00:11:11 +0000] "GET /kamara/moodbuns/bunny-blank.gif HTTP/1.1" 200 171
24.33.151.151 - - [21/Nov/2003:00:11:12 +0000] "GET /kamara/moodbuns/bunny-confused.gif HTTP/1.1" 200 714
24.33.151.151 - - [21/Nov/2003:00:11:12 +0000] "GET /kamara/moodbuns/bunny-surprised.gif HTTP/1.1" 200 706
24.33.151.151 - - [21/Nov/2003:00:11:12 +0000] "GET /kamara/moodbuns/bunny-blah.gif HTTP/1.1" 200 163
24.33.151.151 - - [21/Nov/2003:00:11:12 +0000] "GET /kamara/moodbuns/bunny-happy.gif HTTP/1.1" 200 170
24.33.151.151 - - [21/Nov/2003:00:11:12 +0000] "GET /kamara/moodbuns/bunny-awake.gif HTTP/1.1" 200 172
24.33.151.151 - - [21/Nov/2003:00:11:12 +0000] "GET /kamara/moodbuns/bunny-tired.gif HTTP/1.1" 200 418
24.33.151.151 - - [21/Nov/2003:00:11:12 +0000] "GET /kamara/moodbuns/bunny-sick.gif HTTP/1.1" 200 162
24.33.151.151 - - [21/Nov/2003:00:11:13 +0000] "GET /kamara/moodbuns/bunny-loved.gif HTTP/1.1" 200 999
24.33.151.151 - - [21/Nov/2003:00:11:13 +0000] "GET /kamara/moodbuns/bunny-relaxed.gif HTTP/1.1" 200 157
24.33.151.151 - - [21/Nov/2003:00:11:13 +0000] "GET /kamara/moodbuns/bunny-amused.gif HTTP/1.1" 200 322
24.33.151.151 - - [21/Nov/2003:00:11:13 +0000] "GET /kamara/moodbuns/bunny-cold.gif HTTP/1.1" 200 316
24.33.151.151 - - [21/Nov/2003:00:11:13 +0000] "GET /kamara/moodbuns/bunny-nerdy.gif HTTP/1.1" 200 170
24.33.151.151 - - [21/Nov/2003:00:11:13 +0000] "GET /kamara/moodbuns/bunny-thoughtful.gif HTTP/1.1" 200 511
24.33.151.151 - - [21/Nov/2003:00:11:13 +0000] "GET /kamara/moodbuns/bunny-bouncy.gif HTTP/1.1" 200 1903
24.33.151.151 - - [21/Nov/2003:00:11:13 +0000] "GET /kamara/moodbuns/bunny-cry.gif HTTP/1.1" 200 873
24.33.151.151 - - [21/Nov/2003:00:11:13 +0000] "GET /kamara/moodbuns/bunny-flirty.gif HTTP/1.1" 200 160
24.33.151.151 - - [21/Nov/2003:00:11:13 +0000] "GET /kamara/moodbuns/bunny-annoyed.gif HTTP/1.1" 200 696
128.248.163.122 - - [21/Nov/2003:00:11:37 +0000] "GET /ela/lj/moodbuns/bunny-groggy.gif HTTP/1.1" 200 153
143.229.155.246 - - [21/Nov/2003:00:12:02 +0000] "GET /kamara/moodbuns/bunny-bouncy.gif HTTP/1.1" 200 1903
68.81.101.29 - - [21/Nov/2003:00:13:07 +0000] "GET /kamara/moodbuns/bunny-bouncy.gif HTTP/1.1" 200 1903
128.248.163.122 - - [21/Nov/2003:00:13:23 +0000] "GET /ela/lj/moodbuns/bunny-groggy.gif HTTP/1.1" 200 153
128.248.163.122 - - [21/Nov/2003:00:13:25 +0000] "GET /ela/lj/moodbuns/bunny-groggy.gif HTTP/1.1" 200 153
128.248.163.122 - - [21/Nov/2003:00:13:37 +0000] "GET /ela/lj/moodbuns/bunny-groggy.gif HTTP/1.1" 200 153
128.248.163.122 - - [21/Nov/2003:00:14:55 +0000] "GET /ela/lj/moodbuns/bunny-predatory.gif HTTP/1.1" 200 172
128.248.163.122 - - [21/Nov/2003:00:15:42 +0000] "GET /ela/lj/moodbuns/bunny-predatory.gif HTTP/1.1" 200 172
128.248.163.122 - - [21/Nov/2003:00:15:55 +0000] "GET /ela/lj/moodbuns/bunny-amused.gif HTTP/1.1" 200 322
216.214.209.17 - - [21/Nov/2003:00:17:32 +0000] "GET /kamara/moodbuns/bunny-tired.gif HTTP/1.1" 304 -
216.214.209.17 - - [21/Nov/2003:00:17:32 +0000] "GET /kamara/moodbuns/bunny-blah.gif HTTP/1.1" 304 -
66.190.249.226 - - [21/Nov/2003:00:18:17 +0000] "GET /kamara/moodbuns/bunny-bouncy.gif HTTP/1.1" 304 -
63.170.139.248 - - [21/Nov/2003:00:19:22 +0000] "GET /kamara/moodbuns/bunny-amused.gif HTTP/1.1" 200 322
4.65.7.198 - - [21/Nov/2003:00:23:54 +0000] "GET /ela/lj/moodbuns/bunny-blah.gif HTTP/1.1" 200 163
216.214.209.17 - - [21/Nov/2003:00:25:26 +0000] "GET /kamara/moodbuns/bunny-tired.gif HTTP/1.1" 304 -
216.214.209.17 - - [21/Nov/2003:00:25:26 +0000] "GET /kamara/moodbuns/bunny-blah.gif HTTP/1.1" 304 -
80.225.21.147 - - [21/Nov/2003:00:25:42 +0000] "GET /kamara/moodbuns/bunny-blah.gif HTTP/1.1" 304 -
216.214.209.17 - - [21/Nov/2003:00:29:59 +0000] "GET /kamara/moodbuns/bunny-blah.gif HTTP/1.1" 304 -
216.214.209.17 - - [21/Nov/2003:00:29:59 +0000] "GET /kamara/moodbuns/bunny-tired.gif HTTP/1.1" 304 -
68.11.122.63 - - [21/Nov/2003:00:30:39 +0000] "GET /kamara/moodbuns/bunny-bouncy.gif HTTP/1.1" 200 1903
67.20.58.72 - - [21/Nov/2003:00:31:01 +0000] "GET /kamara/moodbuns/bunny-blah.gif HTTP/1.1" 200 163
67.20.58.72 - - [21/Nov/2003:00:31:01 +0000] "GET /kamara/moodbuns/bunny-tired.gif HTTP/1.1" 200 418
24.29.62.134 - - [21/Nov/2003:00:31:04 +0000] "GET /kamara/moodbuns/bunny-tired.gif HTTP/1.1" 304 -
24.29.62.134 - - [21/Nov/2003:00:31:04 +0000] "GET /kamara/moodbuns/bunny-blah.gif HTTP/1.1" 304 -
24.73.58.209 - - [21/Nov/2003:00:32:08 +0000] "GET /kamara/moodbuns/bunny-blah.gif HTTP/1.1" 304 -
24.73.58.209 - - [21/Nov/2003:00:32:08 +0000] "GET /kamara/moodbuns/bunny-tired.gif HTTP/1.1" 304 -
24.73.58.209 - - [21/Nov/2003:00:33:01 +0000] "GET /kamara/moodbuns/bunny-blah.gif HTTP/1.1" 304 -
24.73.58.209 - - [21/Nov/2003:00:33:01 +0000] "GET /kamara/moodbuns/bunny-tired.gif HTTP/1.1" 304 -
216.214.209.17 - - [21/Nov/2003:00:33:12 +0000] "GET /kamara/moodbuns/bunny-blah.gif HTTP/1.1" 304 -
216.214.209.17 - - [21/Nov/2003:00:33:12 +0000] "GET /kamara/moodbuns/bunny-tired.gif HTTP/1.1" 304 -
12.205.128.130 - - [21/Nov/2003:00:36:01 +0000] "GET /ela/lj/moodbuns/bunny-blah.gif HTTP/1.1" 200 163
24.185.168.25 - - [21/Nov/2003:00:39:36 +0000] "GET /kamara/moodbuns/bunny-blah.gif HTTP/1.1" 200 163
24.185.168.25 - - [21/Nov/2003:00:41:29 +0000] "GET /kamara/moodbuns/bunny-blah.gif HTTP/1.1" 304 -
216.214.209.17 - - [21/Nov/2003:00:42:08 +0000] "GET /kamara/moodbuns/bunny-tired.gif HTTP/1.1" 304 -
216.214.209.17 - - [21/Nov/2003:00:42:08 +0000] "GET /kamara/moodbuns/bunny-blah.gif HTTP/1.1" 304 -
216.214.209.17 - - [21/Nov/2003:00:43:46 +0000] "GET /kamara/moodbuns/bunny-blah.gif HTTP/1.1" 304 -
216.214.209.17 - - [21/Nov/2003:00:43:46 +0000] "GET /kamara/moodbuns/bunny-tired.gif HTTP/1.1" 304 -
69.132.41.234 - - [21/Nov/2003:00:45:03 +0000] "GET /kamara/moodbuns/bunny-blah.gif HTTP/1.1" 200 163
207.5.171.136 - - [21/Nov/2003:00:49:23 +0000] "GET /kamara/moodbuns/bunny-blah.gif HTTP/1.1" 200 163
207.5.171.136 - - [21/Nov/2003:00:49:23 +0000] "GET /kamara/moodbuns/bunny-tired.gif HTTP/1.1" 200 418
213.163.16.14 - - [21/Nov/2003:00:50:40 +0000] "GET /kamara/moodbuns/bunny-blah.gif HTTP/1.1" 304 -
213.163.16.14 - - [21/Nov/2003:00:50:40 +0000] "GET /kamara/moodbuns/bunny-tired.gif HTTP/1.1" 304 -
65.89.209.150 - - [21/Nov/2003:00:55:14 +0000] "GET /kamara/moodbuns/bunny-blah.gif HTTP/1.1" 200 163
207.5.171.136 - - [21/Nov/2003:00:59:25 +0000] "GET /kamara/moodbuns/bunny-blah.gif HTTP/1.1" 304 -
207.5.171.136 - - [21/Nov/2003:00:59:25 +0000] "GET /kamara/moodbuns/bunny-tired.gif HTTP/1.1" 304 -
203.96.101.70 - - [21/Nov/2003:01:03:28 +0000] "GET /kamara/moodbuns/bunny-bouncy.gif HTTP/1.1" 200 1903
207.5.171.136 - - [21/Nov/2003:01:03:43 +0000] "GET /kamara/moodbuns/bunny-blah.gif HTTP/1.1" 304 -
207.5.171.136 - - [21/Nov/2003:01:03:43 +0000] "GET /kamara/moodbuns/bunny-tired.gif HTTP/1.1" 304 -
69.14.12.163 - - [21/Nov/2003:01:03:46 +0000] "GET /kamara/moodbuns/bunny-creative.gif HTTP/1.1" 200 750
141.156.186.143 - - [21/Nov/2003:01:04:31 +0000] "GET /ela/lj/moodbuns/bunny-blah.gif HTTP/1.1" 304 -
207.5.171.136 - - [21/Nov/2003:01:08:37 +0000] "GET /kamara/moodbuns/bunny-blah.gif HTTP/1.1" 304 -
207.5.171.136 - - [21/Nov/2003:01:08:37 +0000] "GET /kamara/moodbuns/bunny-tired.gif HTTP/1.1" 304 -
207.141.14.166 - - [21/Nov/2003:01:09:06 +0000] "GET /kamara/moodbuns/bunny-bouncy.gif HTTP/1.1" 200 1903
207.5.171.136 - - [21/Nov/2003:01:09:23 +0000] "GET /kamara/moodbuns/bunny-blah.gif HTTP/1.1" 304 -
207.5.171.136 - - [21/Nov/2003:01:09:23 +0000] "GET /kamara/moodbuns/bunny-tired.gif HTTP/1.1" 304 -
12.205.128.130 - - [21/Nov/2003:01:09:56 +0000] "GET /ela/lj/moodbuns/bunny-blah.gif HTTP/1.1" 304 -
24.200.188.227 - - [21/Nov/2003:01:10:04 +0000] "GET /kamara/moodbuns/bunny-creative.gif HTTP/1.1" 200 750
207.5.171.136 - - [21/Nov/2003:01:10:21 +0000] "GET /kamara/moodbuns/bunny-blah.gif HTTP/1.1" 304 -
207.5.171.136 - - [21/Nov/2003:01:10:21 +0000] "GET /kamara/moodbuns/bunny-tired.gif HTTP/1.1" 304 -
141.156.186.143 - - [21/Nov/2003:01:13:42 +0000] "GET /ela/lj/moodbuns/bunny-blah.gif HTTP/1.1" 304 -
24.200.188.227 - - [21/Nov/2003:01:18:41 +0000] "GET /kamara/moodbuns/bunny-creative.gif HTTP/1.1" 200 750
64.12.96.167 - - [21/Nov/2003:01:19:47 +0000] "GET /ela/layouts/strawberry.jpg HTTP/1.0" 200 5996
64.12.96.72 - - [21/Nov/2003:01:19:47 +0000] "GET /ela/lj/moodbuns/bunny-amused.gif HTTP/1.0" 200 322
64.12.96.233 - - [21/Nov/2003:01:19:47 +0000] "GET /ela/lj/moodbuns/bunny-blank.gif HTTP/1.0" 200 171
64.12.96.234 - - [21/Nov/2003:01:19:47 +0000] "GET /ela/lj/moodbuns/bunny-happy.gif HTTP/1.0" 200 170
64.12.96.43 - - [21/Nov/2003:01:19:48 +0000] "GET /ela/lj/moodbuns/bunny-tired.gif HTTP/1.0" 200 418
64.12.97.6 - - [21/Nov/2003:01:19:48 +0000] "GET /ela/lj/moodbuns/bunny-bouncy.gif HTTP/1.0" 200 1903
68.214.142.123 - - [21/Nov/2003:01:20:41 +0000] "GET /kamara/moodbuns/bunny-bouncy.gif HTTP/1.1" 200 1903
68.189.250.24 - - [21/Nov/2003:01:21:34 +0000] "GET /ela/lj/moodbuns/bunny-blah.gif HTTP/1.1" 304 -
207.5.171.136 - - [21/Nov/2003:01:23:40 +0000] "GET /kamara/moodbuns/bunny-blah.gif HTTP/1.1" 304 -
207.5.171.136 - - [21/Nov/2003:01:23:40 +0000] "GET /kamara/moodbuns/bunny-tired.gif HTTP/1.1" 304 -
207.5.171.136 - - [21/Nov/2003:01:23:57 +0000] "GET /kamara/moodbuns/bunny-happy.gif HTTP/1.1" 200 170
213.163.16.14 - - [21/Nov/2003:01:25:07 +0000] "GET /kamara/moodbuns/bunny-blah.gif HTTP/1.1" 304 -
213.163.16.14 - - [21/Nov/2003:01:25:07 +0000] "GET /kamara/moodbuns/bunny-tired.gif HTTP/1.1" 304 -
24.185.168.25 - - [21/Nov/2003:01:25:41 +0000] "GET /kamara/moodbuns/bunny-blah.gif HTTP/1.1" 304 -
24.185.168.25 - - [21/Nov/2003:01:27:02 +0000] "GET /kamara/moodbuns/bunny-blah.gif HTTP/1.1" 304 -
24.185.168.25 - - [21/Nov/2003:01:27:54 +0000] "GET /kamara/moodbuns/bunny-blah.gif HTTP/1.1" 304 -
141.156.186.143 - - [21/Nov/2003:01:28:55 +0000] "GET /ela/lj/moodbuns/bunny-blah.gif HTTP/1.1" 304 -
24.185.168.25 - - [21/Nov/2003:01:32:04 +0000] "GET /kamara/moodbuns/bunny-blah.gif HTTP/1.1" 304 -
207.5.171.136 - - [21/Nov/2003:01:32:43 +0000] "GET /kamara/moodbuns/bunny-blah.gif HTTP/1.1" 304 -
207.5.171.136 - - [21/Nov/2003:01:32:43 +0000] "GET /kamara/moodbuns/bunny-tired.gif HTTP/1.1" 304 -
207.5.171.136 - - [21/Nov/2003:01:33:48 +0000] "GET /kamara/moodbuns/bunny-blah.gif HTTP/1.1" 304 -
207.5.171.136 - - [21/Nov/2003:01:33:48 +0000] "GET /kamara/moodbuns/bunny-tired.gif HTTP/1.1" 304 -
207.5.171.136 - - [21/Nov/2003:01:34:00 +0000] "GET /kamara/moodbuns/bunny-blah.gif HTTP/1.1" 304 -
207.5.171.136 - - [21/Nov/2003:01:34:00 +0000] "GET /kamara/moodbuns/bunny-tired.gif HTTP/1.1" 304 -
24.73.58.209 - - [21/Nov/2003:01:34:52 +0000] "GET /kamara/moodbuns/bunny-blah.gif HTTP/1.1" 304 -
24.73.58.209 - - [21/Nov/2003:01:34:52 +0000] "GET /kamara/moodbuns/bunny-tired.gif HTTP/1.1" 304 -
159.28.57.227 - - [21/Nov/2003:01:42:23 +0000] "GET /ela/lj/moodbuns/bunny-blah.gif HTTP/1.1" 304 -
66.140.34.224 - - [21/Nov/2003:01:42:54 +0000] "GET /kamara/moodbuns/bunny-blah.gif HTTP/1.1" 200 163
24.185.168.25 - - [21/Nov/2003:01:45:03 +0000] "GET /kamara/moodbuns/bunny-blah.gif HTTP/1.1" 304 -
24.185.168.25 - - [21/Nov/2003:01:45:21 +0000] "GET /kamara/moodbuns/bunny-blah.gif HTTP/1.1" 304 -
24.185.168.25 - - [21/Nov/2003:01:47:17 +0000] "GET /kamara/moodbuns/bunny-blah.gif HTTP/1.1" 304 -
24.185.168.25 - - [21/Nov/2003:01:48:07 +0000] "GET /kamara/moodbuns/bunny-blah.gif HTTP/1.1" 304 -
207.5.171.136 - - [21/Nov/2003:01:50:44 +0000] "GET /kamara/moodbuns/bunny-blah.gif HTTP/1.1" 304 -
207.5.171.136 - - [21/Nov/2003:01:50:44 +0000] "GET /kamara/moodbuns/bunny-tired.gif HTTP/1.1" 304 -
207.5.171.136 - - [21/Nov/2003:01:51:12 +0000] "GET /kamara/moodbuns/bunny-blah.gif HTTP/1.1" 304 -
207.5.171.136 - - [21/Nov/2003:01:51:12 +0000] "GET /kamara/moodbuns/bunny-tired.gif HTTP/1.1" 304 -
172.142.195.238 - - [21/Nov/2003:01:51:30 +0000] "GET /ela/lj/moodbuns/bunny-blah.gif HTTP/1.1" 304 -
198.110.216.29 - - [21/Nov/2003:01:52:23 +0000] "GET /kamara/moodbuns/bunny-blah.gif HTTP/1.1" 304 -
198.110.216.29 - - [21/Nov/2003:01:52:24 +0000] "GET /kamara/moodbuns/bunny-tired.gif HTTP/1.1" 304 -
216.214.209.17 - - [21/Nov/2003:01:53:01 +0000] "GET /kamara/moodbuns/bunny-tired.gif HTTP/1.1" 200 418
216.214.209.17 - - [21/Nov/2003:01:53:01 +0000] "GET /kamara/moodbuns/bunny-blah.gif HTTP/1.1" 200 163
216.214.209.17 - - [21/Nov/2003:01:54:45 +0000] "GET /kamara/moodbuns/bunny-blah.gif HTTP/1.1" 304 -
216.214.209.17 - - [21/Nov/2003:01:54:45 +0000] "GET /kamara/moodbuns/bunny-tired.gif HTTP/1.1" 304 -
207.5.171.136 - - [21/Nov/2003:01:56:10 +0000] "GET /kamara/moodbuns/bunny-blah.gif HTTP/1.1" 304 -
207.5.171.136 - - [21/Nov/2003:01:56:11 +0000] "GET /kamara/moodbuns/bunny-tired.gif HTTP/1.1" 304 -
216.214.209.17 - - [21/Nov/2003:01:56:58 +0000] "GET /kamara/moodbuns/bunny-blah.gif HTTP/1.1" 304 -
216.214.209.17 - - [21/Nov/2003:01:56:59 +0000] "GET /kamara/moodbuns/bunny-tired.gif HTTP/1.1" 304 -
213.208.103.216 - - [21/Nov/2003:02:05:06 +0000] "GET /kamara/moodbuns/bunny-blah.gif HTTP/1.1" 304 -
216.214.209.17 - - [21/Nov/2003:02:05:45 +0000] "GET /kamara/moodbuns/bunny-tired.gif HTTP/1.1" 304 -
216.214.209.17 - - [21/Nov/2003:02:05:45 +0000] "GET /kamara/moodbuns/bunny-blah.gif HTTP/1.1" 304 -
159.28.57.227 - - [21/Nov/2003:02:07:49 +0000] "GET /ela/lj/moodbuns/bunny-blah.gif HTTP/1.1" 304 -
216.214.209.17 - - [21/Nov/2003:02:10:27 +0000] "GET /kamara/moodbuns/bunny-blah.gif HTTP/1.1" 304 -
207.5.171.136 - - [21/Nov/2003:02:11:24 +0000] "GET /kamara/moodbuns/bunny-blah.gif HTTP/1.1" 304 -
207.5.171.136 - - [21/Nov/2003:02:11:24 +0000] "GET /kamara/moodbuns/bunny-tired.gif HTTP/1.1" 304 -
24.107.118.183 - - [21/Nov/2003:02:11:43 +0000] "GET /kamara/moodbuns/bunny-blah.gif HTTP/1.1" 200 163
24.107.118.183 - - [21/Nov/2003:02:12:20 +0000] "GET /kamara/moodbuns/bunny-tired.gif HTTP/1.1" 200 418
159.28.57.227 - - [21/Nov/2003:02:12:35 +0000] "GET /ela/lj/moodbuns/bunny-blah.gif HTTP/1.1" 304 -
216.214.209.17 - - [21/Nov/2003:02:15:39 +0000] "GET /kamara/moodbuns/bunny-blah.gif HTTP/1.1" 304 -
162.119.64.112 - - [21/Nov/2003:02:17:14 +0000] "GET /ela/layouts/strawberry.jpg HTTP/1.1" 304 -
162.119.64.112 - - [21/Nov/2003:02:17:14 +0000] "GET /ela/lj/moodbuns/bunny-amused.gif HTTP/1.1" 304 -
162.119.64.112 - - [21/Nov/2003:02:17:14 +0000] "GET /ela/lj/moodbuns/bunny-blank.gif HTTP/1.1" 304 -
162.119.64.112 - - [21/Nov/2003:02:17:14 +0000] "GET /ela/lj/moodbuns/bunny-happy.gif HTTP/1.1" 304 -
162.119.64.112 - - [21/Nov/2003:02:17:14 +0000] "GET /ela/lj/moodbuns/bunny-bouncy.gif HTTP/1.1" 304 -
162.119.64.112 - - [21/Nov/2003:02:17:14 +0000] "GET /ela/lj/moodbuns/bunny-tired.gif HTTP/1.1" 304 -
207.5.171.136 - - [21/Nov/2003:02:17:28 +0000] "GET /kamara/moodbuns/bunny-blah.gif HTTP/1.1" 304 -
207.5.171.136 - - [21/Nov/2003:02:17:28 +0000] "GET /kamara/moodbuns/bunny-tired.gif HTTP/1.1" 304 -
207.5.171.136 - - [21/Nov/2003:02:20:19 +0000] "GET /kamara/moodbuns/bunny-blah.gif HTTP/1.1" 304 -
207.5.171.136 - - [21/Nov/2003:02:20:19 +0000] "GET /kamara/moodbuns/bunny-tired.gif HTTP/1.1" 304 -
207.5.171.136 - - [21/Nov/2003:02:23:45 +0000] "GET /kamara/moodbuns/bunny-blah.gif HTTP/1.1" 304 -
207.5.171.136 - - [21/Nov/2003:02:23:45 +0000] "GET /kamara/moodbuns/bunny-tired.gif HTTP/1.1" 304 -
24.185.168.25 - - [21/Nov/2003:02:25:50 +0000] "GET /kamara/moodbuns/bunny-blah.gif HTTP/1.1" 304 -
159.28.57.227 - - [21/Nov/2003:02:29:17 +0000] "GET /ela/lj/moodbuns/bunny-blah.gif HTTP/1.1" 304 -
216.214.209.17 - - [21/Nov/2003:02:33:40 +0000] "GET /kamara/moodbuns/bunny-blah.gif HTTP/1.1" 304 -
24.185.168.25 - - [21/Nov/2003:02:36:43 +0000] "GET /kamara/moodbuns/bunny-blah.gif HTTP/1.1" 304 -
24.73.58.209 - - [21/Nov/2003:02:36:44 +0000] "GET /kamara/moodbuns/bunny-blah.gif HTTP/1.1" 304 -
24.73.58.209 - - [21/Nov/2003:02:36:44 +0000] "GET /kamara/moodbuns/bunny-tired.gif HTTP/1.1" 304 -
66.11.173.170 - - [21/Nov/2003:02:36:57 +0000] "GET /ela/lj/moodbuns/bunny-blah.gif HTTP/1.0" 304 -
24.29.62.134 - - [21/Nov/2003:02:36:57 +0000] "GET /kamara/moodbuns/bunny-blah.gif HTTP/1.1" 304 -
24.29.62.134 - - [21/Nov/2003:02:36:57 +0000] "GET /kamara/moodbuns/bunny-tired.gif HTTP/1.1" 304 -
24.73.58.209 - - [21/Nov/2003:02:38:44 +0000] "GET /kamara/moodbuns/bunny-blah.gif HTTP/1.1" 304 -
24.73.58.209 - - [21/Nov/2003:02:38:44 +0000] "GET /kamara/moodbuns/bunny-tired.gif HTTP/1.1" 304 -
24.29.62.134 - - [21/Nov/2003:02:39:32 +0000] "GET /kamara/moodbuns/bunny-blah.gif HTTP/1.1" 304 -
24.29.62.134 - - [21/Nov/2003:02:39:32 +0000] "GET /kamara/moodbuns/bunny-tired.gif HTTP/1.1" 304 -
216.214.209.17 - - [21/Nov/2003:02:42:00 +0000] "GET /kamara/moodbuns/bunny-blah.gif HTTP/1.1" 304 -
128.248.163.122 - - [21/Nov/2003:02:43:53 +0000] "GET /ela/lj/catshower.jpg HTTP/1.1" 200 44222
128.248.163.122 - - [21/Nov/2003:02:45:28 +0000] "GET /ela/layouts/strawberry.jpg HTTP/1.1" 200 5996
128.248.163.122 - - [21/Nov/2003:02:45:28 +0000] "GET /ela/lj/moodbuns/bunny-amused.gif HTTP/1.1" 200 322
128.248.163.122 - - [21/Nov/2003:02:45:28 +0000] "GET /ela/lj/moodbuns/bunny-happy.gif HTTP/1.1" 200 170
159.28.57.227 - - [21/Nov/2003:02:46:42 +0000] "GET /ela/lj/moodbuns/bunny-blah.gif HTTP/1.1" 304 -
128.248.163.122 - - [21/Nov/2003:02:47:06 +0000] "GET /ela/lj/moodbuns/bunny-happy.gif HTTP/1.1" 200 170
128.248.163.122 - - [21/Nov/2003:02:47:11 +0000] "GET /ela/lj/moodbuns/bunny-happy.gif HTTP/1.1" 200 170
128.248.163.122 - - [21/Nov/2003:02:47:24 +0000] "GET /ela/lj/moodbuns/bunny-happy.gif HTTP/1.1" 200 170
128.248.163.122 - - [21/Nov/2003:02:48:16 +0000] "GET /ela/lj/moodbuns/bunny-amused.gif HTTP/1.1" 200 322
128.248.163.122 - - [21/Nov/2003:02:48:45 +0000] "GET /ela/lj/moodbuns/bunny-cry.gif HTTP/1.1" 304 -
68.172.21.68 - - [21/Nov/2003:02:49:18 +0000] "GET /kamara/moodbuns/bunny-creative.gif HTTP/1.1" 200 750
128.248.163.122 - - [21/Nov/2003:02:49:59 +0000] "GET /ela/lj/moodbuns/bunny-groggy.gif HTTP/1.1" 200 153
128.248.163.122 - - [21/Nov/2003:02:49:59 +0000] "GET /ela/lj/icons/bobob.jpg HTTP/1.1" 200 5008
128.248.163.122 - - [21/Nov/2003:02:50:00 +0000] "GET /ela/lj/icons/humpingbunneh.gif HTTP/1.1" 200 19460
128.248.163.122 - - [21/Nov/2003:02:50:02 +0000] "GET /ela/lj/moodbuns/bunny-groggy.gif HTTP/1.1" 200 153
128.248.163.122 - - [21/Nov/2003:02:50:36 +0000] "GET /ela/lj/moodbuns/bunny-predatory.gif HTTP/1.1" 200 172
128.248.163.122 - - [21/Nov/2003:02:50:42 +0000] "GET /ela/lj/moodbuns/bunny-amused.gif HTTP/1.1" 200 322
128.248.163.122 - - [21/Nov/2003:02:50:51 +0000] "GET /ela/lj/moodbuns/bunny-happy.gif HTTP/1.1" 200 170
207.5.171.136 - - [21/Nov/2003:02:51:55 +0000] "GET /kamara/moodbuns/bunny-blah.gif HTTP/1.1" 304 -
207.5.171.136 - - [21/Nov/2003:02:51:56 +0000] "GET /kamara/moodbuns/bunny-tired.gif HTTP/1.1" 304 -
128.248.163.122 - - [21/Nov/2003:02:52:29 +0000] "GET /ela/lj/moodbuns/bunny-happy.gif HTTP/1.1" 200 170
128.248.163.122 - - [21/Nov/2003:02:52:29 +0000] "GET /ela/own/heh.jpg HTTP/1.1" 200 15984
128.248.163.122 - - [21/Nov/2003:02:52:29 +0000] "GET /ela/own/fishy1.jpg HTTP/1.1" 200 33366
128.248.163.122 - - [21/Nov/2003:02:52:29 +0000] "GET /ela/own/fishyqueens.jpg HTTP/1.1" 200 33204
128.248.163.122 - - [21/Nov/2003:02:52:35 +0000] "GET /ela/lj/moodbuns/bunny-happy.gif HTTP/1.1" 200 170
128.248.163.122 - - [21/Nov/2003:02:52:38 +0000] "GET /ela/cam/pocky1.jpg HTTP/1.1" 200 29975
128.248.163.122 - - [21/Nov/2003:02:52:39 +0000] "GET /ela/cam/pocky2.jpg HTTP/1.1" 200 30450
128.248.163.122 - - [21/Nov/2003:02:52:39 +0000] "GET /ela/cam/pocky3.jpg HTTP/1.1" 200 27288
216.214.209.17 - - [21/Nov/2003:02:53:08 +0000] "GET /kamara/moodbuns/bunny-blah.gif HTTP/1.1" 304 -
128.248.163.122 - - [21/Nov/2003:02:53:29 +0000] "GET /ela/lj/moodbuns/bunny-groggy.gif HTTP/1.1" 200 153
128.248.163.122 - - [21/Nov/2003:02:53:30 +0000] "GET /ela/lj/moodbuns/bunny-happy.gif HTTP/1.1" 200 170
128.248.163.122 - - [21/Nov/2003:02:53:31 +0000] "GET /ela/lj/moodbuns/bunny-amused.gif HTTP/1.1" 200 322
128.248.163.122 - - [21/Nov/2003:02:53:31 +0000] "GET /ela/lj/moodbuns/bunny-groggy.gif HTTP/1.1" 200 153
128.248.163.122 - - [21/Nov/2003:02:53:44 +0000] "GET /ela/lj/moodbuns/bunny-sick.gif HTTP/1.1" 304 -
128.248.163.122 - - [21/Nov/2003:02:54:01 +0000] "GET /ela/temp/pack002.jpg HTTP/1.1" 304 -
67.4.103.134 - - [21/Nov/2003:02:54:10 +0000] "GET /kamara/moodbuns/bunny-busy.gif HTTP/1.1" 200 859
216.214.209.17 - - [21/Nov/2003:02:55:06 +0000] "GET /kamara/moodbuns/bunny-blah.gif HTTP/1.1" 304 -
128.248.163.122 - - [21/Nov/2003:02:55:15 +0000] "GET /ela/lj/moodbuns/bunny-happy.gif HTTP/1.1" 200 170
66.11.173.170 - - [21/Nov/2003:02:56:43 +0000] "GET /ela/lj/moodbuns/bunny-blah.gif HTTP/1.0" 304 -
67.4.103.134 - - [21/Nov/2003:02:58:48 +0000] "GET /kamara/moodbuns/bunny-busy.gif HTTP/1.1" 200 859
128.248.163.122 - - [21/Nov/2003:02:59:01 +0000] "GET /ela/lj/moodbuns/bunny-happy.gif HTTP/1.1" 200 170
128.248.163.122 - - [21/Nov/2003:02:59:05 +0000] "GET /ela/lj/moodbuns/bunny-happy.gif HTTP/1.1" 200 170
68.81.104.114 - - [21/Nov/2003:02:59:12 +0000] "GET /ela//layouts/nanoshalayout2.gif HTTP/1.1" 200 86170
128.248.163.122 - - [21/Nov/2003:02:59:15 +0000] "GET /ela/lj/moodbuns/bunny-happy.gif HTTP/1.1" 200 170
129.120.233.8 - - [21/Nov/2003:02:59:55 +0000] "GET /kamara/moodbuns/bunny-amused.gif HTTP/1.1" 200 322
128.248.163.122 - - [21/Nov/2003:03:00:57 +0000] "GET /ela/lj/catshower.jpg HTTP/1.1" 200 44222
169.232.228.216 - - [21/Nov/2003:03:01:44 +0000] "GET /kamara/moodbuns/bunny-blah.gif HTTP/1.1" 200 163
169.232.228.216 - - [21/Nov/2003:03:01:57 +0000] "GET /kamara/moodbuns/bunny-tired.gif HTTP/1.1" 200 418
168.253.14.209 - - [21/Nov/2003:03:04:44 +0000] "GET /kamara/moodbuns/bunny-bouncy.gif HTTP/1.0" 200 1903
4.7.122.207 - - [21/Nov/2003:03:09:53 +0000] "GET /kamara/moodbuns/bunny-amused.gif HTTP/1.1" 200 322
203.30.252.78 - - [21/Nov/2003:03:13:37 +0000] "GET /kamara/moodbuns/bunny-bouncy.gif HTTP/1.1" 200 1903
24.185.168.25 - - [21/Nov/2003:03:15:20 +0000] "GET /kamara/moodbuns/bunny-blah.gif HTTP/1.1" 304 -
216.214.209.17 - - [21/Nov/2003:03:15:40 +0000] "GET /kamara/moodbuns/bunny-blah.gif HTTP/1.1" 304 -
68.99.26.95 - - [21/Nov/2003:03:17:00 +0000] "GET / HTTP/1.1" 200 1805
68.99.26.95 - - [21/Nov/2003:03:17:00 +0000] "GET /css.css HTTP/1.1" 200 870
68.99.26.95 - - [21/Nov/2003:03:17:01 +0000] "GET /new/bg5.png HTTP/1.1" 200 790
68.99.26.95 - - [21/Nov/2003:03:17:01 +0000] "GET /new/top.jpg HTTP/1.1" 200 50356
68.99.26.95 - - [21/Nov/2003:03:17:12 +0000] "GET /gallery/ HTTP/1.1" 200 4642
68.99.26.95 - - [21/Nov/2003:03:17:12 +0000] "GET /gallery/phpwebalbum.css HTTP/1.1" 200 2110
68.99.26.95 - - [21/Nov/2003:03:17:12 +0000] "GET /gallery/folderthumb.php?path=L0ljb25zIGZvciBtb2kv HTTP/1.1" 200 3043
68.99.26.95 - - [21/Nov/2003:03:17:12 +0000] "GET /gallery/folderthumb.php?path=L0hhdmVuIERyYXdpbmdzLw== HTTP/1.1" 200 3376
68.99.26.95 - - [21/Nov/2003:03:17:13 +0000] "GET /gallery/folderthumb.php?path=LzEwMC0xMDAgaWNvbnMv HTTP/1.1" 200 3135
68.99.26.95 - - [21/Nov/2003:03:17:13 +0000] "GET /gallery/folderthumb.php?path=L01pc2NEcmF3aW5ncy8= HTTP/1.1" 200 1474
68.99.26.95 - - [21/Nov/2003:03:17:13 +0000] "GET /gallery/folderthumb.php?path=L1BldHMgbiBTdHVmZi8= HTTP/1.1" 200 1174
68.99.26.95 - - [21/Nov/2003:03:17:19 +0000] "GET /gallery/index.php?path=L01pc2NEcmF3aW5ncy8=&page=1 HTTP/1.1" 200 3078
68.99.26.95 - - [21/Nov/2003:03:17:20 +0000] "GET /gallery/phpwebalbum.css HTTP/1.1" 304 -
68.99.26.95 - - [21/Nov/2003:03:17:20 +0000] "GET /gallery/thumbnail.php?path=L01pc2NEcmF3aW5ncy9kZXNrLWdpcmwuanBn HTTP/1.1" 200 1998
68.99.26.95 - - [21/Nov/2003:03:17:23 +0000] "GET /gallery/ HTTP/1.1" 200 4642
68.99.26.95 - - [21/Nov/2003:03:17:23 +0000] "GET /gallery/folderthumb.php?path=LzEwMC0xMDAgaWNvbnMv HTTP/1.1" 200 3135
68.99.26.95 - - [21/Nov/2003:03:17:23 +0000] "GET /gallery/folderthumb.php?path=L01pc2NEcmF3aW5ncy8= HTTP/1.1" 200 1474
68.99.26.95 - - [21/Nov/2003:03:17:23 +0000] "GET /gallery/folderthumb.php?path=L0ljb25zIGZvciBtb2kv HTTP/1.1" 200 3043
68.99.26.95 - - [21/Nov/2003:03:17:23 +0000] "GET /gallery/folderthumb.php?path=L0hhdmVuIERyYXdpbmdzLw== HTTP/1.1" 200 3376
68.99.26.95 - - [21/Nov/2003:03:17:23 +0000] "GET /gallery/folderthumb.php?path=L1BldHMgbiBTdHVmZi8= HTTP/1.1" 200 1174
66.11.173.170 - - [21/Nov/2003:03:17:25 +0000] "GET /ela/lj/moodbuns/bunny-blah.gif HTTP/1.0" 304 -
66.11.173.170 - - [21/Nov/2003:03:18:36 +0000] "GET /ela/lj/moodbuns/bunny-blah.gif HTTP/1.0" 304 -
172.152.25.5 - - [21/Nov/2003:03:18:40 +0000] "GET /ela/lj/moodbuns/bunny-blah.gif HTTP/1.1" 200 163
209.98.225.214 - - [21/Nov/2003:03:20:05 +0000] "GET /kamara/moodbuns/bunny-creative.gif HTTP/1.1" 200 750
216.214.209.17 - - [21/Nov/2003:03:22:29 +0000] "GET /kamara/moodbuns/bunny-blah.gif HTTP/1.1" 304 -
216.214.209.17 - - [21/Nov/2003:03:23:52 +0000] "GET /kamara/moodbuns/bunny-blah.gif HTTP/1.1" 304 -
198.49.180.254 - - [21/Nov/2003:03:24:08 +0000] "GET /ela/lj/moodbuns/bunny-amused.gif HTTP/1.1" 200 322
198.49.180.254 - - [21/Nov/2003:03:24:08 +0000] "GET /ela/layouts/strawberry.jpg HTTP/1.1" 200 5996
198.49.180.254 - - [21/Nov/2003:03:24:08 +0000] "GET /ela/lj/moodbuns/bunny-blank.gif HTTP/1.1" 200 171
198.49.180.254 - - [21/Nov/2003:03:24:09 +0000] "GET /ela/lj/moodbuns/bunny-happy.gif HTTP/1.1" 200 170
198.49.180.254 - - [21/Nov/2003:03:24:09 +0000] "GET /ela/lj/moodbuns/bunny-tired.gif HTTP/1.1" 200 418
198.49.180.254 - - [21/Nov/2003:03:24:09 +0000] "GET /ela/lj/moodbuns/bunny-bouncy.gif HTTP/1.1" 200 1903
198.49.180.254 - - [21/Nov/2003:03:24:56 +0000] "GET /ela/lj/moodbuns/bunny-amused.gif HTTP/1.1" 304 -
198.49.180.254 - - [21/Nov/2003:03:24:56 +0000] "GET /ela/lj/moodbuns/bunny-blank.gif HTTP/1.1" 304 -
198.49.180.254 - - [21/Nov/2003:03:24:56 +0000] "GET /ela/lj/moodbuns/bunny-happy.gif HTTP/1.1" 304 -
67.124.238.196 - - [21/Nov/2003:03:25:49 +0000] "GET /kamara/moodbuns/bunny-bouncy.gif HTTP/1.1" 200 1903
67.21.132.57 - - [21/Nov/2003:03:26:44 +0000] "GET /kamara/moodbuns/bunny-indescribable.gif HTTP/1.1" 200 159
67.21.132.57 - - [21/Nov/2003:03:27:20 +0000] "GET /kamara/moodbuns/bunny-indescribable.gif HTTP/1.1" 200 159
24.185.168.25 - - [21/Nov/2003:03:27:56 +0000] "GET /kamara/moodbuns/bunny-blah.gif HTTP/1.1" 304 -
216.214.209.17 - - [21/Nov/2003:03:28:29 +0000] "GET /kamara/moodbuns/bunny-blah.gif HTTP/1.1" 304 -
216.214.209.17 - - [21/Nov/2003:03:29:31 +0000] "GET /kamara/moodbuns/bunny-blah.gif HTTP/1.1" 304 -
216.214.209.17 - - [21/Nov/2003:03:29:55 +0000] "GET /kamara/moodbuns/bunny-blah.gif HTTP/1.1" 304 -
64.12.96.40 - - [21/Nov/2003:03:31:02 +0000] "GET /ela//layouts/nanoshalayout2.gif HTTP/1.0" 304 -
67.42.9.247 - - [21/Nov/2003:03:31:46 +0000] "GET /ela/lj/moodbuns/bunny-blah.gif HTTP/1.1" 200 163
162.84.162.235 - - [21/Nov/2003:03:33:17 +0000] "GET /kamara/moodbuns/bunny-blah.gif HTTP/1.1" 304 -
66.140.34.224 - - [21/Nov/2003:03:35:00 +0000] "GET /kamara/moodbuns/bunny-blah.gif HTTP/1.1" 304 -
162.84.162.235 - - [21/Nov/2003:03:36:13 +0000] "GET /kamara/moodbuns/bunny-blah.gif HTTP/1.1" 304 -
128.239.211.77 - - [21/Nov/2003:03:38:29 +0000] "GET /kamara/moodbuns/bunny-bouncy.gif HTTP/1.1" 200 1903
207.5.171.136 - - [21/Nov/2003:03:39:33 +0000] "GET /kamara/moodbuns/bunny-blah.gif HTTP/1.1" 200 163
207.5.171.136 - - [21/Nov/2003:03:39:33 +0000] "GET /kamara/moodbuns/bunny-tired.gif HTTP/1.1" 200 418
24.185.168.25 - - [21/Nov/2003:03:40:23 +0000] "GET /kamara/moodbuns/bunny-blah.gif HTTP/1.1" 304 -
67.21.132.57 - - [21/Nov/2003:03:41:19 +0000] "GET /kamara/moodbuns/bunny-indescribable.gif HTTP/1.1" 200 159
216.188.237.14 - - [21/Nov/2003:03:44:09 +0000] "GET /kamara/moodbuns/bunny-amused.gif HTTP/1.1" 200 322
67.42.9.247 - - [21/Nov/2003:03:44:16 +0000] "GET /ela/lj/moodbuns/bunny-blah.gif HTTP/1.1" 304 -
207.10.54.33 - - [21/Nov/2003:03:45:19 +0000] "GET /ela/lj/moodbuns/bunny-blah.gif HTTP/1.1" 200 163
67.42.9.247 - - [21/Nov/2003:03:45:40 +0000] "GET /ela/lj/moodbuns/bunny-blah.gif HTTP/1.1" 304 -
67.42.9.247 - - [21/Nov/2003:03:45:44 +0000] "GET /ela/lj/moodbuns/bunny-blah.gif HTTP/1.1" 304 -
67.42.9.247 - - [21/Nov/2003:03:46:40 +0000] "GET /ela/lj/moodbuns/bunny-blah.gif HTTP/1.1" 304 -
66.74.169.34 - - [21/Nov/2003:03:48:37 +0000] "GET /kamara/moodbuns/bunny-amused.gif HTTP/1.1" 200 322
68.160.162.99 - - [21/Nov/2003:03:49:02 +0000] "GET /cocco/jacks.JPG HTTP/1.1" 200 34992
216.188.237.14 - - [21/Nov/2003:03:52:26 +0000] "GET /kamara/moodbuns/bunny-amused.gif HTTP/1.1" 304 -
4.35.146.176 - - [21/Nov/2003:03:53:47 +0000] "GET /ela/lj/moodbuns/bunny-blah.gif HTTP/1.1" 200 163
68.45.61.192 - - [21/Nov/2003:03:55:21 +0000] "GET /ela/lj/moodbuns/bunny-blah.gif HTTP/1.1" 200 163
4.35.146.176 - - [21/Nov/2003:03:56:30 +0000] "GET /ela/lj/moodbuns/bunny-blah.gif HTTP/1.1" 304 -
207.5.171.136 - - [21/Nov/2003:03:57:52 +0000] "GET /kamara/moodbuns/bunny-blah.gif HTTP/1.1" 200 163
207.5.171.136 - - [21/Nov/2003:03:57:52 +0000] "GET /kamara/moodbuns/bunny-tired.gif HTTP/1.1" 200 418
207.5.171.136 - - [21/Nov/2003:03:58:03 +0000] "GET /kamara/moodbuns/bunny-blah.gif HTTP/1.1" 304 -
207.5.171.136 - - [21/Nov/2003:03:58:03 +0000] "GET /kamara/moodbuns/bunny-tired.gif HTTP/1.1" 304 -
148.4.53.123 - - [21/Nov/2003:04:00:34 +0000] "GET /kamara/moodbuns/bunny-hungry.gif HTTP/1.1" 200 510
207.5.171.136 - - [21/Nov/2003:04:02:36 +0000] "GET /kamara/moodbuns/bunny-blah.gif HTTP/1.1" 304 -
207.5.171.136 - - [21/Nov/2003:04:02:36 +0000] "GET /kamara/moodbuns/bunny-tired.gif HTTP/1.1" 304 -
66.74.169.34 - - [21/Nov/2003:04:02:55 +0000] "GET /kamara/moodbuns/bunny-amused.gif HTTP/1.1" 304 -
207.5.171.136 - - [21/Nov/2003:04:03:28 +0000] "GET /kamara/moodbuns/bunny-blah.gif HTTP/1.1" 304 -
207.5.171.136 - - [21/Nov/2003:04:03:28 +0000] "GET /kamara/moodbuns/bunny-tired.gif HTTP/1.1" 304 -
68.45.61.192 - - [21/Nov/2003:04:04:58 +0000] "GET /ela/lj/moodbuns/bunny-blah.gif HTTP/1.1" 200 163
24.73.58.209 - - [21/Nov/2003:04:05:34 +0000] "GET /kamara/moodbuns/bunny-blah.gif HTTP/1.1" 304 -
207.5.171.136 - - [21/Nov/2003:04:06:01 +0000] "GET /kamara/moodbuns/bunny-blah.gif HTTP/1.1" 304 -
207.5.171.136 - - [21/Nov/2003:04:06:01 +0000] "GET /kamara/moodbuns/bunny-tired.gif HTTP/1.1" 304 -
66.11.173.170 - - [21/Nov/2003:04:06:45 +0000] "GET /ela/lj/moodbuns/bunny-blah.gif HTTP/1.0" 304 -
68.189.250.24 - - [21/Nov/2003:04:08:13 +0000] "GET /kamara/moodbuns/bunny-awake.gif HTTP/1.1" 304 -
207.5.171.136 - - [21/Nov/2003:04:09:37 +0000] "GET /kamara/moodbuns/bunny-tired.gif HTTP/1.1" 304 -
207.5.171.136 - - [21/Nov/2003:04:09:39 +0000] "GET /kamara/moodbuns/bunny-blah.gif HTTP/1.1" 304 -
207.5.171.136 - - [21/Nov/2003:04:10:12 +0000] "GET /kamara/moodbuns/bunny-blah.gif HTTP/1.1" 304 -
207.5.171.136 - - [21/Nov/2003:04:10:12 +0000] "GET /kamara/moodbuns/bunny-tired.gif HTTP/1.1" 304 -
24.73.58.209 - - [21/Nov/2003:04:10:56 +0000] "GET /kamara/moodbuns/bunny-blah.gif HTTP/1.1" 304 -
207.5.171.136 - - [21/Nov/2003:04:12:41 +0000] "GET /kamara/moodbuns/bunny-blah.gif HTTP/1.1" 304 -
207.5.171.136 - - [21/Nov/2003:04:12:41 +0000] "GET /kamara/moodbuns/bunny-loved.gif HTTP/1.1" 200 999
207.5.171.136 - - [21/Nov/2003:04:12:50 +0000] "GET /kamara/moodbuns/bunny-tired.gif HTTP/1.1" 304 -
24.29.18.167 - - [21/Nov/2003:04:12:51 +0000] "GET /kamara/moodbuns/bunny-blank.gif HTTP/1.1" 200 171
24.29.18.167 - - [21/Nov/2003:04:12:51 +0000] "GET /kamara/images/lj/salliefan.jpg HTTP/1.1" 200 7443
24.29.18.167 - - [21/Nov/2003:04:12:51 +0000] "GET /kamara/moodbuns/bunny-confused.gif HTTP/1.1" 200 714
24.29.18.167 - - [21/Nov/2003:04:12:51 +0000] "GET /kamara/moodbuns/bunny-surprised.gif HTTP/1.1" 200 706
24.29.18.167 - - [21/Nov/2003:04:12:51 +0000] "GET /kamara/moodbuns/bunny-blah.gif HTTP/1.1" 200 163
24.29.18.167 - - [21/Nov/2003:04:12:51 +0000] "GET /kamara/moodbuns/bunny-happy.gif HTTP/1.1" 200 170
24.29.18.167 - - [21/Nov/2003:04:12:51 +0000] "GET /kamara/moodbuns/bunny-awake.gif HTTP/1.1" 200 172
24.29.18.167 - - [21/Nov/2003:04:12:52 +0000] "GET /kamara/moodbuns/bunny-tired.gif HTTP/1.1" 200 418
24.29.18.167 - - [21/Nov/2003:04:12:52 +0000] "GET /kamara/moodbuns/bunny-sick.gif HTTP/1.1" 200 162
24.29.18.167 - - [21/Nov/2003:04:12:52 +0000] "GET /kamara/moodbuns/bunny-relaxed.gif HTTP/1.1" 200 157
24.29.18.167 - - [21/Nov/2003:04:12:52 +0000] "GET /kamara/moodbuns/bunny-loved.gif HTTP/1.1" 200 999
24.29.18.167 - - [21/Nov/2003:04:12:52 +0000] "GET /kamara/moodbuns/bunny-amused.gif HTTP/1.1" 200 322
24.29.18.167 - - [21/Nov/2003:04:12:52 +0000] "GET /kamara/moodbuns/bunny-cold.gif HTTP/1.1" 200 316
24.29.18.167 - - [21/Nov/2003:04:12:52 +0000] "GET /kamara/moodbuns/bunny-nerdy.gif HTTP/1.1" 200 170
24.29.18.167 - - [21/Nov/2003:04:12:52 +0000] "GET /kamara/moodbuns/bunny-bouncy.gif HTTP/1.1" 200 1903
24.29.18.167 - - [21/Nov/2003:04:12:52 +0000] "GET /kamara/moodbuns/bunny-thoughtful.gif HTTP/1.1" 200 511
24.29.18.167 - - [21/Nov/2003:04:12:52 +0000] "GET /kamara/moodbuns/bunny-cry.gif HTTP/1.1" 200 873
24.29.18.167 - - [21/Nov/2003:04:12:53 +0000] "GET /kamara/moodbuns/bunny-annoyed.gif HTTP/1.1" 200 696
24.29.18.167 - - [21/Nov/2003:04:12:53 +0000] "GET /kamara/moodbuns/bunny-flirty.gif HTTP/1.1" 200 160
207.5.171.136 - - [21/Nov/2003:04:12:56 +0000] "GET /kamara/moodbuns/bunny-blah.gif HTTP/1.1" 304 -
207.5.171.136 - - [21/Nov/2003:04:12:56 +0000] "GET /kamara/moodbuns/bunny-tired.gif HTTP/1.1" 304 -
207.5.171.136 - - [21/Nov/2003:04:12:56 +0000] "GET /kamara/moodbuns/bunny-loved.gif HTTP/1.1" 304 -
207.5.171.136 - - [21/Nov/2003:04:15:27 +0000] "GET /kamara/moodbuns/bunny-blah.gif HTTP/1.1" 304 -
207.5.171.136 - - [21/Nov/2003:04:15:27 +0000] "GET /kamara/moodbuns/bunny-tired.gif HTTP/1.1" 304 -
207.5.171.136 - - [21/Nov/2003:04:15:27 +0000] "GET /kamara/moodbuns/bunny-loved.gif HTTP/1.1" 304 -
207.5.171.136 - - [21/Nov/2003:04:17:39 +0000] "GET /kamara/moodbuns/bunny-blah.gif HTTP/1.1" 304 -
207.5.171.136 - - [21/Nov/2003:04:17:39 +0000] "GET /kamara/moodbuns/bunny-tired.gif HTTP/1.1" 304 -
207.5.171.136 - - [21/Nov/2003:04:17:39 +0000] "GET /kamara/moodbuns/bunny-loved.gif HTTP/1.1" 304 -
24.73.58.209 - - [21/Nov/2003:04:19:03 +0000] "GET /kamara/moodbuns/bunny-blah.gif HTTP/1.1" 304 -
12.76.173.63 - - [21/Nov/2003:04:20:13 +0000] "GET /kamara/moodbuns/bunny-blah.gif HTTP/1.1" 200 163
12.76.173.63 - - [21/Nov/2003:04:21:55 +0000] "GET /kamara/moodbuns/bunny-tired.gif HTTP/1.1" 200 418
24.73.58.209 - - [21/Nov/2003:04:23:53 +0000] "GET /kamara/moodbuns/bunny-blah.gif HTTP/1.1" 304 -
24.73.58.209 - - [21/Nov/2003:04:24:28 +0000] "GET /kamara/moodbuns/bunny-blah.gif HTTP/1.1" 304 -
24.72.49.248 - - [21/Nov/2003:04:24:31 +0000] "GET / HTTP/1.1" 200 1805
24.72.49.248 - - [21/Nov/2003:04:24:31 +0000] "GET /css.css HTTP/1.1" 200 870
24.72.49.248 - - [21/Nov/2003:04:24:32 +0000] "GET /new/bg5.png HTTP/1.1" 200 790
24.72.49.248 - - [21/Nov/2003:04:24:32 +0000] "GET /new/top.jpg HTTP/1.1" 200 50356
207.5.171.136 - - [21/Nov/2003:04:24:39 +0000] "GET /kamara/moodbuns/bunny-blah.gif HTTP/1.1" 304 -
207.5.171.136 - - [21/Nov/2003:04:24:39 +0000] "GET /kamara/moodbuns/bunny-tired.gif HTTP/1.1" 304 -
207.5.171.136 - - [21/Nov/2003:04:24:39 +0000] "GET /kamara/moodbuns/bunny-loved.gif HTTP/1.1" 304 -
24.73.58.209 - - [21/Nov/2003:04:25:04 +0000] "GET /kamara/moodbuns/bunny-blah.gif HTTP/1.1" 304 -
62.254.64.7 - - [21/Nov/2003:04:25:17 +0000] "GET /kamara/moodbuns/bunny-blah.gif HTTP/1.0" 304 -
207.5.171.136 - - [21/Nov/2003:04:26:52 +0000] "GET /kamara/moodbuns/bunny-blah.gif HTTP/1.1" 304 -
207.5.171.136 - - [21/Nov/2003:04:26:52 +0000] "GET /kamara/moodbuns/bunny-tired.gif HTTP/1.1" 304 -
207.5.171.136 - - [21/Nov/2003:04:26:52 +0000] "GET /kamara/moodbuns/bunny-loved.gif HTTP/1.1" 304 -
207.5.171.136 - - [21/Nov/2003:04:27:44 +0000] "GET /kamara/moodbuns/bunny-blah.gif HTTP/1.1" 304 -
207.5.171.136 - - [21/Nov/2003:04:27:44 +0000] "GET /kamara/moodbuns/bunny-tired.gif HTTP/1.1" 304 -
207.5.171.136 - - [21/Nov/2003:04:27:44 +0000] "GET /kamara/moodbuns/bunny-loved.gif HTTP/1.1" 304 -
207.5.171.136 - - [21/Nov/2003:04:28:10 +0000] "GET /kamara/moodbuns/bunny-blah.gif HTTP/1.1" 304 -
207.5.171.136 - - [21/Nov/2003:04:28:10 +0000] "GET /kamara/moodbuns/bunny-tired.gif HTTP/1.1" 304 -
207.5.171.136 - - [21/Nov/2003:04:28:11 +0000] "GET /kamara/moodbuns/bunny-loved.gif HTTP/1.1" 304 -
207.5.171.136 - - [21/Nov/2003:04:30:33 +0000] "GET /kamara/moodbuns/bunny-blah.gif HTTP/1.1" 304 -
207.5.171.136 - - [21/Nov/2003:04:30:33 +0000] "GET /kamara/moodbuns/bunny-tired.gif HTTP/1.1" 304 -
207.5.171.136 - - [21/Nov/2003:04:30:34 +0000] "GET /kamara/moodbuns/bunny-loved.gif HTTP/1.1" 304 -
207.5.171.136 - - [21/Nov/2003:04:31:41 +0000] "GET /kamara/moodbuns/bunny-blah.gif HTTP/1.1" 304 -
207.5.171.136 - - [21/Nov/2003:04:31:42 +0000] "GET /kamara/moodbuns/bunny-tired.gif HTTP/1.1" 304 -
207.5.171.136 - - [21/Nov/2003:04:31:42 +0000] "GET /kamara/moodbuns/bunny-loved.gif HTTP/1.1" 304 -
66.233.30.36 - - [21/Nov/2003:04:31:55 +0000] "GET /kamara/moodbuns/bunny-bouncy.gif HTTP/1.1" 200 1903
24.29.62.134 - - [21/Nov/2003:04:31:58 +0000] "GET /kamara/moodbuns/bunny-blah.gif HTTP/1.1" 304 -
24.29.62.134 - - [21/Nov/2003:04:31:58 +0000] "GET /kamara/moodbuns/bunny-tired.gif HTTP/1.1" 304 -
207.5.171.136 - - [21/Nov/2003:04:34:25 +0000] "GET /kamara/moodbuns/bunny-blah.gif HTTP/1.1" 304 -
207.5.171.136 - - [21/Nov/2003:04:34:26 +0000] "GET /kamara/moodbuns/bunny-tired.gif HTTP/1.1" 304 -
207.5.171.136 - - [21/Nov/2003:04:34:26 +0000] "GET /kamara/moodbuns/bunny-loved.gif HTTP/1.1" 304 -
68.12.52.217 - - [21/Nov/2003:04:35:30 +0000] "GET /ela//layouts/nanoshalayout2.gif HTTP/1.1" 200 86170
24.73.58.209 - - [21/Nov/2003:04:38:26 +0000] "GET /kamara/moodbuns/bunny-blah.gif HTTP/1.1" 304 -
207.5.171.136 - - [21/Nov/2003:04:44:55 +0000] "GET /kamara/moodbuns/bunny-blah.gif HTTP/1.1" 304 -
207.5.171.136 - - [21/Nov/2003:04:44:56 +0000] "GET /kamara/moodbuns/bunny-tired.gif HTTP/1.1" 304 -
207.5.171.136 - - [21/Nov/2003:04:44:56 +0000] "GET /kamara/moodbuns/bunny-loved.gif HTTP/1.1" 304 -
207.5.171.136 - - [21/Nov/2003:04:46:41 +0000] "GET /kamara/moodbuns/bunny-blah.gif HTTP/1.1" 304 -
207.5.171.136 - - [21/Nov/2003:04:46:41 +0000] "GET /kamara/moodbuns/bunny-tired.gif HTTP/1.1" 304 -
207.5.171.136 - - [21/Nov/2003:04:46:42 +0000] "GET /kamara/moodbuns/bunny-loved.gif HTTP/1.1" 304 -
207.5.171.136 - - [21/Nov/2003:04:49:03 +0000] "GET /kamara/moodbuns/bunny-blah.gif HTTP/1.1" 304 -
207.5.171.136 - - [21/Nov/2003:04:49:03 +0000] "GET /kamara/moodbuns/bunny-tired.gif HTTP/1.1" 304 -
207.5.171.136 - - [21/Nov/2003:04:49:03 +0000] "GET /kamara/moodbuns/bunny-loved.gif HTTP/1.1" 304 -
65.58.143.52 - - [21/Nov/2003:04:49:33 +0000] "GET /kamara/moodbuns/bunny-bouncy.gif HTTP/1.1" 200 1903
207.5.171.136 - - [21/Nov/2003:04:52:29 +0000] "GET /kamara/moodbuns/bunny-blah.gif HTTP/1.1" 304 -
207.5.171.136 - - [21/Nov/2003:04:52:29 +0000] "GET /kamara/moodbuns/bunny-tired.gif HTTP/1.1" 304 -
207.5.171.136 - - [21/Nov/2003:04:52:29 +0000] "GET /kamara/moodbuns/bunny-loved.gif HTTP/1.1" 304 -
207.5.171.136 - - [21/Nov/2003:04:54:09 +0000] "GET /kamara/moodbuns/bunny-blah.gif HTTP/1.1" 304 -
207.5.171.136 - - [21/Nov/2003:04:54:09 +0000] "GET /kamara/moodbuns/bunny-tired.gif HTTP/1.1" 304 -
207.5.171.136 - - [21/Nov/2003:04:54:09 +0000] "GET /kamara/moodbuns/bunny-loved.gif HTTP/1.1" 304 -
207.5.171.136 - - [21/Nov/2003:04:54:30 +0000] "GET /kamara/moodbuns/bunny-blah.gif HTTP/1.1" 304 -
207.5.171.136 - - [21/Nov/2003:04:54:31 +0000] "GET /kamara/moodbuns/bunny-tired.gif HTTP/1.1" 304 -
207.5.171.136 - - [21/Nov/2003:04:54:31 +0000] "GET /kamara/moodbuns/bunny-loved.gif HTTP/1.1" 304 -
24.73.58.209 - - [21/Nov/2003:04:55:43 +0000] "GET /kamara/moodbuns/bunny-blah.gif HTTP/1.1" 304 -
24.73.58.209 - - [21/Nov/2003:04:57:05 +0000] "GET /kamara/moodbuns/bunny-blah.gif HTTP/1.1" 304 -
62.77.245.209 - - [21/Nov/2003:04:58:14 +0000] "GET /kamara/moodbuns/bunny-blah.gif HTTP/1.1" 200 163
207.5.171.136 - - [21/Nov/2003:04:59:41 +0000] "GET /kamara/moodbuns/bunny-blah.gif HTTP/1.1" 304 -
207.5.171.136 - - [21/Nov/2003:04:59:41 +0000] "GET /kamara/moodbuns/bunny-loved.gif HTTP/1.1" 304 -
207.5.171.136 - - [21/Nov/2003:04:59:41 +0000] "GET /kamara/moodbuns/bunny-tired.gif HTTP/1.1" 304 -
24.73.58.209 - - [21/Nov/2003:05:00:01 +0000] "GET /kamara/moodbuns/bunny-blah.gif HTTP/1.1" 304 -
24.73.58.209 - - [21/Nov/2003:05:00:48 +0000] "GET /kamara/moodbuns/bunny-blah.gif HTTP/1.1" 304 -
68.189.250.24 - - [21/Nov/2003:05:03:17 +0000] "GET /kamara/moodbuns/bunny-awake.gif HTTP/1.1" 304 -
68.189.250.24 - - [21/Nov/2003:05:10:05 +0000] "GET /kamara/moodbuns/bunny-awake.gif HTTP/1.1" 304 -
24.164.59.113 - - [21/Nov/2003:05:10:48 +0000] "GET /kamara/moodbuns/bunny-bouncy.gif HTTP/1.1" 200 1903
210.22.136.92 - - [21/Nov/2003:05:13:25 +0000] "GET /kamara/moodbuns/bunny-amused.gif HTTP/1.0" 200 322
24.209.219.125 - - [21/Nov/2003:05:22:34 +0000] "GET /kamara/moodbuns/bunny-bouncy.gif HTTP/1.1" 200 1903
24.73.58.209 - - [21/Nov/2003:05:27:58 +0000] "GET /kamara/moodbuns/bunny-blah.gif HTTP/1.1" 304 -
198.81.26.71 - - [21/Nov/2003:05:30:22 +0000] "GET /kamara/moodbuns/bunny-indescribable.gif HTTP/1.0" 200 159
128.82.13.30 - - [21/Nov/2003:05:30:57 +0000] "GET /kamara/moodbuns/bunny-blah.gif HTTP/1.1" 304 -
128.82.13.30 - - [21/Nov/2003:05:30:57 +0000] "GET /kamara/moodbuns/bunny-tired.gif HTTP/1.1" 304 -
198.81.26.167 - - [21/Nov/2003:05:31:34 +0000] "GET /kamara/moodbuns/bunny-angry.gif HTTP/1.0" 200 167
24.73.58.209 - - [21/Nov/2003:05:37:04 +0000] "GET /kamara/moodbuns/bunny-blah.gif HTTP/1.1" 304 -
24.73.58.209 - - [21/Nov/2003:05:39:22 +0000] "GET /kamara/moodbuns/bunny-blah.gif HTTP/1.1" 304 -
64.12.97.9 - - [21/Nov/2003:05:49:08 +0000] "GET /kamara/moodbuns/bunny-bouncy.gif HTTP/1.0" 200 1903
216.114.115.44 - - [21/Nov/2003:05:49:33 +0000] "GET /kamara/moodbuns/bunny-bouncy.gif HTTP/1.1" 200 1903
24.29.62.134 - - [21/Nov/2003:05:51:22 +0000] "GET /kamara/moodbuns/bunny-blah.gif HTTP/1.1" 304 -
24.29.62.134 - - [21/Nov/2003:05:51:22 +0000] "GET /kamara/moodbuns/bunny-tired.gif HTTP/1.1" 304 -
24.73.58.209 - - [21/Nov/2003:05:52:41 +0000] "GET /kamara/moodbuns/bunny-blah.gif HTTP/1.1" 304 -
24.73.58.209 - - [21/Nov/2003:05:55:42 +0000] "GET /kamara/moodbuns/bunny-blah.gif HTTP/1.1" 304 -
67.75.55.102 - - [21/Nov/2003:05:57:53 +0000] "GET /kamara/moodbuns/bunny-creative.gif HTTP/1.0" 200 750
67.75.55.102 - - [21/Nov/2003:06:01:28 +0000] "GET /kamara/moodbuns/bunny-indescribable.gif HTTP/1.0" 200 159
128.82.13.30 - - [21/Nov/2003:06:03:05 +0000] "GET /kamara/moodbuns/bunny-tired.gif HTTP/1.1" 304 -
128.82.13.30 - - [21/Nov/2003:06:03:08 +0000] "GET /kamara/moodbuns/bunny-blah.gif HTTP/1.1" 304 -
128.82.13.30 - - [21/Nov/2003:06:03:09 +0000] "GET /kamara/moodbuns/bunny-tired.gif HTTP/1.1" 200 418
128.82.13.30 - - [21/Nov/2003:06:03:09 +0000] "GET /kamara/moodbuns/bunny-blah.gif HTTP/1.1" 200 163
171.75.19.241 - - [21/Nov/2003:06:05:43 +0000] "GET /kamara/moodbuns/bunny-bouncy.gif HTTP/1.1" 304 -
128.82.13.30 - - [21/Nov/2003:06:07:54 +0000] "GET /kamara/moodbuns/bunny-blah.gif HTTP/1.1" 304 -
128.82.13.30 - - [21/Nov/2003:06:07:57 +0000] "GET /kamara/moodbuns/bunny-blah.gif HTTP/1.1" 200 163
128.82.13.30 - - [21/Nov/2003:06:07:57 +0000] "GET /kamara/moodbuns/bunny-tired.gif HTTP/1.1" 304 -
128.82.13.30 - - [21/Nov/2003:06:08:00 +0000] "GET /kamara/moodbuns/bunny-tired.gif HTTP/1.1" 200 418
68.189.250.24 - - [21/Nov/2003:06:10:54 +0000] "GET /kamara/moodbuns/bunny-awake.gif HTTP/1.1" 304 -
211.29.136.13 - - [21/Nov/2003:06:12:22 +0000] "GET /kamara/moodbuns/bunny-blah.gif HTTP/1.1" 200 163
128.82.13.30 - - [21/Nov/2003:06:14:00 +0000] "GET /kamara/moodbuns/bunny-blah.gif HTTP/1.1" 304 -
128.82.13.30 - - [21/Nov/2003:06:14:03 +0000] "GET /kamara/moodbuns/bunny-tired.gif HTTP/1.1" 304 -
207.5.171.136 - - [21/Nov/2003:06:14:04 +0000] "GET /kamara/moodbuns/bunny-tired.gif HTTP/1.1" 200 418
207.5.171.136 - - [21/Nov/2003:06:14:04 +0000] "GET /kamara/moodbuns/bunny-loved.gif HTTP/1.1" 200 999
128.82.13.30 - - [21/Nov/2003:06:14:05 +0000] "GET /kamara/moodbuns/bunny-blah.gif HTTP/1.1" 200 163
128.82.13.30 - - [21/Nov/2003:06:14:06 +0000] "GET /kamara/moodbuns/bunny-tired.gif HTTP/1.1" 200 418
207.5.171.136 - - [21/Nov/2003:06:14:06 +0000] "GET /kamara/moodbuns/bunny-blah.gif HTTP/1.1" 304 -
68.218.47.211 - - [21/Nov/2003:06:15:49 +0000] "GET /kamara/moodbuns/bunny-amused.gif HTTP/1.1" 200 322
68.218.47.211 - - [21/Nov/2003:06:16:46 +0000] "GET /kamara/moodbuns/bunny-amused.gif HTTP/1.1" 304 -
63.194.90.158 - - [21/Nov/2003:06:21:23 +0000] "GET /kamara/moodbuns/bunny-blah.gif HTTP/1.1" 200 163
207.5.171.136 - - [21/Nov/2003:06:22:35 +0000] "GET /kamara/moodbuns/bunny-blah.gif HTTP/1.1" 304 -
207.5.171.136 - - [21/Nov/2003:06:22:35 +0000] "GET /kamara/moodbuns/bunny-tired.gif HTTP/1.1" 304 -
207.5.171.136 - - [21/Nov/2003:06:22:35 +0000] "GET /kamara/moodbuns/bunny-loved.gif HTTP/1.1" 304 -
128.82.13.30 - - [21/Nov/2003:06:23:18 +0000] "GET /kamara/moodbuns/bunny-blah.gif HTTP/1.1" 304 -
128.82.13.30 - - [21/Nov/2003:06:23:18 +0000] "GET /kamara/moodbuns/bunny-tired.gif HTTP/1.1" 304 -
207.5.171.136 - - [21/Nov/2003:06:23:43 +0000] "GET /kamara/moodbuns/bunny-blah.gif HTTP/1.1" 304 -
207.5.171.136 - - [21/Nov/2003:06:23:44 +0000] "GET /kamara/moodbuns/bunny-loved.gif HTTP/1.1" 304 -
207.5.171.136 - - [21/Nov/2003:06:23:44 +0000] "GET /kamara/moodbuns/bunny-tired.gif HTTP/1.1" 304 -
63.194.90.158 - - [21/Nov/2003:06:27:31 +0000] "GET /kamara/moodbuns/bunny-tired.gif HTTP/1.1" 200 418
68.189.250.24 - - [21/Nov/2003:06:38:15 +0000] "GET /kamara/moodbuns/bunny-awake.gif HTTP/1.1" 304 -
68.222.9.27 - - [21/Nov/2003:06:40:24 +0000] "GET /kamara/moodbuns/bunny-bouncy.gif HTTP/1.1" 200 1903
67.40.100.52 - - [21/Nov/2003:06:41:30 +0000] "GET /ela//layouts/nanoshalayout2.gif HTTP/1.1" 200 86170
128.248.163.122 - - [21/Nov/2003:06:44:17 +0000] "GET /ela/lj/catshower.jpg HTTP/1.1" 200 44222
128.248.163.122 - - [21/Nov/2003:06:44:19 +0000] "GET /ela/layouts/strawberry.jpg HTTP/1.1" 200 5996
128.248.163.122 - - [21/Nov/2003:06:44:19 +0000] "GET /ela/lj/moodbuns/bunny-amused.gif HTTP/1.1" 200 322
128.248.163.122 - - [21/Nov/2003:06:44:19 +0000] "GET /ela/lj/moodbuns/bunny-happy.gif HTTP/1.1" 200 170
128.248.163.122 - - [21/Nov/2003:06:44:25 +0000] "GET /ela/lj/catshower.jpg HTTP/1.1" 200 44222
128.248.163.122 - - [21/Nov/2003:06:45:08 +0000] "GET /ela/lj/catshower.jpg HTTP/1.1" 200 44222
35.11.202.52 - - [21/Nov/2003:06:45:24 +0000] "GET /kamara/moodbuns/bunny-amused.gif HTTP/1.1" 200 322
12.248.205.148 - - [21/Nov/2003:06:55:06 +0000] "GET /kamara/moodbuns/bunny-blank.gif HTTP/1.1" 200 171
12.248.205.148 - - [21/Nov/2003:06:55:06 +0000] "GET /kamara/images/lj/salliefan.jpg HTTP/1.1" 200 7443
12.248.205.148 - - [21/Nov/2003:06:55:06 +0000] "GET /kamara/moodbuns/bunny-confused.gif HTTP/1.1" 200 714
12.248.205.148 - - [21/Nov/2003:06:55:07 +0000] "GET /kamara/moodbuns/bunny-surprised.gif HTTP/1.1" 200 706
12.248.205.148 - - [21/Nov/2003:06:55:07 +0000] "GET /kamara/moodbuns/bunny-blah.gif HTTP/1.1" 200 163
12.248.205.148 - - [21/Nov/2003:06:55:07 +0000] "GET /kamara/moodbuns/bunny-happy.gif HTTP/1.1" 200 170
12.248.205.148 - - [21/Nov/2003:06:55:07 +0000] "GET /kamara/moodbuns/bunny-awake.gif HTTP/1.1" 200 172
12.248.205.148 - - [21/Nov/2003:06:55:07 +0000] "GET /kamara/moodbuns/bunny-tired.gif HTTP/1.1" 200 418
12.248.205.148 - - [21/Nov/2003:06:55:07 +0000] "GET /kamara/moodbuns/bunny-sick.gif HTTP/1.1" 200 162
12.248.205.148 - - [21/Nov/2003:06:55:07 +0000] "GET /kamara/moodbuns/bunny-relaxed.gif HTTP/1.1" 200 157
12.248.205.148 - - [21/Nov/2003:06:55:07 +0000] "GET /kamara/moodbuns/bunny-loved.gif HTTP/1.1" 200 999
12.248.205.148 - - [21/Nov/2003:06:55:07 +0000] "GET /kamara/moodbuns/bunny-amused.gif HTTP/1.1" 200 322
12.248.205.148 - - [21/Nov/2003:06:55:07 +0000] "GET /kamara/moodbuns/bunny-cold.gif HTTP/1.1" 200 316
12.248.205.148 - - [21/Nov/2003:06:55:07 +0000] "GET /kamara/moodbuns/bunny-nerdy.gif HTTP/1.1" 200 170
12.248.205.148 - - [21/Nov/2003:06:55:07 +0000] "GET /kamara/moodbuns/bunny-bouncy.gif HTTP/1.1" 200 1903
12.248.205.148 - - [21/Nov/2003:06:55:07 +0000] "GET /kamara/moodbuns/bunny-thoughtful.gif HTTP/1.1" 200 511
