128.248.163.122 - - [20/Nov/2003:14:52:42 +0000] "GET /ela/lj/moodbuns/bunny-groggy.gif HTTP/1.1" 200 153
128.248.163.122 - - [20/Nov/2003:14:52:42 +0000] "GET /ela/lj/moodbuns/bunny-nerdy.gif HTTP/1.1" 304 -
80.225.81.61 - - [20/Nov/2003:14:52:45 +0000] "GET /ela/lj/moodbuns/bunny-blah.gif HTTP/1.1" 200 163
128.248.163.122 - - [20/Nov/2003:14:52:46 +0000] "GET /ela/lj/moodbuns/bunny-annoyed.gif HTTP/1.1" 304 -
80.225.81.61 - - [20/Nov/2003:14:52:46 +0000] "GET /kamara/moodbuns/bunny-tired.gif HTTP/1.1" 200 418
128.248.163.122 - - [20/Nov/2003:14:52:53 +0000] "GET /ela/lj/moodbuns/bunny-annoyed.gif HTTP/1.1" 304 -
128.248.163.122 - - [20/Nov/2003:14:52:57 +0000] "GET /ela/lj/moodbuns/bunny-happy.gif HTTP/1.1" 200 170
128.248.163.122 - - [20/Nov/2003:14:53:02 +0000] "GET /ela/lj/moodbuns/bunny-groggy.gif HTTP/1.1" 200 153
128.248.163.122 - - [20/Nov/2003:14:53:02 +0000] "GET /ela/lj/moodbuns/bunny-happy-excited.gif HTTP/1.1" 200 172
128.248.163.122 - - [20/Nov/2003:14:53:04 +0000] "GET /ela/lj/moodbuns/bunny-happy.gif HTTP/1.1" 200 170
128.248.163.122 - - [20/Nov/2003:14:53:19 +0000] "GET /ela/lj/moodbuns/bunny-creative.gif HTTP/1.1" 200 750
128.248.163.122 - - [20/Nov/2003:14:53:19 +0000] "GET /ela/lj/moodbuns/bunny-busy.gif HTTP/1.1" 304 -
128.248.163.122 - - [20/Nov/2003:14:53:19 +0000] "GET /ela/lj/moodbuns/bunny-thoughtful.gif HTTP/1.1" 304 -
128.248.163.122 - - [20/Nov/2003:14:53:22 +0000] "GET /ela/lj/moodbuns/bunny-devious.gif HTTP/1.1" 304 -
128.248.163.122 - - [20/Nov/2003:14:53:22 +0000] "GET /ela/lj/moodbuns/bunny-groggy.gif HTTP/1.1" 200 153
128.248.163.122 - - [20/Nov/2003:14:53:22 +0000] "GET /ela/lj/moodbuns/bunny-content.gif HTTP/1.1" 200 232
128.248.163.122 - - [20/Nov/2003:14:53:22 +0000] "GET /ela/lj/moodbuns/bunny-sick.gif HTTP/1.1" 304 -
128.248.163.122 - - [20/Nov/2003:14:53:24 +0000] "GET /ela/lj/moodbuns/bunny-devious.gif HTTP/1.1" 304 -
128.248.163.122 - - [20/Nov/2003:14:53:24 +0000] "GET /ela/lj/moodbuns/bunny-silly.gif HTTP/1.1" 304 -
128.248.163.122 - - [20/Nov/2003:14:53:24 +0000] "GET /ela/lj/moodbuns/bunny-happy.gif HTTP/1.1" 200 170
128.248.163.122 - - [20/Nov/2003:14:53:27 +0000] "GET /ela/lj/moodbuns/bunny-amused.gif HTTP/1.1" 200 322
128.248.163.122 - - [20/Nov/2003:14:53:30 +0000] "GET /ela/lj/moodbuns/bunny-happy-excited.gif HTTP/1.1" 200 172
128.248.163.122 - - [20/Nov/2003:14:53:30 +0000] "GET /ela/lj/moodbuns/bunny-drunk.gif HTTP/1.1" 200 1406
128.248.163.122 - - [20/Nov/2003:14:53:31 +0000] "GET /ela/lj/moodbuns/bunny-groggy.gif HTTP/1.1" 200 153
128.248.163.122 - - [20/Nov/2003:14:53:33 +0000] "GET /ela/lj/moodbuns/bunny-creative.gif HTTP/1.1" 200 750
128.248.163.122 - - [20/Nov/2003:14:53:33 +0000] "GET /ela/lj/moodbuns/bunny-hot.gif HTTP/1.1" 304 -
128.248.163.122 - - [20/Nov/2003:14:53:41 +0000] "GET /ela/lj/moodbuns/bunny-loved.gif HTTP/1.1" 200 999
128.248.163.122 - - [20/Nov/2003:14:53:41 +0000] "GET /ela/lj/moodbuns/bunny-amused.gif HTTP/1.1" 200 322
128.248.163.122 - - [20/Nov/2003:14:53:41 +0000] "GET /ela/lj/moodbuns/bunny-curious.gif HTTP/1.1" 200 708
128.248.163.122 - - [20/Nov/2003:14:53:41 +0000] "GET /ela/lj/moodbuns/bunny-annoyed.gif HTTP/1.1" 304 -
128.248.163.122 - - [20/Nov/2003:14:53:42 +0000] "GET /ela/lj/moodbuns/bunny-creative.gif HTTP/1.1" 200 750
128.248.163.122 - - [20/Nov/2003:14:53:42 +0000] "GET /ela/lj/moodbuns/bunny-content.gif HTTP/1.1" 200 232
128.248.163.122 - - [20/Nov/2003:14:53:42 +0000] "GET /ela/lj/moodbuns/bunny-groggy.gif HTTP/1.1" 200 153
128.248.163.122 - - [20/Nov/2003:14:53:42 +0000] "GET /ela/lj/moodbuns/bunny-amused.gif HTTP/1.1" 200 322
128.248.163.122 - - [20/Nov/2003:14:53:48 +0000] "GET /ela/lj/moodbuns/bunny-curious.gif HTTP/1.1" 200 708
128.248.163.122 - - [20/Nov/2003:14:53:48 +0000] "GET /ela/lj/moodbuns/bunny-thoughtful.gif HTTP/1.1" 304 -
212.137.57.41 - - [20/Nov/2003:14:54:42 +0000] "GET /ela/lj/moodbuns/bunny-blah.gif HTTP/1.1" 304 -
128.248.163.122 - - [20/Nov/2003:14:55:03 +0000] "GET /ela/lj/moodbuns/bunny-annoyed.gif HTTP/1.1" 304 -
12.218.116.163 - - [20/Nov/2003:14:56:35 +0000] "GET /kamara/moodbuns/bunny-tired.gif HTTP/1.1" 304 -
12.218.116.163 - - [20/Nov/2003:14:58:45 +0000] "GET /kamara/moodbuns/bunny-tired.gif HTTP/1.1" 304 -
128.248.163.122 - - [20/Nov/2003:14:59:09 +0000] "GET /ela/lj/moodbuns/bunny-creative.gif HTTP/1.1" 200 750
128.248.163.122 - - [20/Nov/2003:14:59:09 +0000] "GET /ela/lj/moodbuns/bunny-hot.gif HTTP/1.1" 304 -
128.248.163.122 - - [20/Nov/2003:15:00:06 +0000] "GET /ela/lj/moodbuns/bunny-curious.gif HTTP/1.1" 200 708
82.42.34.186 - - [20/Nov/2003:15:00:20 +0000] "GET /kamara/moodbuns/bunny-tired.gif HTTP/1.1" 304 -
128.82.13.30 - - [20/Nov/2003:15:00:44 +0000] "GET /kamara/moodbuns/bunny-tired.gif HTTP/1.1" 304 -
128.82.13.30 - - [20/Nov/2003:15:00:45 +0000] "GET /kamara/moodbuns/bunny-cry.gif HTTP/1.1" 304 -
128.82.13.30 - - [20/Nov/2003:15:00:45 +0000] "GET /kamara/moodbuns/bunny-loved.gif HTTP/1.1" 304 -
128.82.13.30 - - [20/Nov/2003:15:00:48 +0000] "GET /kamara/moodbuns/bunny-cry.gif HTTP/1.1" 200 873
128.82.13.30 - - [20/Nov/2003:15:00:48 +0000] "GET /kamara/moodbuns/bunny-tired.gif HTTP/1.1" 200 418
128.82.13.30 - - [20/Nov/2003:15:00:48 +0000] "GET /kamara/moodbuns/bunny-loved.gif HTTP/1.1" 200 999
212.137.57.41 - - [20/Nov/2003:15:01:59 +0000] "GET /ela/lj/moodbuns/bunny-blah.gif HTTP/1.1" 304 -
12.218.116.163 - - [20/Nov/2003:15:02:55 +0000] "GET /kamara/moodbuns/bunny-tired.gif HTTP/1.1" 304 -
12.218.116.163 - - [20/Nov/2003:15:02:58 +0000] "GET /kamara/moodbuns/bunny-tired.gif HTTP/1.1" 304 -
141.156.186.143 - - [20/Nov/2003:15:03:21 +0000] "GET /ela/lj/moodbuns/bunny-blah.gif HTTP/1.1" 304 -
65.122.137.162 - - [20/Nov/2003:15:03:23 +0000] "GET /kamara/moodbuns/bunny-tired.gif HTTP/1.1" 304 -
12.218.116.163 - - [20/Nov/2003:15:04:09 +0000] "GET /kamara/moodbuns/bunny-tired.gif HTTP/1.1" 304 -
82.42.34.186 - - [20/Nov/2003:15:06:05 +0000] "GET /kamara/moodbuns/bunny-tired.gif HTTP/1.1" 304 -
80.225.81.61 - - [20/Nov/2003:15:07:30 +0000] "GET /ela/lj/moodbuns/bunny-blah.gif HTTP/1.1" 304 -
80.225.81.61 - - [20/Nov/2003:15:07:30 +0000] "GET /kamara/moodbuns/bunny-tired.gif HTTP/1.1" 304 -
12.218.116.163 - - [20/Nov/2003:15:07:44 +0000] "GET /kamara/moodbuns/bunny-tired.gif HTTP/1.1" 304 -
194.83.69.97 - - [20/Nov/2003:15:08:18 +0000] "GET /ela/lj/moodbuns/bunny-blah.gif HTTP/1.1" 200 163
128.82.13.30 - - [20/Nov/2003:15:09:39 +0000] "GET /kamara/moodbuns/bunny-tired.gif HTTP/1.1" 304 -
128.82.13.30 - - [20/Nov/2003:15:09:42 +0000] "GET /kamara/moodbuns/bunny-loved.gif HTTP/1.1" 200 999
128.82.13.30 - - [20/Nov/2003:15:09:43 +0000] "GET /kamara/moodbuns/bunny-cry.gif HTTP/1.1" 200 873
128.82.13.30 - - [20/Nov/2003:15:09:43 +0000] "GET /kamara/moodbuns/bunny-tired.gif HTTP/1.1" 200 418
12.218.116.163 - - [20/Nov/2003:15:10:09 +0000] "GET /kamara/moodbuns/bunny-tired.gif HTTP/1.1" 304 -
206.21.74.98 - - [20/Nov/2003:15:12:15 +0000] "GET /ela/lj/moodbuns/bunny-blah.gif HTTP/1.1" 200 163
82.42.34.186 - - [20/Nov/2003:15:12:31 +0000] "GET /kamara/moodbuns/bunny-tired.gif HTTP/1.1" 304 -
206.21.74.98 - - [20/Nov/2003:15:14:51 +0000] "GET /ela/lj/moodbuns/bunny-blah.gif HTTP/1.1" 304 -
68.189.250.24 - - [20/Nov/2003:15:16:04 +0000] "GET /ela/lj/moodbuns/bunny-blah.gif HTTP/1.1" 304 -
12.218.116.163 - - [20/Nov/2003:15:18:29 +0000] "GET /kamara/moodbuns/bunny-tired.gif HTTP/1.1" 304 -
65.223.132.56 - - [20/Nov/2003:15:18:49 +0000] "GET /ela/layouts/chasitylayout5.jpg HTTP/1.1" 200 126490
205.211.141.1 - - [20/Nov/2003:15:19:10 +0000] "GET /kamara/moodbuns/bunny-tired.gif HTTP/1.1" 200 418
62.31.171.166 - - [20/Nov/2003:15:20:17 +0000] "GET /kamara/moodbuns/bunny-tired.gif HTTP/1.1" 304 -
82.42.34.186 - - [20/Nov/2003:15:22:13 +0000] "GET /kamara/moodbuns/bunny-tired.gif HTTP/1.1" 304 -
128.248.163.122 - - [20/Nov/2003:15:22:29 +0000] "GET /ela/lj/moodbuns/bunny-curious.gif HTTP/1.1" 200 708
128.248.163.122 - - [20/Nov/2003:15:22:29 +0000] "GET /ela/lj/moodbuns/bunny-nerdy.gif HTTP/1.1" 304 -
128.248.163.122 - - [20/Nov/2003:15:22:29 +0000] "GET /ela/lj/moodbuns/bunny-silly.gif HTTP/1.1" 304 -
128.248.163.122 - - [20/Nov/2003:15:22:29 +0000] "GET /ela/lj/moodbuns/bunny-determined.gif HTTP/1.1" 304 -
128.248.163.122 - - [20/Nov/2003:15:22:30 +0000] "GET /ela/lj/moodbuns/bunny-confused.gif HTTP/1.1" 304 -
128.248.163.122 - - [20/Nov/2003:15:22:31 +0000] "GET /ela/lj/moodbuns/bunny-happy.gif HTTP/1.1" 200 170
128.248.163.122 - - [20/Nov/2003:15:22:34 +0000] "GET /ela/lj/moodbuns/bunny-thoughtful.gif HTTP/1.1" 304 -
128.248.163.122 - - [20/Nov/2003:15:22:34 +0000] "GET /ela/lj/moodbuns/bunny-moody.gif HTTP/1.1" 304 -
128.248.163.122 - - [20/Nov/2003:15:22:35 +0000] "GET /ela/lj/moodbuns/bunny-determined.gif HTTP/1.1" 304 -
128.248.163.122 - - [20/Nov/2003:15:22:35 +0000] "GET /ela/lj/moodbuns/bunny-amused.gif HTTP/1.1" 200 322
128.248.163.122 - - [20/Nov/2003:15:22:46 +0000] "GET /ela/lj/moodbuns/bunny-nerdy.gif HTTP/1.1" 304 -
128.248.163.122 - - [20/Nov/2003:15:22:46 +0000] "GET /ela/lj/moodbuns/bunny-curious.gif HTTP/1.1" 200 708
128.248.163.122 - - [20/Nov/2003:15:22:46 +0000] "GET /ela/lj/moodbuns/bunny-silly.gif HTTP/1.1" 304 -
128.248.163.122 - - [20/Nov/2003:15:22:46 +0000] "GET /ela/lj/moodbuns/bunny-confused.gif HTTP/1.1" 304 -
62.31.171.166 - - [20/Nov/2003:15:23:13 +0000] "GET /kamara/moodbuns/bunny-tired.gif HTTP/1.1" 304 -
128.248.163.122 - - [20/Nov/2003:15:24:47 +0000] "GET /ela/lj/moodbuns/bunny-awake.gif HTTP/1.1" 304 -
128.248.163.122 - - [20/Nov/2003:15:24:47 +0000] "GET /ela/lj/moodbuns/bunny-cry.gif HTTP/1.1" 304 -
128.248.163.122 - - [20/Nov/2003:15:24:47 +0000] "GET /ela/lj/moodbuns/bunny-devious.gif HTTP/1.1" 304 -
66.190.249.226 - - [20/Nov/2003:15:24:47 +0000] "GET /kamara/images/lj/salliefan.jpg HTTP/1.1" 200 7443
66.190.249.226 - - [20/Nov/2003:15:24:47 +0000] "GET /kamara/moodbuns/bunny-blank.gif HTTP/1.1" 200 171
66.190.249.226 - - [20/Nov/2003:15:24:47 +0000] "GET /kamara/moodbuns/bunny-confused.gif HTTP/1.1" 200 714
66.190.249.226 - - [20/Nov/2003:15:24:48 +0000] "GET /kamara/moodbuns/bunny-surprised.gif HTTP/1.1" 200 706
66.190.249.226 - - [20/Nov/2003:15:24:48 +0000] "GET /kamara/moodbuns/bunny-blah.gif HTTP/1.1" 200 163
66.190.249.226 - - [20/Nov/2003:15:24:48 +0000] "GET /kamara/moodbuns/bunny-happy.gif HTTP/1.1" 200 170
66.190.249.226 - - [20/Nov/2003:15:24:48 +0000] "GET /kamara/moodbuns/bunny-awake.gif HTTP/1.1" 200 172
66.190.249.226 - - [20/Nov/2003:15:24:48 +0000] "GET /kamara/moodbuns/bunny-tired.gif HTTP/1.1" 200 418
66.190.249.226 - - [20/Nov/2003:15:24:48 +0000] "GET /kamara/moodbuns/bunny-sick.gif HTTP/1.1" 200 162
128.248.163.122 - - [20/Nov/2003:15:24:48 +0000] "GET /ela/lj/moodbuns/bunny-happy.gif HTTP/1.1" 200 170
128.248.163.122 - - [20/Nov/2003:15:24:48 +0000] "GET /ela/lj/moodbuns/bunny-amused.gif HTTP/1.1" 200 322
66.190.249.226 - - [20/Nov/2003:15:24:49 +0000] "GET /kamara/moodbuns/bunny-relaxed.gif HTTP/1.1" 200 157
66.190.249.226 - - [20/Nov/2003:15:24:49 +0000] "GET /kamara/moodbuns/bunny-loved.gif HTTP/1.1" 200 999
66.190.249.226 - - [20/Nov/2003:15:24:49 +0000] "GET /kamara/moodbuns/bunny-amused.gif HTTP/1.1" 304 -
66.190.249.226 - - [20/Nov/2003:15:24:49 +0000] "GET /kamara/moodbuns/bunny-cold.gif HTTP/1.1" 200 316
66.190.249.226 - - [20/Nov/2003:15:24:49 +0000] "GET /kamara/moodbuns/bunny-nerdy.gif HTTP/1.1" 200 170
66.190.249.226 - - [20/Nov/2003:15:24:49 +0000] "GET /kamara/moodbuns/bunny-bouncy.gif HTTP/1.1" 200 1903
66.190.249.226 - - [20/Nov/2003:15:24:49 +0000] "GET /kamara/moodbuns/bunny-thoughtful.gif HTTP/1.1" 200 511
66.190.249.226 - - [20/Nov/2003:15:24:50 +0000] "GET /kamara/moodbuns/bunny-cry.gif HTTP/1.1" 200 873
66.190.249.226 - - [20/Nov/2003:15:24:50 +0000] "GET /kamara/moodbuns/bunny-annoyed.gif HTTP/1.1" 304 -
66.190.249.226 - - [20/Nov/2003:15:24:50 +0000] "GET /kamara/moodbuns/bunny-flirty.gif HTTP/1.1" 200 160
128.248.163.122 - - [20/Nov/2003:15:24:51 +0000] "GET /ela/lj/moodbuns/bunny-happy.gif HTTP/1.1" 200 170
128.248.163.122 - - [20/Nov/2003:15:24:53 +0000] "GET /ela/lj/moodbuns/bunny-devious.gif HTTP/1.1" 304 -
128.248.163.122 - - [20/Nov/2003:15:24:53 +0000] "GET /ela/lj/moodbuns/bunny-moody.gif HTTP/1.1" 304 -
128.248.163.122 - - [20/Nov/2003:15:24:56 +0000] "GET /ela/lj/moodbuns/bunny-nerdy.gif HTTP/1.1" 304 -
128.248.163.122 - - [20/Nov/2003:15:24:56 +0000] "GET /ela/lj/moodbuns/bunny-groggy.gif HTTP/1.1" 200 153
128.248.163.122 - - [20/Nov/2003:15:25:00 +0000] "GET /ela/lj/moodbuns/bunny-happy-excited.gif HTTP/1.1" 200 172
128.248.163.122 - - [20/Nov/2003:15:25:00 +0000] "GET /ela/lj/moodbuns/bunny-busy.gif HTTP/1.1" 304 -
128.248.163.122 - - [20/Nov/2003:15:25:12 +0000] "GET /ela/lj/moodbuns/bunny-groggy.gif HTTP/1.1" 200 153
68.189.250.24 - - [20/Nov/2003:15:25:13 +0000] "GET /ela/lj/moodbuns/bunny-blah.gif HTTP/1.1" 304 -
128.248.163.122 - - [20/Nov/2003:15:25:16 +0000] "GET /ela/lj/moodbuns/bunny-happy.gif HTTP/1.1" 200 170
128.248.163.122 - - [20/Nov/2003:15:25:16 +0000] "GET /ela/lj/moodbuns/bunny-groggy.gif HTTP/1.1" 200 153
128.248.163.122 - - [20/Nov/2003:15:25:18 +0000] "GET /ela/lj/moodbuns/bunny-confused.gif HTTP/1.1" 304 -
128.248.163.122 - - [20/Nov/2003:15:25:18 +0000] "GET /ela/lj/moodbuns/bunny-awake.gif HTTP/1.1" 304 -
82.42.34.186 - - [20/Nov/2003:15:26:18 +0000] "GET /kamara/moodbuns/bunny-tired.gif HTTP/1.1" 304 -
12.218.116.163 - - [20/Nov/2003:15:28:52 +0000] "GET /kamara/moodbuns/bunny-tired.gif HTTP/1.1" 304 -
205.211.141.1 - - [20/Nov/2003:15:29:07 +0000] "GET /kamara/images/lj/salliefan.jpg HTTP/1.1" 200 7443
205.211.141.1 - - [20/Nov/2003:15:29:07 +0000] "GET /kamara/moodbuns/bunny-blank.gif HTTP/1.1" 200 171
205.211.141.1 - - [20/Nov/2003:15:29:07 +0000] "GET /kamara/moodbuns/bunny-loved.gif HTTP/1.1" 200 999
205.211.141.1 - - [20/Nov/2003:15:29:07 +0000] "GET /kamara/moodbuns/bunny-cry.gif HTTP/1.1" 200 873
205.211.141.1 - - [20/Nov/2003:15:29:07 +0000] "GET /kamara/moodbuns/bunny-annoyed.gif HTTP/1.1" 200 696
205.211.141.1 - - [20/Nov/2003:15:29:07 +0000] "GET /kamara/moodbuns/bunny-awake.gif HTTP/1.1" 200 172
205.211.141.1 - - [20/Nov/2003:15:29:07 +0000] "GET /kamara/moodbuns/bunny-devious.gif HTTP/1.1" 200 169
205.211.141.1 - - [20/Nov/2003:15:29:07 +0000] "GET /kamara/moodbuns/bunny-amused.gif HTTP/1.1" 200 322
205.211.141.1 - - [20/Nov/2003:15:29:07 +0000] "GET /kamara/moodbuns/bunny-silly.gif HTTP/1.1" 200 1047
205.211.141.1 - - [20/Nov/2003:15:29:08 +0000] "GET /kamara/moodbuns/bunny-happy.gif HTTP/1.1" 200 170
205.211.141.1 - - [20/Nov/2003:15:29:08 +0000] "GET /kamara/moodbuns/bunny-groggy.gif HTTP/1.1" 200 153
205.211.141.1 - - [20/Nov/2003:15:29:08 +0000] "GET /kamara/moodbuns/bunny-cold.gif HTTP/1.1" 200 316
205.211.141.1 - - [20/Nov/2003:15:29:08 +0000] "GET /kamara/moodbuns/bunny-busy.gif HTTP/1.1" 200 859
205.211.141.1 - - [20/Nov/2003:15:29:08 +0000] "GET /kamara/moodbuns/bunny-hot.gif HTTP/1.1" 200 346
205.211.141.1 - - [20/Nov/2003:15:29:08 +0000] "GET /kamara/moodbuns/bunny-confused.gif HTTP/1.1" 200 714
205.211.141.1 - - [20/Nov/2003:15:29:08 +0000] "GET /kamara/moodbuns/bunny-angry.gif HTTP/1.1" 200 167
205.211.141.1 - - [20/Nov/2003:15:29:08 +0000] "GET /kamara/moodbuns/bunny-blah.gif HTTP/1.1" 200 163
205.211.141.1 - - [20/Nov/2003:15:29:08 +0000] "GET /kamara/moodbuns/bunny-hungry.gif HTTP/1.1" 200 510
205.211.141.1 - - [20/Nov/2003:15:29:08 +0000] "GET /kamara/moodbuns/bunny-cool.gif HTTP/1.1" 200 173
205.211.141.1 - - [20/Nov/2003:15:29:08 +0000] "GET /kamara/moodbuns/bunny-moody.gif HTTP/1.1" 200 165
205.211.141.1 - - [20/Nov/2003:15:29:08 +0000] "GET /kamara/moodbuns/bunny-scared.gif HTTP/1.1" 200 330
205.211.141.1 - - [20/Nov/2003:15:29:08 +0000] "GET /kamara/moodbuns/bunny-sick.gif HTTP/1.1" 200 162
205.211.141.1 - - [20/Nov/2003:15:29:08 +0000] "GET /kamara/moodbuns/bunny-thoughtful.gif HTTP/1.1" 200 511
128.82.13.30 - - [20/Nov/2003:15:29:09 +0000] "GET /kamara/moodbuns/bunny-tired.gif HTTP/1.1" 304 -
128.82.13.30 - - [20/Nov/2003:15:29:10 +0000] "GET /kamara/moodbuns/bunny-loved.gif HTTP/1.1" 304 -
128.82.13.30 - - [20/Nov/2003:15:29:10 +0000] "GET /kamara/moodbuns/bunny-cry.gif HTTP/1.1" 304 -
207.5.171.136 - - [20/Nov/2003:15:30:15 +0000] "GET /kamara/moodbuns/bunny-tired.gif HTTP/1.1" 200 418
216.214.209.17 - - [20/Nov/2003:15:30:44 +0000] "GET /kamara/moodbuns/bunny-tired.gif HTTP/1.1" 304 -
207.5.171.136 - - [20/Nov/2003:15:31:35 +0000] "GET /kamara/moodbuns/bunny-tired.gif HTTP/1.1" 304 -
216.214.209.17 - - [20/Nov/2003:15:32:20 +0000] "GET /kamara/moodbuns/bunny-tired.gif HTTP/1.1" 304 -
82.42.34.186 - - [20/Nov/2003:15:33:00 +0000] "GET /kamara/moodbuns/bunny-tired.gif HTTP/1.1" 304 -
207.5.171.136 - - [20/Nov/2003:15:34:09 +0000] "GET /kamara/moodbuns/bunny-tired.gif HTTP/1.1" 304 -
207.5.171.136 - - [20/Nov/2003:15:36:41 +0000] "GET /kamara/moodbuns/bunny-tired.gif HTTP/1.1" 304 -
82.42.34.186 - - [20/Nov/2003:15:37:36 +0000] "GET /kamara/moodbuns/bunny-tired.gif HTTP/1.1" 304 -
82.42.34.186 - - [20/Nov/2003:15:38:09 +0000] "GET /kamara/moodbuns/bunny-tired.gif HTTP/1.1" 304 -
207.5.171.136 - - [20/Nov/2003:15:38:22 +0000] "GET /kamara/moodbuns/bunny-tired.gif HTTP/1.1" 304 -
139.1.44.13 - - [20/Nov/2003:15:38:24 +0000] "GET /kamara/moodbuns/bunny-tired.gif HTTP/1.0" 200 418
207.5.171.136 - - [20/Nov/2003:15:39:00 +0000] "GET /kamara/moodbuns/bunny-tired.gif HTTP/1.1" 304 -
207.5.171.136 - - [20/Nov/2003:15:41:00 +0000] "GET /kamara/moodbuns/bunny-tired.gif HTTP/1.1" 304 -
81.152.108.244 - - [20/Nov/2003:15:43:59 +0000] "GET /kamara/moodbuns/bunny-tired.gif HTTP/1.1" 304 -
130.88.47.64 - - [20/Nov/2003:15:44:25 +0000] "GET /ela/lj/moodbuns/bunny-blah.gif HTTP/1.1" 200 163
207.5.171.136 - - [20/Nov/2003:15:44:33 +0000] "GET /kamara/moodbuns/bunny-tired.gif HTTP/1.1" 304 -
68.189.250.24 - - [20/Nov/2003:15:44:55 +0000] "GET /ela/lj/moodbuns/bunny-blah.gif HTTP/1.1" 304 -
62.252.224.7 - - [20/Nov/2003:15:45:06 +0000] "GET /ela/lj/moodbuns/bunny-blah.gif HTTP/1.1" 304 -
68.189.250.24 - - [20/Nov/2003:15:45:11 +0000] "GET /ela/lj/moodbuns/bunny-blah.gif HTTP/1.1" 304 -
64.217.207.202 - - [20/Nov/2003:15:45:35 +0000] "GET /ela/lj/moodbuns/bunny-blah.gif HTTP/1.1" 200 163
64.217.207.202 - - [20/Nov/2003:15:45:35 +0000] "GET /kamara/moodbuns/bunny-tired.gif HTTP/1.1" 200 418
172.208.219.9 - - [20/Nov/2003:15:45:41 +0000] "GET /ela/lj/moodbuns/bunny-blah.gif HTTP/1.1" 200 163
159.28.8.229 - - [20/Nov/2003:15:46:42 +0000] "GET /ela/lj/moodbuns/bunny-blah.gif HTTP/1.1" 200 163
128.248.163.122 - - [20/Nov/2003:15:47:11 +0000] "GET /ela/lj/moodbuns/bunny-amused.gif HTTP/1.1" 200 322
128.248.163.122 - - [20/Nov/2003:15:47:11 +0000] "GET /ela/lj/moodbuns/bunny-happy.gif HTTP/1.1" 200 170
128.248.163.122 - - [20/Nov/2003:15:47:11 +0000] "GET /ela/lj/moodbuns/bunny-tired.gif HTTP/1.1" 304 -
128.248.163.122 - - [20/Nov/2003:15:47:47 +0000] "GET /ela/lj/moodbuns/bunny-amused.gif HTTP/1.1" 200 322
128.82.13.30 - - [20/Nov/2003:15:47:56 +0000] "GET /kamara/moodbuns/bunny-tired.gif HTTP/1.1" 304 -
128.82.13.30 - - [20/Nov/2003:15:47:59 +0000] "GET /kamara/moodbuns/bunny-tired.gif HTTP/1.1" 200 418
128.82.13.30 - - [20/Nov/2003:15:47:59 +0000] "GET /kamara/moodbuns/bunny-cry.gif HTTP/1.1" 200 873
128.82.13.30 - - [20/Nov/2003:15:47:59 +0000] "GET /kamara/moodbuns/bunny-loved.gif HTTP/1.1" 200 999
158.123.178.77 - - [20/Nov/2003:15:48:06 +0000] "GET /kamara/moodbuns/bunny-tired.gif HTTP/1.1" 200 418
68.185.227.250 - - [20/Nov/2003:15:48:42 +0000] "GET /kamara/moodbuns/bunny-tired.gif HTTP/1.1" 304 -
128.248.163.122 - - [20/Nov/2003:15:49:01 +0000] "GET /ela/lj/moodbuns/bunny-amused.gif HTTP/1.1" 200 322
128.248.163.122 - - [20/Nov/2003:15:49:01 +0000] "GET /ela/lj/moodbuns/bunny-happy.gif HTTP/1.1" 200 170
129.44.188.98 - - [20/Nov/2003:15:49:52 +0000] "GET /ela/lj/moodbuns/bunny-blah.gif HTTP/1.1" 200 163
12.218.116.163 - - [20/Nov/2003:15:50:02 +0000] "GET /kamara/moodbuns/bunny-tired.gif HTTP/1.1" 304 -
159.28.8.229 - - [20/Nov/2003:15:51:10 +0000] "GET /ela/lj/moodbuns/bunny-blah.gif HTTP/1.1" 304 -
152.105.240.66 - - [20/Nov/2003:15:51:41 +0000] "GET /kamara/moodbuns/bunny-tired.gif HTTP/1.1" 200 418
68.185.227.250 - - [20/Nov/2003:15:52:52 +0000] "GET /kamara/moodbuns/bunny-tired.gif HTTP/1.1" 304 -
128.248.163.122 - - [20/Nov/2003:15:56:08 +0000] "GET /ela/lj/moodbuns/bunny-blah.gif HTTP/1.1" 304 -
128.248.163.122 - - [20/Nov/2003:15:57:18 +0000] "GET /ela/lj/catshower.jpg HTTP/1.1" 200 20327
128.248.163.122 - - [20/Nov/2003:15:57:19 +0000] "GET /ela/lj/moodbuns/bunny-happy-excited.gif HTTP/1.1" 200 172
128.248.163.122 - - [20/Nov/2003:15:57:19 +0000] "GET /ela/lj/moodbuns/bunny-busy.gif HTTP/1.1" 304 -
12.218.116.163 - - [20/Nov/2003:15:59:31 +0000] "GET /kamara/moodbuns/bunny-tired.gif HTTP/1.1" 304 -
158.123.178.77 - - [20/Nov/2003:16:01:18 +0000] "GET /kamara/moodbuns/bunny-tired.gif HTTP/1.1" 304 -
158.123.178.77 - - [20/Nov/2003:16:01:42 +0000] "GET /kamara/moodbuns/bunny-tired.gif HTTP/1.1" 304 -
213.163.16.14 - - [20/Nov/2003:16:03:40 +0000] "GET /kamara/moodbuns/bunny-tired.gif HTTP/1.1" 200 418
198.214.188.70 - - [20/Nov/2003:16:06:58 +0000] "GET /ela/lj/moodbuns/bunny-blah.gif HTTP/1.0" 200 163
128.248.163.122 - - [20/Nov/2003:16:07:06 +0000] "GET /ela/lj/moodbuns/bunny-blah.gif HTTP/1.1" 304 -
82.32.171.93 - - [20/Nov/2003:16:07:12 +0000] "GET /kamara/moodbuns/bunny-tired.gif HTTP/1.1" 200 418
159.28.8.229 - - [20/Nov/2003:16:07:21 +0000] "GET /ela/lj/moodbuns/bunny-blah.gif HTTP/1.1" 304 -
12.218.116.163 - - [20/Nov/2003:16:09:06 +0000] "GET /kamara/moodbuns/bunny-tired.gif HTTP/1.1" 304 -
12.218.116.163 - - [20/Nov/2003:16:09:11 +0000] "GET /kamara/moodbuns/bunny-tired.gif HTTP/1.1" 304 -
12.218.116.163 - - [20/Nov/2003:16:09:13 +0000] "GET /kamara/moodbuns/bunny-tired.gif HTTP/1.1" 304 -
144.32.177.191 - - [20/Nov/2003:16:11:02 +0000] "GET /ela/lj/moodbuns/bunny-blah.gif HTTP/1.1" 200 163
144.32.177.191 - - [20/Nov/2003:16:11:02 +0000] "GET /kamara/moodbuns/bunny-tired.gif HTTP/1.1" 200 418
80.225.81.61 - - [20/Nov/2003:16:11:10 +0000] "GET /ela/lj/moodbuns/bunny-blah.gif HTTP/1.1" 304 -
80.225.81.61 - - [20/Nov/2003:16:11:10 +0000] "GET /kamara/moodbuns/bunny-tired.gif HTTP/1.1" 304 -
81.152.108.244 - - [20/Nov/2003:16:11:53 +0000] "GET /kamara/moodbuns/bunny-tired.gif HTTP/1.1" 304 -
128.248.163.122 - - [20/Nov/2003:16:12:04 +0000] "GET /ela/lj/moodbuns/bunny-happy.gif HTTP/1.1" 200 170
128.248.163.122 - - [20/Nov/2003:16:12:04 +0000] "GET /ela/lj/moodbuns/bunny-groggy.gif HTTP/1.1" 200 153
12.218.116.163 - - [20/Nov/2003:16:13:17 +0000] "GET /kamara/moodbuns/bunny-tired.gif HTTP/1.1" 304 -
159.28.8.229 - - [20/Nov/2003:16:13:43 +0000] "GET /ela/lj/moodbuns/bunny-blah.gif HTTP/1.1" 304 -
80.225.81.61 - - [20/Nov/2003:16:16:37 +0000] "GET /ela/lj/moodbuns/bunny-blah.gif HTTP/1.1" 304 -
80.225.81.61 - - [20/Nov/2003:16:16:37 +0000] "GET /kamara/moodbuns/bunny-tired.gif HTTP/1.1" 304 -
207.5.171.136 - - [20/Nov/2003:16:16:51 +0000] "GET /kamara/moodbuns/bunny-tired.gif HTTP/1.1" 200 418
128.248.163.122 - - [20/Nov/2003:16:18:11 +0000] "GET /ela/lj/moodbuns/bunny-happy.gif HTTP/1.1" 200 170
128.248.163.122 - - [20/Nov/2003:16:18:28 +0000] "GET /ela/lj/moodbuns/bunny-amused.gif HTTP/1.1" 200 322
128.248.163.122 - - [20/Nov/2003:16:18:29 +0000] "GET /ela/lj/moodbuns/bunny-confused.gif HTTP/1.1" 304 -
128.248.163.122 - - [20/Nov/2003:16:18:33 +0000] "GET /ela/lj/moodbuns/bunny-nerdy.gif HTTP/1.1" 304 -
68.185.227.250 - - [20/Nov/2003:16:18:42 +0000] "GET /kamara/moodbuns/bunny-tired.gif HTTP/1.1" 304 -
24.185.168.25 - - [20/Nov/2003:16:19:02 +0000] "GET /kamara/moodbuns/bunny-tired.gif HTTP/1.1" 200 418
134.36.202.109 - - [20/Nov/2003:16:21:43 +0000] "GET /kamara/moodbuns/bunny-amused.gif HTTP/1.1" 200 322
134.36.202.109 - - [20/Nov/2003:16:21:49 +0000] "GET /kamara/moodbuns/bunny-hungry.gif HTTP/1.1" 200 510
193.195.0.101 - - [20/Nov/2003:16:22:08 +0000] "GET /kamara/moodbuns/bunny-tired.gif HTTP/1.1" 304 -
68.185.227.250 - - [20/Nov/2003:16:22:47 +0000] "GET /kamara/moodbuns/bunny-tired.gif HTTP/1.1" 304 -
128.248.163.122 - - [20/Nov/2003:16:23:05 +0000] "GET /ela/lj/moodbuns/bunny-amused.gif HTTP/1.1" 200 322
12.218.116.163 - - [20/Nov/2003:16:23:35 +0000] "GET /kamara/moodbuns/bunny-tired.gif HTTP/1.1" 304 -
144.32.177.191 - - [20/Nov/2003:16:23:48 +0000] "GET /kamara/moodbuns/bunny-loved.gif HTTP/1.1" 200 999
207.5.171.136 - - [20/Nov/2003:16:24:25 +0000] "GET /kamara/moodbuns/bunny-tired.gif HTTP/1.1" 304 -
128.248.163.122 - - [20/Nov/2003:16:24:45 +0000] "GET /ela/lj/moodbuns/bunny-cold.gif HTTP/1.1" 200 316
128.248.163.122 - - [20/Nov/2003:16:24:45 +0000] "GET /ela/lj/moodbuns/bunny-amused.gif HTTP/1.1" 200 322
212.137.57.41 - - [20/Nov/2003:16:26:10 +0000] "GET /ela/lj/moodbuns/bunny-blah.gif HTTP/1.1" 304 -
159.28.8.229 - - [20/Nov/2003:16:26:16 +0000] "GET /ela/lj/moodbuns/bunny-blah.gif HTTP/1.1" 304 -
172.139.26.122 - - [20/Nov/2003:16:26:39 +0000] "GET /kamara/moodbuns/bunny-tired.gif HTTP/1.1" 200 418
172.139.26.122 - - [20/Nov/2003:16:26:39 +0000] "GET /ela/lj/moodbuns/bunny-blah.gif HTTP/1.1" 200 163
207.5.171.136 - - [20/Nov/2003:16:26:45 +0000] "GET /kamara/moodbuns/bunny-tired.gif HTTP/1.1" 304 -
24.185.168.25 - - [20/Nov/2003:16:26:50 +0000] "GET /kamara/moodbuns/bunny-tired.gif HTTP/1.1" 304 -
159.28.8.229 - - [20/Nov/2003:16:27:43 +0000] "GET /ela/lj/moodbuns/bunny-blah.gif HTTP/1.1" 304 -
128.248.163.122 - - [20/Nov/2003:16:29:14 +0000] "GET /ela/lj/moodbuns/bunny-amused.gif HTTP/1.1" 200 322
128.248.163.122 - - [20/Nov/2003:16:29:26 +0000] "GET /ela/lj/moodbuns/bunny-happy.gif HTTP/1.1" 200 170
207.5.171.136 - - [20/Nov/2003:16:29:37 +0000] "GET /kamara/moodbuns/bunny-tired.gif HTTP/1.1" 304 -
172.139.26.122 - - [20/Nov/2003:16:30:00 +0000] "GET /ela/lj/moodbuns/bunny-blah.gif HTTP/1.1" 304 -
172.139.26.122 - - [20/Nov/2003:16:30:00 +0000] "GET /kamara/moodbuns/bunny-tired.gif HTTP/1.1" 304 -
68.68.244.198 - - [20/Nov/2003:16:30:40 +0000] "GET /kamara/moodbuns/bunny-confused.gif HTTP/1.1" 200 714
68.68.244.198 - - [20/Nov/2003:16:30:40 +0000] "GET /kamara/moodbuns/bunny-surprised.gif HTTP/1.1" 200 706
68.68.244.198 - - [20/Nov/2003:16:30:40 +0000] "GET /kamara/images/lj/salliefan.jpg HTTP/1.1" 200 7443
68.68.244.198 - - [20/Nov/2003:16:30:40 +0000] "GET /kamara/moodbuns/bunny-blank.gif HTTP/1.1" 200 171
68.68.244.198 - - [20/Nov/2003:16:30:41 +0000] "GET /kamara/moodbuns/bunny-blah.gif HTTP/1.1" 200 163
68.68.244.198 - - [20/Nov/2003:16:30:41 +0000] "GET /kamara/moodbuns/bunny-happy.gif HTTP/1.1" 200 170
68.68.244.198 - - [20/Nov/2003:16:30:41 +0000] "GET /kamara/moodbuns/bunny-tired.gif HTTP/1.1" 200 418
68.68.244.198 - - [20/Nov/2003:16:30:41 +0000] "GET /kamara/moodbuns/bunny-awake.gif HTTP/1.1" 200 172
68.68.244.198 - - [20/Nov/2003:16:30:41 +0000] "GET /kamara/moodbuns/bunny-sick.gif HTTP/1.1" 200 162
68.68.244.198 - - [20/Nov/2003:16:30:41 +0000] "GET /kamara/moodbuns/bunny-relaxed.gif HTTP/1.1" 200 157
68.68.244.198 - - [20/Nov/2003:16:30:42 +0000] "GET /kamara/moodbuns/bunny-loved.gif HTTP/1.1" 200 999
68.68.244.198 - - [20/Nov/2003:16:30:42 +0000] "GET /kamara/moodbuns/bunny-amused.gif HTTP/1.1" 200 322
68.68.244.198 - - [20/Nov/2003:16:30:42 +0000] "GET /kamara/moodbuns/bunny-cold.gif HTTP/1.1" 200 316
68.68.244.198 - - [20/Nov/2003:16:30:42 +0000] "GET /kamara/moodbuns/bunny-nerdy.gif HTTP/1.1" 200 170
68.68.244.198 - - [20/Nov/2003:16:30:42 +0000] "GET /kamara/moodbuns/bunny-bouncy.gif HTTP/1.1" 200 1903
68.68.244.198 - - [20/Nov/2003:16:30:42 +0000] "GET /kamara/moodbuns/bunny-thoughtful.gif HTTP/1.1" 200 511
68.68.244.198 - - [20/Nov/2003:16:30:42 +0000] "GET /kamara/moodbuns/bunny-cry.gif HTTP/1.1" 200 873
68.68.244.198 - - [20/Nov/2003:16:30:43 +0000] "GET /kamara/moodbuns/bunny-flirty.gif HTTP/1.1" 200 160
68.68.244.198 - - [20/Nov/2003:16:30:43 +0000] "GET /kamara/moodbuns/bunny-annoyed.gif HTTP/1.1" 200 696
172.139.26.122 - - [20/Nov/2003:16:32:51 +0000] "GET /ela/lj/moodbuns/bunny-blah.gif HTTP/1.1" 304 -
172.139.26.122 - - [20/Nov/2003:16:32:52 +0000] "GET /kamara/moodbuns/bunny-tired.gif HTTP/1.1" 304 -
128.248.163.122 - - [20/Nov/2003:16:32:55 +0000] "GET /ela/lj/moodbuns/bunny-happy.gif HTTP/1.1" 200 170
128.248.163.122 - - [20/Nov/2003:16:33:05 +0000] "GET /ela/lj/moodbuns/bunny-amused.gif HTTP/1.1" 200 322
128.248.163.122 - - [20/Nov/2003:16:33:05 +0000] "GET /ela/lj/moodbuns/bunny-happy.gif HTTP/1.1" 200 170
128.248.163.122 - - [20/Nov/2003:16:33:53 +0000] "GET /ela/lj/moodbuns/bunny-amused.gif HTTP/1.1" 200 322
128.248.163.122 - - [20/Nov/2003:16:33:55 +0000] "GET /ela/lj/moodbuns/bunny-amused.gif HTTP/1.1" 200 322
128.248.163.122 - - [20/Nov/2003:16:33:55 +0000] "GET /ela/lj/moodbuns/bunny-happy.gif HTTP/1.1" 200 170
128.248.163.122 - - [20/Nov/2003:16:34:10 +0000] "GET /ela/lj/moodbuns/bunny-happy.gif HTTP/1.1" 200 170
128.248.163.122 - - [20/Nov/2003:16:37:09 +0000] "GET /ela/lj/moodbuns/bunny-awake.gif HTTP/1.1" 304 -
213.224.83.86 - - [20/Nov/2003:16:38:38 +0000] "GET / HTTP/1.1" 200 1805
213.224.83.86 - - [20/Nov/2003:16:38:39 +0000] "GET /css.css HTTP/1.1" 200 870
213.224.83.86 - - [20/Nov/2003:16:38:39 +0000] "GET /new/bg5.png HTTP/1.1" 200 790
213.224.83.86 - - [20/Nov/2003:16:38:40 +0000] "GET /new/top.jpg HTTP/1.1" 200 50356
66.11.173.170 - - [20/Nov/2003:16:39:11 +0000] "GET /ela/lj/moodbuns/bunny-blah.gif HTTP/1.0" 200 163
128.248.163.122 - - [20/Nov/2003:16:40:27 +0000] "GET /ela/lj/moodbuns/bunny-cool.gif HTTP/1.1" 304 -
128.248.163.122 - - [20/Nov/2003:16:40:32 +0000] "GET /ela/lj/moodbuns/bunny-sick.gif HTTP/1.1" 304 -
155.33.205.186 - - [20/Nov/2003:16:40:47 +0000] "GET /ela/lj/moodbuns/bunny-blah.gif HTTP/1.1" 200 163
141.156.186.143 - - [20/Nov/2003:16:42:02 +0000] "GET /ela/lj/moodbuns/bunny-blah.gif HTTP/1.1" 304 -
141.156.186.143 - - [20/Nov/2003:16:42:39 +0000] "GET /ela/lj/moodbuns/bunny-blah.gif HTTP/1.1" 304 -
80.225.81.61 - - [20/Nov/2003:16:42:51 +0000] "GET /ela/lj/moodbuns/bunny-blah.gif HTTP/1.1" 304 -
80.225.81.61 - - [20/Nov/2003:16:42:51 +0000] "GET /kamara/moodbuns/bunny-tired.gif HTTP/1.1" 304 -
193.195.0.101 - - [20/Nov/2003:16:43:03 +0000] "GET /kamara/moodbuns/bunny-tired.gif HTTP/1.1" 304 -
134.241.100.72 - - [20/Nov/2003:16:45:03 +0000] "GET /kamara/moodbuns/bunny-tired.gif HTTP/1.1" 200 418
12.218.116.163 - - [20/Nov/2003:16:46:43 +0000] "GET /kamara/moodbuns/bunny-tired.gif HTTP/1.1" 304 -
212.137.57.41 - - [20/Nov/2003:16:46:43 +0000] "GET /ela/lj/moodbuns/bunny-blah.gif HTTP/1.1" 304 -
12.218.116.163 - - [20/Nov/2003:16:47:18 +0000] "GET /kamara/moodbuns/bunny-tired.gif HTTP/1.1" 304 -
207.5.171.136 - - [20/Nov/2003:16:48:11 +0000] "GET /kamara/moodbuns/bunny-tired.gif HTTP/1.1" 304 -
155.33.205.186 - - [20/Nov/2003:16:49:49 +0000] "GET /ela/lj/moodbuns/bunny-blah.gif HTTP/1.1" 304 -
213.163.16.14 - - [20/Nov/2003:16:50:14 +0000] "GET /kamara/moodbuns/bunny-tired.gif HTTP/1.1" 200 418
68.185.227.250 - - [20/Nov/2003:16:50:21 +0000] "GET /kamara/moodbuns/bunny-tired.gif HTTP/1.1" 304 -
213.163.16.14 - - [20/Nov/2003:16:50:47 +0000] "GET /kamara/images/lj/salliefan.jpg HTTP/1.1" 200 7443
134.241.100.72 - - [20/Nov/2003:16:51:26 +0000] "GET /kamara/moodbuns/bunny-tired.gif HTTP/1.1" 304 -
68.185.227.250 - - [20/Nov/2003:16:54:30 +0000] "GET /kamara/moodbuns/bunny-tired.gif HTTP/1.1" 304 -
62.254.64.7 - - [20/Nov/2003:16:54:33 +0000] "GET /kamara/moodbuns/bunny-tired.gif HTTP/1.1" 304 -
66.11.173.170 - - [20/Nov/2003:16:54:41 +0000] "GET /ela/lj/moodbuns/bunny-blah.gif HTTP/1.0" 304 -
140.203.7.37 - - [20/Nov/2003:16:55:26 +0000] "GET /ela/lj/moodbuns/bunny-blah.gif HTTP/1.0" 200 163
12.218.116.163 - - [20/Nov/2003:16:55:40 +0000] "GET /kamara/moodbuns/bunny-tired.gif HTTP/1.1" 304 -
134.241.100.72 - - [20/Nov/2003:16:57:07 +0000] "GET /kamara/moodbuns/bunny-tired.gif HTTP/1.1" 304 -
24.209.128.169 - - [20/Nov/2003:16:57:25 +0000] "GET /ela/lj/moodbuns/bunny-blah.gif HTTP/1.1" 200 163
62.31.171.166 - - [20/Nov/2003:16:57:39 +0000] "GET /kamara/moodbuns/bunny-tired.gif HTTP/1.1" 304 -
199.98.171.2 - - [20/Nov/2003:16:57:59 +0000] "GET /kamara/moodbuns/bunny-loved.gif HTTP/1.1" 200 999
199.98.171.2 - - [20/Nov/2003:16:57:59 +0000] "GET /kamara/moodbuns/bunny-cry.gif HTTP/1.1" 200 873
199.98.171.2 - - [20/Nov/2003:16:58:01 +0000] "GET /kamara/moodbuns/bunny-tired.gif HTTP/1.1" 200 418
128.248.163.122 - - [20/Nov/2003:16:58:33 +0000] "GET /ela/lj/moodbuns/bunny-happy.gif HTTP/1.1" 200 170
128.248.163.122 - - [20/Nov/2003:16:58:33 +0000] "GET /ela/lj/moodbuns/bunny-confused.gif HTTP/1.1" 304 -
128.248.163.122 - - [20/Nov/2003:16:58:49 +0000] "GET /ela/lj/moodbuns/bunny-happy.gif HTTP/1.1" 200 170
212.137.57.41 - - [20/Nov/2003:16:59:02 +0000] "GET /ela/lj/moodbuns/bunny-blah.gif HTTP/1.1" 304 -
82.42.34.186 - - [20/Nov/2003:17:01:09 +0000] "GET /kamara/moodbuns/bunny-tired.gif HTTP/1.1" 304 -
68.185.227.250 - - [20/Nov/2003:17:01:58 +0000] "GET /kamara/moodbuns/bunny-tired.gif HTTP/1.1" 304 -
140.203.7.37 - - [20/Nov/2003:17:02:01 +0000] "GET /ela/lj/moodbuns/bunny-blah.gif HTTP/1.0" 304 -
12.218.116.163 - - [20/Nov/2003:17:02:26 +0000] "GET /kamara/moodbuns/bunny-tired.gif HTTP/1.1" 304 -
62.31.171.166 - - [20/Nov/2003:17:02:47 +0000] "GET /kamara/moodbuns/bunny-tired.gif HTTP/1.1" 304 -
205.188.209.101 - - [20/Nov/2003:17:04:45 +0000] "GET /ela/lj/moodbuns/bunny-blah.gif HTTP/1.0" 200 163
66.11.173.170 - - [20/Nov/2003:17:06:00 +0000] "GET /ela/lj/moodbuns/bunny-blah.gif HTTP/1.0" 304 -
159.28.8.229 - - [20/Nov/2003:17:06:53 +0000] "GET /ela/lj/moodbuns/bunny-blah.gif HTTP/1.1" 304 -
128.248.163.122 - - [20/Nov/2003:17:07:23 +0000] "GET /ela/lj/moodbuns/bunny-amused.gif HTTP/1.1" 200 322
128.248.163.122 - - [20/Nov/2003:17:07:47 +0000] "GET /ela/lj/moodbuns/bunny-amused.gif HTTP/1.1" 200 322
140.203.7.37 - - [20/Nov/2003:17:10:01 +0000] "GET /ela/lj/moodbuns/bunny-blah.gif HTTP/1.0" 304 -
24.185.168.25 - - [20/Nov/2003:17:10:04 +0000] "GET /kamara/moodbuns/bunny-tired.gif HTTP/1.1" 304 -
159.28.8.229 - - [20/Nov/2003:17:10:58 +0000] "GET /ela/lj/moodbuns/bunny-blah.gif HTTP/1.1" 304 -
134.241.100.72 - - [20/Nov/2003:17:11:22 +0000] "GET /kamara/moodbuns/bunny-tired.gif HTTP/1.1" 304 -
24.185.168.25 - - [20/Nov/2003:17:12:08 +0000] "GET /kamara/moodbuns/bunny-tired.gif HTTP/1.1" 304 -
140.203.7.37 - - [20/Nov/2003:17:12:31 +0000] "GET /ela/lj/moodbuns/bunny-blah.gif HTTP/1.0" 304 -
80.225.81.61 - - [20/Nov/2003:17:13:51 +0000] "GET /ela/lj/moodbuns/bunny-blah.gif HTTP/1.1" 304 -
80.225.81.61 - - [20/Nov/2003:17:13:51 +0000] "GET /kamara/moodbuns/bunny-tired.gif HTTP/1.1" 304 -
62.31.171.166 - - [20/Nov/2003:17:14:23 +0000] "GET /kamara/moodbuns/bunny-tired.gif HTTP/1.1" 304 -
65.122.137.162 - - [20/Nov/2003:17:14:59 +0000] "GET /kamara/moodbuns/bunny-tired.gif HTTP/1.1" 304 -
216.23.19.62 - - [20/Nov/2003:17:16:33 +0000] "GET /ela/lj/moodbuns/bunny-amused.gif HTTP/1.1" 304 -
216.23.19.62 - - [20/Nov/2003:17:16:33 +0000] "GET /ela/layouts/strawberry.jpg HTTP/1.1" 304 -
216.23.19.62 - - [20/Nov/2003:17:16:34 +0000] "GET /ela/lj/moodbuns/bunny-blah.gif HTTP/1.1" 200 163
216.23.19.62 - - [20/Nov/2003:17:16:34 +0000] "GET /ela/lj/moodbuns/bunny-happy.gif HTTP/1.1" 304 -
216.23.19.62 - - [20/Nov/2003:17:16:34 +0000] "GET /ela/lj/moodbuns/bunny-bouncy.gif HTTP/1.1" 304 -
216.23.19.62 - - [20/Nov/2003:17:16:34 +0000] "GET /ela/lj/moodbuns/bunny-angry.gif HTTP/1.1" 304 -
194.81.191.92 - - [20/Nov/2003:17:16:48 +0000] "GET /ela/lj/moodbuns/bunny-blah.gif HTTP/1.0" 200 163
12.218.116.163 - - [20/Nov/2003:17:17:04 +0000] "GET /kamara/moodbuns/bunny-tired.gif HTTP/1.1" 304 -
128.82.13.30 - - [20/Nov/2003:17:17:19 +0000] "GET /kamara/moodbuns/bunny-tired.gif HTTP/1.1" 304 -
128.82.13.30 - - [20/Nov/2003:17:17:20 +0000] "GET /kamara/moodbuns/bunny-loved.gif HTTP/1.1" 304 -
128.82.13.30 - - [20/Nov/2003:17:17:20 +0000] "GET /kamara/moodbuns/bunny-cry.gif HTTP/1.1" 304 -
128.82.13.30 - - [20/Nov/2003:17:17:23 +0000] "GET /kamara/moodbuns/bunny-loved.gif HTTP/1.1" 200 999
128.82.13.30 - - [20/Nov/2003:17:17:25 +0000] "GET /kamara/moodbuns/bunny-cry.gif HTTP/1.1" 200 873
216.23.19.62 - - [20/Nov/2003:17:18:27 +0000] "GET /kamara/images/lj/salliefan.jpg HTTP/1.1" 304 -
216.23.19.62 - - [20/Nov/2003:17:18:27 +0000] "GET /kamara/moodbuns/bunny-blank.gif HTTP/1.1" 304 -
216.23.19.62 - - [20/Nov/2003:17:18:29 +0000] "GET /kamara/moodbuns/bunny-tired.gif HTTP/1.1" 304 -
216.23.19.62 - - [20/Nov/2003:17:18:29 +0000] "GET /kamara/moodbuns/bunny-loved.gif HTTP/1.1" 304 -
216.23.19.62 - - [20/Nov/2003:17:18:31 +0000] "GET /kamara/moodbuns/bunny-cry.gif HTTP/1.1" 304 -
216.23.19.62 - - [20/Nov/2003:17:18:31 +0000] "GET /kamara/moodbuns/bunny-annoyed.gif HTTP/1.1" 304 -
216.23.19.62 - - [20/Nov/2003:17:18:33 +0000] "GET /kamara/moodbuns/bunny-awake.gif HTTP/1.1" 304 -
216.23.19.62 - - [20/Nov/2003:17:18:33 +0000] "GET /kamara/moodbuns/bunny-devious.gif HTTP/1.1" 304 -
216.23.19.62 - - [20/Nov/2003:17:18:33 +0000] "GET /kamara/moodbuns/bunny-silly.gif HTTP/1.1" 304 -
216.23.19.62 - - [20/Nov/2003:17:18:34 +0000] "GET /kamara/moodbuns/bunny-amused.gif HTTP/1.1" 304 -
216.23.19.62 - - [20/Nov/2003:17:18:35 +0000] "GET /kamara/moodbuns/bunny-groggy.gif HTTP/1.1" 304 -
216.23.19.62 - - [20/Nov/2003:17:18:36 +0000] "GET /kamara/moodbuns/bunny-busy.gif HTTP/1.1" 304 -
216.23.19.62 - - [20/Nov/2003:17:18:37 +0000] "GET /kamara/moodbuns/bunny-cold.gif HTTP/1.1" 304 -
216.23.19.62 - - [20/Nov/2003:17:18:37 +0000] "GET /kamara/moodbuns/bunny-hot.gif HTTP/1.1" 304 -
216.23.19.62 - - [20/Nov/2003:17:18:38 +0000] "GET /kamara/moodbuns/bunny-happy.gif HTTP/1.1" 304 -
216.23.19.62 - - [20/Nov/2003:17:18:38 +0000] "GET /kamara/moodbuns/bunny-confused.gif HTTP/1.1" 304 -
216.23.19.62 - - [20/Nov/2003:17:18:38 +0000] "GET /kamara/moodbuns/bunny-angry.gif HTTP/1.1" 304 -
216.23.19.62 - - [20/Nov/2003:17:18:39 +0000] "GET /kamara/moodbuns/bunny-blah.gif HTTP/1.1" 304 -
216.23.19.62 - - [20/Nov/2003:17:18:39 +0000] "GET /kamara/moodbuns/bunny-hungry.gif HTTP/1.1" 304 -
216.23.19.62 - - [20/Nov/2003:17:18:40 +0000] "GET /kamara/moodbuns/bunny-cool.gif HTTP/1.1" 304 -
216.23.19.62 - - [20/Nov/2003:17:18:40 +0000] "GET /kamara/moodbuns/bunny-moody.gif HTTP/1.1" 304 -
216.23.19.62 - - [20/Nov/2003:17:18:40 +0000] "GET /kamara/moodbuns/bunny-scared.gif HTTP/1.1" 304 -
216.23.19.62 - - [20/Nov/2003:17:18:40 +0000] "GET /kamara/moodbuns/bunny-sick.gif HTTP/1.1" 304 -
216.23.19.62 - - [20/Nov/2003:17:18:41 +0000] "GET /kamara/moodbuns/bunny-thoughtful.gif HTTP/1.1" 304 -
216.23.19.62 - - [20/Nov/2003:17:18:51 +0000] "GET /kamara/moodbuns/bunny-thoughtful.gif HTTP/1.1" 304 -
62.31.171.166 - - [20/Nov/2003:17:18:52 +0000] "GET /kamara/moodbuns/bunny-tired.gif HTTP/1.1" 304 -
24.209.128.169 - - [20/Nov/2003:17:20:08 +0000] "GET /ela/lj/moodbuns/bunny-blah.gif HTTP/1.1" 304 -
140.203.7.37 - - [20/Nov/2003:17:20:36 +0000] "GET /ela/lj/moodbuns/bunny-blah.gif HTTP/1.0" 304 -
159.28.8.229 - - [20/Nov/2003:17:22:13 +0000] "GET /ela/lj/moodbuns/bunny-blah.gif HTTP/1.1" 304 -
62.31.171.166 - - [20/Nov/2003:17:23:17 +0000] "GET /kamara/moodbuns/bunny-tired.gif HTTP/1.1" 304 -
140.203.7.37 - - [20/Nov/2003:17:24:11 +0000] "GET /ela/lj/moodbuns/bunny-blah.gif HTTP/1.0" 304 -
68.185.227.250 - - [20/Nov/2003:17:24:35 +0000] "GET /kamara/moodbuns/bunny-tired.gif HTTP/1.1" 304 -
12.218.116.163 - - [20/Nov/2003:17:24:38 +0000] "GET /kamara/moodbuns/bunny-tired.gif HTTP/1.1" 304 -
62.31.171.166 - - [20/Nov/2003:17:26:46 +0000] "GET /kamara/moodbuns/bunny-tired.gif HTTP/1.1" 304 -
216.214.209.17 - - [20/Nov/2003:17:28:00 +0000] "GET /kamara/moodbuns/bunny-tired.gif HTTP/1.1" 200 418
12.218.116.163 - - [20/Nov/2003:17:28:08 +0000] "GET /kamara/moodbuns/bunny-tired.gif HTTP/1.1" 304 -
68.185.227.250 - - [20/Nov/2003:17:28:55 +0000] "GET /kamara/moodbuns/bunny-tired.gif HTTP/1.1" 304 -
155.33.205.186 - - [20/Nov/2003:17:29:07 +0000] "GET /ela/lj/moodbuns/bunny-blah.gif HTTP/1.1" 304 -
68.185.227.250 - - [20/Nov/2003:17:30:01 +0000] "GET /kamara/moodbuns/bunny-tired.gif HTTP/1.1" 304 -
159.28.8.229 - - [20/Nov/2003:17:30:31 +0000] "GET /ela/lj/moodbuns/bunny-blah.gif HTTP/1.1" 304 -
64.21.56.32 - - [20/Nov/2003:17:31:00 +0000] "GET /ela/lj/moodbuns/bunny-blah.gif HTTP/1.1" 200 163
140.203.7.37 - - [20/Nov/2003:17:31:47 +0000] "GET /ela/lj/moodbuns/bunny-blah.gif HTTP/1.0" 304 -
66.11.173.170 - - [20/Nov/2003:17:32:21 +0000] "GET /ela/lj/moodbuns/bunny-blah.gif HTTP/1.0" 304 -
62.252.224.7 - - [20/Nov/2003:17:32:26 +0000] "GET /ela/lj/moodbuns/bunny-blah.gif HTTP/1.1" 304 -
12.218.116.163 - - [20/Nov/2003:17:33:06 +0000] "GET /kamara/moodbuns/bunny-tired.gif HTTP/1.1" 304 -
66.150.40.75 - - [20/Nov/2003:17:34:30 +0000] "HEAD / HTTP/1.1" 200 0
212.137.57.41 - - [20/Nov/2003:17:34:39 +0000] "GET /ela/lj/moodbuns/bunny-blah.gif HTTP/1.1" 304 -
12.218.116.163 - - [20/Nov/2003:17:34:56 +0000] "GET /kamara/moodbuns/bunny-tired.gif HTTP/1.1" 304 -
216.214.209.17 - - [20/Nov/2003:17:35:38 +0000] "GET /kamara/moodbuns/bunny-tired.gif HTTP/1.1" 304 -
62.31.24.196 - - [20/Nov/2003:17:35:42 +0000] "GET /kamara/moodbuns/bunny-tired.gif HTTP/1.1" 200 418
159.28.8.229 - - [20/Nov/2003:17:36:30 +0000] "GET /ela/lj/moodbuns/bunny-blah.gif HTTP/1.1" 304 -
62.31.24.196 - - [20/Nov/2003:17:36:51 +0000] "GET /kamara/images/lj/salliefan.jpg HTTP/1.1" 304 -
62.31.24.196 - - [20/Nov/2003:17:36:51 +0000] "GET /kamara/moodbuns/bunny-tired.gif HTTP/1.1" 304 -
12.218.116.163 - - [20/Nov/2003:17:37:02 +0000] "GET /kamara/moodbuns/bunny-tired.gif HTTP/1.1" 304 -
68.185.227.250 - - [20/Nov/2003:17:37:25 +0000] "GET /kamara/moodbuns/bunny-tired.gif HTTP/1.1" 304 -
68.189.250.24 - - [20/Nov/2003:17:37:31 +0000] "GET /ela/lj/moodbuns/bunny-blah.gif HTTP/1.1" 304 -
212.137.57.41 - - [20/Nov/2003:17:37:42 +0000] "GET /ela/lj/moodbuns/bunny-blah.gif HTTP/1.1" 304 -
65.122.137.162 - - [20/Nov/2003:17:37:49 +0000] "GET /kamara/moodbuns/bunny-tired.gif HTTP/1.1" 304 -
194.81.191.92 - - [20/Nov/2003:17:38:13 +0000] "GET /kamara/moodbuns/bunny-amused.gif HTTP/1.0" 304 -
159.28.8.229 - - [20/Nov/2003:17:38:50 +0000] "GET /ela/lj/moodbuns/bunny-blah.gif HTTP/1.1" 304 -
64.229.179.117 - - [20/Nov/2003:17:39:15 +0000] "GET /kamara/moodbuns/bunny-tired.gif HTTP/1.1" 200 418
66.63.124.236 - - [20/Nov/2003:17:39:20 +0000] "GET /cocco/jacks.JPG HTTP/1.1" 200 34992
68.189.250.24 - - [20/Nov/2003:17:39:43 +0000] "GET /ela/lj/moodbuns/bunny-blah.gif HTTP/1.1" 304 -
140.203.7.37 - - [20/Nov/2003:17:39:56 +0000] "GET /ela/lj/moodbuns/bunny-blah.gif HTTP/1.0" 304 -
68.160.106.149 - - [20/Nov/2003:17:41:04 +0000] "GET /cocco/map3.gif HTTP/1.1" 200 983
68.160.106.149 - - [20/Nov/2003:17:41:06 +0000] "GET /cocco/styleee.jpg HTTP/1.1" 200 194665
68.160.106.149 - - [20/Nov/2003:17:41:11 +0000] "GET /temp/Tuesday.JPG HTTP/1.1" 404 318
68.160.106.149 - - [20/Nov/2003:17:41:11 +0000] "GET /temp/Monday.JPG HTTP/1.1" 404 317
68.160.106.149 - - [20/Nov/2003:17:41:12 +0000] "GET /temp/Thursday.JPG HTTP/1.1" 404 319
68.160.106.149 - - [20/Nov/2003:17:41:12 +0000] "GET /temp/Sunday.JPG HTTP/1.1" 404 317
68.160.106.149 - - [20/Nov/2003:17:41:12 +0000] "GET /temp/Friday.JPG HTTP/1.1" 404 317
68.160.106.149 - - [20/Nov/2003:17:41:12 +0000] "GET /temp/Saturday.JPG HTTP/1.1" 404 319
68.160.106.149 - - [20/Nov/2003:17:41:12 +0000] "GET /temp/Wednesday.JPG HTTP/1.1" 404 320
155.33.205.186 - - [20/Nov/2003:17:41:21 +0000] "GET /ela/lj/moodbuns/bunny-blah.gif HTTP/1.1" 304 -
68.189.250.24 - - [20/Nov/2003:17:42:24 +0000] "GET /ela/lj/moodbuns/bunny-blah.gif HTTP/1.1" 304 -
193.195.0.101 - - [20/Nov/2003:17:42:47 +0000] "GET /kamara/moodbuns/bunny-tired.gif HTTP/1.1" 304 -
82.42.34.186 - - [20/Nov/2003:17:43:06 +0000] "GET /kamara/moodbuns/bunny-tired.gif HTTP/1.1" 304 -
68.189.250.24 - - [20/Nov/2003:17:43:39 +0000] "GET /ela/lj/moodbuns/bunny-blah.gif HTTP/1.1" 304 -
216.165.15.71 - - [20/Nov/2003:17:43:51 +0000] "GET /ela/lj/moodbuns/bunny-blah.gif HTTP/1.1" 304 -
194.81.191.92 - - [20/Nov/2003:17:45:43 +0000] "GET /kamara/images/lj/salliefan.jpg HTTP/1.0" 304 -
68.189.250.24 - - [20/Nov/2003:17:46:09 +0000] "GET /ela/lj/moodbuns/bunny-blah.gif HTTP/1.1" 304 -
66.11.173.170 - - [20/Nov/2003:17:46:42 +0000] "GET /ela/lj/moodbuns/bunny-blah.gif HTTP/1.0" 304 -
24.185.168.25 - - [20/Nov/2003:17:46:43 +0000] "GET /kamara/moodbuns/bunny-tired.gif HTTP/1.1" 304 -
80.177.11.16 - - [20/Nov/2003:17:47:24 +0000] "GET /kamara/moodbuns/bunny-bouncy.gif HTTP/1.1" 200 1903
212.137.57.41 - - [20/Nov/2003:17:48:27 +0000] "GET /ela/lj/moodbuns/bunny-blah.gif HTTP/1.1" 304 -
66.196.90.249 - - [20/Nov/2003:17:48:45 +0000] "GET /robots.txt HTTP/1.0" 404 300
66.196.90.60 - - [20/Nov/2003:17:48:45 +0000] "GET /gallery/view.php?action=count&path=L0ljb25zIGZvciBtb2kvMTY0ODU3LmpwZw== HTTP/1.0" 200 2609
217.120.148.125 - - [20/Nov/2003:17:49:23 +0000] "GET /kamara/moodbuns/bunny-hungry.gif HTTP/1.1" 304 -
12.218.116.163 - - [20/Nov/2003:17:50:29 +0000] "GET /kamara/moodbuns/bunny-tired.gif HTTP/1.1" 304 -
212.137.57.41 - - [20/Nov/2003:17:50:41 +0000] "GET /ela/lj/moodbuns/bunny-blah.gif HTTP/1.1" 304 -
216.214.209.17 - - [20/Nov/2003:17:51:16 +0000] "GET /kamara/moodbuns/bunny-tired.gif HTTP/1.1" 304 -
212.137.57.41 - - [20/Nov/2003:17:53:26 +0000] "GET /ela/lj/moodbuns/bunny-blah.gif HTTP/1.1" 304 -
62.31.171.166 - - [20/Nov/2003:17:54:06 +0000] "GET /kamara/moodbuns/bunny-tired.gif HTTP/1.1" 200 418
82.42.34.186 - - [20/Nov/2003:17:54:46 +0000] "GET /kamara/moodbuns/bunny-tired.gif HTTP/1.1" 304 -
24.185.168.25 - - [20/Nov/2003:17:54:54 +0000] "GET /kamara/moodbuns/bunny-tired.gif HTTP/1.1" 304 -
24.185.168.25 - - [20/Nov/2003:17:55:06 +0000] "GET /kamara/moodbuns/bunny-tired.gif HTTP/1.1" 304 -
217.37.224.66 - - [20/Nov/2003:17:55:34 +0000] "GET /kamara/moodbuns/bunny-amused.gif HTTP/1.1" 200 322
62.254.64.7 - - [20/Nov/2003:17:56:01 +0000] "GET /kamara/moodbuns/bunny-tired.gif HTTP/1.1" 304 -
62.31.171.166 - - [20/Nov/2003:17:57:14 +0000] "GET /kamara/moodbuns/bunny-tired.gif HTTP/1.1" 304 -
194.81.191.92 - - [20/Nov/2003:18:01:31 +0000] "GET /kamara/moodbuns/bunny-nerdy.gif HTTP/1.0" 304 -
65.122.137.162 - - [20/Nov/2003:18:02:18 +0000] "GET /kamara/moodbuns/bunny-tired.gif HTTP/1.1" 304 -
62.31.171.166 - - [20/Nov/2003:18:03:02 +0000] "GET /kamara/moodbuns/bunny-tired.gif HTTP/1.1" 304 -
216.214.209.17 - - [20/Nov/2003:18:03:08 +0000] "GET /kamara/moodbuns/bunny-tired.gif HTTP/1.1" 304 -
159.28.57.227 - - [20/Nov/2003:18:07:25 +0000] "GET /ela/lj/moodbuns/bunny-blah.gif HTTP/1.1" 200 163
12.218.116.163 - - [20/Nov/2003:18:07:39 +0000] "GET /kamara/moodbuns/bunny-tired.gif HTTP/1.1" 304 -
82.42.34.186 - - [20/Nov/2003:18:10:05 +0000] "GET /kamara/moodbuns/bunny-blah.gif HTTP/1.1" 200 163
82.42.34.186 - - [20/Nov/2003:18:10:05 +0000] "GET /kamara/moodbuns/bunny-tired.gif HTTP/1.1" 304 -
66.11.173.170 - - [20/Nov/2003:18:11:05 +0000] "GET /ela/lj/moodbuns/bunny-blah.gif HTTP/1.0" 304 -
64.217.207.202 - - [20/Nov/2003:18:11:09 +0000] "GET /kamara/moodbuns/bunny-blah.gif HTTP/1.1" 200 163
64.217.207.202 - - [20/Nov/2003:18:11:10 +0000] "GET /ela/lj/moodbuns/bunny-blah.gif HTTP/1.1" 304 -
64.217.207.202 - - [20/Nov/2003:18:11:11 +0000] "GET /kamara/moodbuns/bunny-tired.gif HTTP/1.1" 304 -
82.42.34.186 - - [20/Nov/2003:18:13:14 +0000] "GET /kamara/moodbuns/bunny-blah.gif HTTP/1.1" 304 -
82.42.34.186 - - [20/Nov/2003:18:13:20 +0000] "GET /kamara/moodbuns/bunny-tired.gif HTTP/1.1" 304 -
12.218.116.163 - - [20/Nov/2003:18:14:36 +0000] "GET /kamara/moodbuns/bunny-blah.gif HTTP/1.1" 304 -
66.11.173.170 - - [20/Nov/2003:18:15:09 +0000] "GET /ela/lj/moodbuns/bunny-blah.gif HTTP/1.0" 304 -
66.11.173.170 - - [20/Nov/2003:18:15:33 +0000] "GET /ela/lj/moodbuns/bunny-blah.gif HTTP/1.0" 304 -
62.31.171.166 - - [20/Nov/2003:18:16:55 +0000] "GET /kamara/moodbuns/bunny-blah.gif HTTP/1.1" 304 -
62.31.171.166 - - [20/Nov/2003:18:16:56 +0000] "GET /kamara/moodbuns/bunny-tired.gif HTTP/1.1" 304 -
194.81.191.92 - - [20/Nov/2003:18:17:09 +0000] "GET /kamara/images/lj/salliefan.jpg HTTP/1.0" 304 -
194.81.191.92 - - [20/Nov/2003:18:17:19 +0000] "GET /kamara/moodbuns/bunny-blah.gif HTTP/1.0" 200 163
24.98.172.118 - - [20/Nov/2003:18:17:39 +0000] "GET /ela/lj/moodbuns/bunny-blah.gif HTTP/1.1" 200 163
143.206.70.198 - - [20/Nov/2003:18:18:23 +0000] "GET /kamara/moodbuns/bunny-tired.gif HTTP/1.1" 200 418
143.206.70.198 - - [20/Nov/2003:18:18:23 +0000] "GET /kamara/moodbuns/bunny-blah.gif HTTP/1.1" 200 163
216.23.19.64 - - [20/Nov/2003:18:18:30 +0000] "GET /kamara/images/lj/salliefan.jpg HTTP/1.1" 304 -
216.23.19.64 - - [20/Nov/2003:18:18:31 +0000] "GET /kamara/moodbuns/bunny-blah.gif HTTP/1.1" 304 -
216.23.19.64 - - [20/Nov/2003:18:18:32 +0000] "GET /kamara/moodbuns/bunny-blank.gif HTTP/1.1" 304 -
216.23.19.64 - - [20/Nov/2003:18:18:33 +0000] "GET /kamara/moodbuns/bunny-loved.gif HTTP/1.1" 304 -
216.23.19.64 - - [20/Nov/2003:18:18:33 +0000] "GET /kamara/moodbuns/bunny-cry.gif HTTP/1.1" 304 -
216.23.19.64 - - [20/Nov/2003:18:18:34 +0000] "GET /kamara/moodbuns/bunny-annoyed.gif HTTP/1.1" 304 -
216.23.19.64 - - [20/Nov/2003:18:18:34 +0000] "GET /kamara/moodbuns/bunny-awake.gif HTTP/1.1" 304 -
216.23.19.64 - - [20/Nov/2003:18:18:37 +0000] "GET /kamara/moodbuns/bunny-devious.gif HTTP/1.1" 304 -
216.23.19.64 - - [20/Nov/2003:18:18:38 +0000] "GET /kamara/moodbuns/bunny-silly.gif HTTP/1.1" 304 -
216.23.19.64 - - [20/Nov/2003:18:18:38 +0000] "GET /kamara/moodbuns/bunny-amused.gif HTTP/1.1" 304 -
216.23.19.64 - - [20/Nov/2003:18:18:39 +0000] "GET /kamara/moodbuns/bunny-happy.gif HTTP/1.1" 304 -
216.23.19.64 - - [20/Nov/2003:18:18:39 +0000] "GET /kamara/moodbuns/bunny-groggy.gif HTTP/1.1" 304 -
216.23.19.64 - - [20/Nov/2003:18:18:39 +0000] "GET /kamara/moodbuns/bunny-busy.gif HTTP/1.1" 304 -
216.23.19.64 - - [20/Nov/2003:18:18:40 +0000] "GET /kamara/moodbuns/bunny-cold.gif HTTP/1.1" 304 -
216.23.19.64 - - [20/Nov/2003:18:18:40 +0000] "GET /kamara/moodbuns/bunny-hot.gif HTTP/1.1" 304 -
216.23.19.64 - - [20/Nov/2003:18:18:41 +0000] "GET /kamara/moodbuns/bunny-confused.gif HTTP/1.1" 304 -
216.23.19.64 - - [20/Nov/2003:18:18:42 +0000] "GET /kamara/moodbuns/bunny-tired.gif HTTP/1.1" 304 -
