159.28.57.227 - - [13/Nov/2003:14:14:28 +0000] "GET /ela/lj/moodbuns/bunny-bouncy.gif HTTP/1.1" 304 -
152.163.253.98 - - [13/Nov/2003:14:14:55 +0000] "GET / HTTP/1.0" 200 1805
152.163.252.226 - - [13/Nov/2003:14:14:56 +0000] "GET /new/top.jpg HTTP/1.0" 200 50356
152.163.252.131 - - [13/Nov/2003:14:14:59 +0000] "GET /css.css HTTP/1.0" 200 870
152.163.252.197 - - [13/Nov/2003:14:14:59 +0000] "GET /new/bg5.png HTTP/1.0" 200 790
144.82.216.183 - - [13/Nov/2003:14:24:51 +0000] "GET /ela/lj/moodbuns/bunny-happy.gif HTTP/1.1" 304 -
144.82.216.183 - - [13/Nov/2003:14:24:51 +0000] "GET /ela/lj/moodbuns/bunny-amused.gif HTTP/1.1" 304 -
144.82.216.183 - - [13/Nov/2003:14:24:51 +0000] "GET /ela/lj/moodbuns/bunny-tired.gif HTTP/1.1" 304 -
144.82.216.183 - - [13/Nov/2003:14:24:52 +0000] "GET /ela/lj/moodbuns/bunny-confused.gif HTTP/1.1" 304 -
144.82.216.183 - - [13/Nov/2003:14:24:52 +0000] "GET /ela/lj/moodbuns/bunny-busy.gif HTTP/1.1" 304 -
12.20.58.68 - - [13/Nov/2003:14:26:38 +0000] "GET /cocco/fo.jpg HTTP/1.0" 200 46559
12.20.58.68 - - [13/Nov/2003:14:27:50 +0000] "GET /cocco/fo.jpg HTTP/1.0" 304 -
80.225.15.61 - - [13/Nov/2003:14:34:27 +0000] "GET /ela/lj/moodbuns/bunny-bouncy.gif HTTP/1.1" 200 1903
68.189.250.24 - - [13/Nov/2003:14:35:05 +0000] "GET /ela/lj/moodbuns/bunny-bouncy.gif HTTP/1.1" 304 -
68.189.250.24 - - [13/Nov/2003:14:36:03 +0000] "GET /ela/lj/moodbuns/bunny-bouncy.gif HTTP/1.1" 304 -
68.189.250.24 - - [13/Nov/2003:14:37:03 +0000] "GET /ela/lj/moodbuns/bunny-bouncy.gif HTTP/1.1" 304 -
24.78.146.128 - - [13/Nov/2003:14:38:42 +0000] "GET /cocco/jacks.JPG HTTP/1.0" 200 34992
128.82.13.159 - - [13/Nov/2003:14:42:46 +0000] "GET /kamara/moodbuns/bunny-confused.gif HTTP/1.1" 200 714
128.82.13.159 - - [13/Nov/2003:14:42:46 +0000] "GET /kamara/moodbuns/bunny-angry.gif HTTP/1.1" 200 167
128.82.13.159 - - [13/Nov/2003:14:42:46 +0000] "GET /kamara/moodbuns/bunny-amused.gif HTTP/1.1" 200 322
216.114.122.88 - - [13/Nov/2003:14:53:37 +0000] "GET /ela/lj/moodbuns/bunny-bouncy.gif HTTP/1.1" 200 1903
68.189.250.24 - - [13/Nov/2003:14:53:43 +0000] "GET /ela/lj/moodbuns/bunny-bouncy.gif HTTP/1.1" 304 -
144.32.177.191 - - [13/Nov/2003:15:06:06 +0000] "GET /ela/lj/moodbuns/bunny-bouncy.gif HTTP/1.1" 200 1903
144.32.177.191 - - [13/Nov/2003:15:08:26 +0000] "GET /kamara/moodbuns/bunny-amused.gif HTTP/1.1" 200 322
144.32.177.191 - - [13/Nov/2003:15:08:26 +0000] "GET /kamara/moodbuns/bunny-confused.gif HTTP/1.1" 200 714
144.32.177.191 - - [13/Nov/2003:15:08:26 +0000] "GET /kamara/moodbuns/bunny-angry.gif HTTP/1.1" 200 167
137.195.15.126 - - [13/Nov/2003:15:14:03 +0000] "GET /ela/lj/moodbuns/bunny-bouncy.gif HTTP/1.1" 200 1903
66.156.177.202 - - [13/Nov/2003:15:14:58 +0000] "GET /ela/lj/moodbuns/bunny-bouncy.gif HTTP/1.1" 304 -
139.1.44.13 - - [13/Nov/2003:15:20:44 +0000] "GET /kamara/moodbuns/bunny-amused.gif HTTP/1.0" 304 -
139.1.44.13 - - [13/Nov/2003:15:20:44 +0000] "GET /kamara/moodbuns/bunny-confused.gif HTTP/1.0" 304 -
141.149.180.94 - - [13/Nov/2003:15:21:57 +0000] "GET /ela/lj/moodbuns/bunny-bouncy.gif HTTP/1.1" 200 1903
141.156.186.143 - - [13/Nov/2003:15:28:01 +0000] "GET /ela/lj/moodbuns/bunny-bouncy.gif HTTP/1.1" 304 -
68.189.250.24 - - [13/Nov/2003:15:28:27 +0000] "GET /ela/lj/moodbuns/bunny-bouncy.gif HTTP/1.1" 304 -
217.228.31.53 - - [13/Nov/2003:15:35:22 +0000] "GET / HTTP/1.1" 200 1805
217.228.31.53 - - [13/Nov/2003:15:35:22 +0000] "GET /css.css HTTP/1.1" 200 870
217.228.31.53 - - [13/Nov/2003:15:35:22 +0000] "GET /new/bg5.png HTTP/1.1" 200 790
217.228.31.53 - - [13/Nov/2003:15:35:23 +0000] "GET /new/top.jpg HTTP/1.1" 200 50356
208.168.16.140 - - [13/Nov/2003:15:36:24 +0000] "GET /ela/lj/moodbuns/bunny-bouncy.gif HTTP/1.0" 304 -
68.189.250.24 - - [13/Nov/2003:15:37:17 +0000] "GET /ela/lj/moodbuns/bunny-bouncy.gif HTTP/1.1" 304 -
128.135.108.91 - - [13/Nov/2003:15:49:05 +0000] "GET /kamara/moodbuns/bunny-confused.gif HTTP/1.1" 200 714
66.150.40.75 - - [13/Nov/2003:15:53:19 +0000] "HEAD / HTTP/1.1" 200 0
68.189.250.24 - - [13/Nov/2003:15:56:04 +0000] "GET /ela/lj/moodbuns/bunny-bouncy.gif HTTP/1.1" 304 -
68.189.250.24 - - [13/Nov/2003:15:56:09 +0000] "GET /ela/lj/moodbuns/bunny-bouncy.gif HTTP/1.1" 304 -
63.86.244.5 - - [13/Nov/2003:16:03:48 +0000] "GET /ela/lj/moodbuns/bunny-bouncy.gif HTTP/1.0" 200 1903
207.172.231.241 - - [13/Nov/2003:16:15:55 +0000] "GET /kamara/moodbuns/bunny-busy.gif HTTP/1.1" 200 859
207.172.231.241 - - [13/Nov/2003:16:16:02 +0000] "GET /kamara/moodbuns/bunny-blank.gif HTTP/1.1" 200 171
207.172.231.241 - - [13/Nov/2003:16:16:02 +0000] "GET /kamara/moodbuns/bunny-confused.gif HTTP/1.1" 200 714
207.172.231.241 - - [13/Nov/2003:16:16:03 +0000] "GET /kamara/moodbuns/bunny-surprised.gif HTTP/1.1" 200 706
207.172.231.241 - - [13/Nov/2003:16:16:03 +0000] "GET /kamara/moodbuns/bunny-awake.gif HTTP/1.1" 200 172
207.172.231.241 - - [13/Nov/2003:16:16:03 +0000] "GET /kamara/moodbuns/bunny-happy.gif HTTP/1.1" 200 170
207.172.231.241 - - [13/Nov/2003:16:16:03 +0000] "GET /kamara/moodbuns/bunny-blah.gif HTTP/1.1" 200 163
207.172.231.241 - - [13/Nov/2003:16:16:03 +0000] "GET /kamara/moodbuns/bunny-tired.gif HTTP/1.1" 200 418
207.172.231.241 - - [13/Nov/2003:16:16:03 +0000] "GET /kamara/moodbuns/bunny-sick.gif HTTP/1.1" 200 162
207.172.231.241 - - [13/Nov/2003:16:16:03 +0000] "GET /kamara/moodbuns/bunny-relaxed.gif HTTP/1.1" 200 157
207.172.231.241 - - [13/Nov/2003:16:16:03 +0000] "GET /kamara/moodbuns/bunny-loved.gif HTTP/1.1" 200 999
207.172.231.241 - - [13/Nov/2003:16:16:03 +0000] "GET /kamara/moodbuns/bunny-amused.gif HTTP/1.1" 200 322
207.172.231.241 - - [13/Nov/2003:16:16:03 +0000] "GET /kamara/moodbuns/bunny-cold.gif HTTP/1.1" 200 316
207.172.231.241 - - [13/Nov/2003:16:20:28 +0000] "GET /cocco/map3.gif HTTP/1.1" 200 983
207.172.231.241 - - [13/Nov/2003:16:20:30 +0000] "GET /cocco/styleee.jpg HTTP/1.1" 200 194665
158.135.246.228 - - [13/Nov/2003:16:20:58 +0000] "GET /kamara/moodbuns/bunny-annoyed.gif HTTP/1.1" 200 696
207.172.231.241 - - [13/Nov/2003:16:21:56 +0000] "GET /kamara/images/lj/salliefan.jpg HTTP/1.1" 200 7443
207.172.231.241 - - [13/Nov/2003:16:21:57 +0000] "GET /kamara/moodbuns/bunny-nerdy.gif HTTP/1.1" 200 170
207.172.231.241 - - [13/Nov/2003:16:21:57 +0000] "GET /kamara/moodbuns/bunny-bouncy.gif HTTP/1.1" 200 1903
207.172.231.241 - - [13/Nov/2003:16:21:57 +0000] "GET /kamara/moodbuns/bunny-thoughtful.gif HTTP/1.1" 200 511
207.172.231.241 - - [13/Nov/2003:16:21:57 +0000] "GET /kamara/moodbuns/bunny-cry.gif HTTP/1.1" 200 873
207.172.231.241 - - [13/Nov/2003:16:21:57 +0000] "GET /kamara/moodbuns/bunny-annoyed.gif HTTP/1.1" 200 696
207.172.231.241 - - [13/Nov/2003:16:21:57 +0000] "GET /kamara/moodbuns/bunny-flirty.gif HTTP/1.1" 200 160
207.172.231.241 - - [13/Nov/2003:16:22:17 +0000] "GET /temp/Thursday.JPG HTTP/1.1" 404 319
63.86.244.5 - - [13/Nov/2003:16:22:23 +0000] "GET /ela/layouts/strawberry.jpg HTTP/1.0" 200 5996
63.86.244.5 - - [13/Nov/2003:16:22:23 +0000] "GET /ela/lj/moodbuns/bunny-happy.gif HTTP/1.0" 304 -
63.86.244.5 - - [13/Nov/2003:16:22:23 +0000] "GET /ela/lj/moodbuns/bunny-amused.gif HTTP/1.0" 304 -
63.86.244.5 - - [13/Nov/2003:16:22:23 +0000] "GET /ela/lj/moodbuns/bunny-angry.gif HTTP/1.0" 304 -
63.86.244.5 - - [13/Nov/2003:16:22:31 +0000] "GET /ela/lj/catshower.jpg HTTP/1.0" 200 44222
158.135.246.228 - - [13/Nov/2003:16:23:16 +0000] "GET /kamara/images/lj/salliefan.jpg HTTP/1.1" 200 7443
158.135.246.228 - - [13/Nov/2003:16:23:16 +0000] "GET /kamara/moodbuns/bunny-blank.gif HTTP/1.1" 200 171
158.135.246.228 - - [13/Nov/2003:16:23:16 +0000] "GET /kamara/moodbuns/bunny-confused.gif HTTP/1.1" 200 714
158.135.246.228 - - [13/Nov/2003:16:23:16 +0000] "GET /kamara/moodbuns/bunny-surprised.gif HTTP/1.1" 200 706
158.135.246.228 - - [13/Nov/2003:16:23:16 +0000] "GET /kamara/moodbuns/bunny-blah.gif HTTP/1.1" 200 163
158.135.246.228 - - [13/Nov/2003:16:23:17 +0000] "GET /kamara/moodbuns/bunny-happy.gif HTTP/1.1" 200 170
158.135.246.228 - - [13/Nov/2003:16:23:17 +0000] "GET /kamara/moodbuns/bunny-awake.gif HTTP/1.1" 200 172
158.135.246.228 - - [13/Nov/2003:16:23:17 +0000] "GET /kamara/moodbuns/bunny-tired.gif HTTP/1.1" 200 418
158.135.246.228 - - [13/Nov/2003:16:23:17 +0000] "GET /kamara/moodbuns/bunny-sick.gif HTTP/1.1" 200 162
158.135.246.228 - - [13/Nov/2003:16:23:17 +0000] "GET /kamara/moodbuns/bunny-relaxed.gif HTTP/1.1" 200 157
158.135.246.228 - - [13/Nov/2003:16:23:17 +0000] "GET /kamara/moodbuns/bunny-loved.gif HTTP/1.1" 200 999
158.135.246.228 - - [13/Nov/2003:16:23:17 +0000] "GET /kamara/moodbuns/bunny-amused.gif HTTP/1.1" 200 322
158.135.246.228 - - [13/Nov/2003:16:23:17 +0000] "GET /kamara/moodbuns/bunny-cold.gif HTTP/1.1" 200 316
158.135.246.228 - - [13/Nov/2003:16:23:17 +0000] "GET /kamara/moodbuns/bunny-nerdy.gif HTTP/1.1" 200 170
158.135.246.228 - - [13/Nov/2003:16:23:17 +0000] "GET /kamara/moodbuns/bunny-bouncy.gif HTTP/1.1" 200 1903
158.135.246.228 - - [13/Nov/2003:16:23:17 +0000] "GET /kamara/moodbuns/bunny-thoughtful.gif HTTP/1.1" 200 511
63.86.244.5 - - [13/Nov/2003:16:23:21 +0000] "GET /ela/lj/moodbuns/bunny-drunk.gif HTTP/1.0" 200 1406
63.86.244.5 - - [13/Nov/2003:16:24:07 +0000] "GET /ela/lj/moodbuns/bunny-amused.gif HTTP/1.0" 304 -
207.172.231.241 - - [13/Nov/2003:16:25:43 +0000] "GET /kamara/moodbuns/bunny-indescribable.gif HTTP/1.1" 200 159
63.86.244.5 - - [13/Nov/2003:16:27:31 +0000] "GET /ela/lj/moodbuns/bunny-bouncy.gif HTTP/1.0" 304 -
207.172.231.241 - - [13/Nov/2003:16:30:35 +0000] "GET /kamara/moodbuns/bunny-indescribable.gif HTTP/1.1" 304 -
24.209.128.169 - - [13/Nov/2003:16:36:46 +0000] "GET /ela/lj/moodbuns/bunny-bouncy.gif HTTP/1.1" 304 -
207.172.231.241 - - [13/Nov/2003:16:43:22 +0000] "GET /kamara/moodbuns/bunny-angry.gif HTTP/1.1" 200 167
128.248.163.122 - - [13/Nov/2003:16:44:27 +0000] "GET /ela/lj/moodbuns/bunny-bouncy.gif HTTP/1.1" 304 -
66.11.173.170 - - [13/Nov/2003:16:44:30 +0000] "GET /ela/lj/moodbuns/bunny-bouncy.gif HTTP/1.0" 304 -
216.191.234.70 - - [13/Nov/2003:16:49:46 +0000] "GET /ela/lj/moodbuns/bunny-bouncy.gif HTTP/1.1" 200 1903
66.149.8.92 - - [13/Nov/2003:16:51:43 +0000] "GET /kamara/moodbuns/bunny-confused.gif HTTP/1.1" 200 714
66.149.8.92 - - [13/Nov/2003:16:51:43 +0000] "GET /kamara/moodbuns/bunny-amused.gif HTTP/1.1" 304 -
68.45.214.61 - - [13/Nov/2003:16:56:34 +0000] "GET /kamara/moodbuns/bunny-blank.gif HTTP/1.1" 200 171
68.45.214.61 - - [13/Nov/2003:16:56:34 +0000] "GET /kamara/images/lj/salliefan.jpg HTTP/1.1" 200 7443
68.45.214.61 - - [13/Nov/2003:16:56:35 +0000] "GET /kamara/moodbuns/bunny-confused.gif HTTP/1.1" 200 714
68.45.214.61 - - [13/Nov/2003:16:56:35 +0000] "GET /kamara/moodbuns/bunny-surprised.gif HTTP/1.1" 200 706
68.45.214.61 - - [13/Nov/2003:16:56:35 +0000] "GET /kamara/moodbuns/bunny-blah.gif HTTP/1.1" 200 163
68.45.214.61 - - [13/Nov/2003:16:56:36 +0000] "GET /kamara/moodbuns/bunny-happy.gif HTTP/1.1" 200 170
68.45.214.61 - - [13/Nov/2003:16:56:36 +0000] "GET /kamara/moodbuns/bunny-awake.gif HTTP/1.1" 200 172
68.45.214.61 - - [13/Nov/2003:16:56:36 +0000] "GET /kamara/moodbuns/bunny-tired.gif HTTP/1.1" 200 418
68.45.214.61 - - [13/Nov/2003:16:56:36 +0000] "GET /kamara/moodbuns/bunny-relaxed.gif HTTP/1.1" 200 157
68.45.214.61 - - [13/Nov/2003:16:56:36 +0000] "GET /kamara/moodbuns/bunny-sick.gif HTTP/1.1" 200 162
68.45.214.61 - - [13/Nov/2003:16:56:37 +0000] "GET /kamara/moodbuns/bunny-loved.gif HTTP/1.1" 200 999
68.45.214.61 - - [13/Nov/2003:16:56:37 +0000] "GET /kamara/moodbuns/bunny-amused.gif HTTP/1.1" 200 322
68.45.214.61 - - [13/Nov/2003:16:56:37 +0000] "GET /kamara/moodbuns/bunny-cold.gif HTTP/1.1" 200 316
68.45.214.61 - - [13/Nov/2003:16:56:37 +0000] "GET /kamara/moodbuns/bunny-nerdy.gif HTTP/1.1" 200 170
68.45.214.61 - - [13/Nov/2003:16:56:37 +0000] "GET /kamara/moodbuns/bunny-bouncy.gif HTTP/1.1" 200 1903
68.45.214.61 - - [13/Nov/2003:16:56:37 +0000] "GET /kamara/moodbuns/bunny-thoughtful.gif HTTP/1.1" 200 511
68.45.214.61 - - [13/Nov/2003:16:56:38 +0000] "GET /kamara/moodbuns/bunny-cry.gif HTTP/1.1" 200 873
68.45.214.61 - - [13/Nov/2003:16:56:38 +0000] "GET /kamara/moodbuns/bunny-annoyed.gif HTTP/1.1" 200 696
68.45.214.61 - - [13/Nov/2003:16:56:38 +0000] "GET /kamara/moodbuns/bunny-flirty.gif HTTP/1.1" 200 160
159.28.8.229 - - [13/Nov/2003:16:57:31 +0000] "GET /ela/lj/moodbuns/bunny-bouncy.gif HTTP/1.1" 200 1903
81.10.139.5 - - [13/Nov/2003:17:04:57 +0000] "GET /cocco/jacks.JPG HTTP/1.1" 200 34992
172.133.177.28 - - [13/Nov/2003:17:11:25 +0000] "GET /ela/lj/moodbuns/bunny-bouncy.gif HTTP/1.1" 200 1903
64.12.96.204 - - [13/Nov/2003:17:15:15 +0000] "GET /kamara/moodbuns/bunny-hot.gif HTTP/1.0" 200 346
66.11.173.170 - - [13/Nov/2003:17:15:20 +0000] "GET /ela/lj/moodbuns/bunny-bouncy.gif HTTP/1.0" 304 -
82.42.34.186 - - [13/Nov/2003:17:16:05 +0000] "GET /kamara/moodbuns/bunny-hot.gif HTTP/1.1" 200 346
194.81.191.92 - - [13/Nov/2003:17:16:14 +0000] "GET /kamara/images/lj/salliefan.jpg HTTP/1.0" 304 -
194.81.191.92 - - [13/Nov/2003:17:16:24 +0000] "GET /kamara/moodbuns/bunny-hot.gif HTTP/1.0" 200 346
193.195.0.101 - - [13/Nov/2003:17:17:55 +0000] "GET /kamara/moodbuns/bunny-hot.gif HTTP/1.1" 200 346
66.11.173.170 - - [13/Nov/2003:17:18:04 +0000] "GET /ela/lj/moodbuns/bunny-bouncy.gif HTTP/1.0" 304 -
24.215.10.230 - - [13/Nov/2003:17:18:39 +0000] "GET /kamara/moodbuns/bunny-blank.gif HTTP/1.1" 304 -
24.215.10.230 - - [13/Nov/2003:17:18:39 +0000] "GET /kamara/images/lj/salliefan.jpg HTTP/1.1" 304 -
24.215.10.230 - - [13/Nov/2003:17:18:39 +0000] "GET /kamara/moodbuns/bunny-hot.gif HTTP/1.1" 304 -
24.215.10.230 - - [13/Nov/2003:17:18:39 +0000] "GET /kamara/moodbuns/bunny-amused.gif HTTP/1.1" 304 -
24.215.10.230 - - [13/Nov/2003:17:18:40 +0000] "GET /kamara/moodbuns/bunny-confused.gif HTTP/1.1" 200 714
24.215.10.230 - - [13/Nov/2003:17:18:40 +0000] "GET /kamara/moodbuns/bunny-angry.gif HTTP/1.1" 200 167
24.215.10.230 - - [13/Nov/2003:17:18:40 +0000] "GET /kamara/moodbuns/bunny-blah.gif HTTP/1.1" 304 -
24.215.10.230 - - [13/Nov/2003:17:18:40 +0000] "GET /kamara/moodbuns/bunny-hungry.gif HTTP/1.1" 304 -
24.215.10.230 - - [13/Nov/2003:17:18:40 +0000] "GET /kamara/moodbuns/bunny-annoyed.gif HTTP/1.1" 304 -
24.215.10.230 - - [13/Nov/2003:17:18:40 +0000] "GET /kamara/moodbuns/bunny-tired.gif HTTP/1.1" 304 -
24.215.10.230 - - [13/Nov/2003:17:18:40 +0000] "GET /kamara/moodbuns/bunny-cool.gif HTTP/1.1" 304 -
24.215.10.230 - - [13/Nov/2003:17:18:40 +0000] "GET /kamara/moodbuns/bunny-cry.gif HTTP/1.1" 304 -
24.215.10.230 - - [13/Nov/2003:17:18:40 +0000] "GET /kamara/moodbuns/bunny-moody.gif HTTP/1.1" 304 -
24.215.10.230 - - [13/Nov/2003:17:18:40 +0000] "GET /kamara/moodbuns/bunny-scared.gif HTTP/1.1" 304 -
24.215.10.230 - - [13/Nov/2003:17:18:41 +0000] "GET /kamara/moodbuns/bunny-sick.gif HTTP/1.1" 304 -
24.215.10.230 - - [13/Nov/2003:17:18:41 +0000] "GET /kamara/moodbuns/bunny-thoughtful.gif HTTP/1.1" 304 -
24.215.10.230 - - [13/Nov/2003:17:18:41 +0000] "GET /kamara/moodbuns/bunny-cold.gif HTTP/1.1" 304 -
24.215.10.230 - - [13/Nov/2003:17:18:41 +0000] "GET /kamara/moodbuns/bunny-rushed.gif HTTP/1.1" 304 -
24.215.10.230 - - [13/Nov/2003:17:18:41 +0000] "GET /kamara/moodbuns/bunny-surprised.gif HTTP/1.1" 304 -
24.215.10.230 - - [13/Nov/2003:17:18:41 +0000] "GET /kamara/moodbuns/bunny-groggy.gif HTTP/1.1" 304 -
24.215.10.230 - - [13/Nov/2003:17:18:42 +0000] "GET /kamara/images/cosplay-pcs.jpg HTTP/1.1" 304 -
24.215.10.230 - - [13/Nov/2003:17:18:42 +0000] "GET /kamara/moodbuns/bunny-bouncy.gif HTTP/1.1" 304 -
24.215.10.230 - - [13/Nov/2003:17:18:42 +0000] "GET /kamara/moodbuns/bunny-happy.gif HTTP/1.1" 304 -
24.215.10.230 - - [13/Nov/2003:17:18:42 +0000] "GET /kamara/moodbuns/bunny-content.gif HTTP/1.1" 304 -
62.31.171.95 - - [13/Nov/2003:17:20:18 +0000] "GET /kamara/moodbuns/bunny-hot.gif HTTP/1.1" 200 346
216.165.15.71 - - [13/Nov/2003:17:20:42 +0000] "GET /kamara/moodbuns/bunny-hot.gif HTTP/1.1" 200 346
206.47.27.235 - - [13/Nov/2003:17:21:05 +0000] "GET /ela/lj/catshower.jpg HTTP/1.1" 200 44222
139.1.44.13 - - [13/Nov/2003:17:21:21 +0000] "GET /kamara/moodbuns/bunny-hot.gif HTTP/1.0" 200 346
139.1.44.13 - - [13/Nov/2003:17:22:39 +0000] "GET /kamara/moodbuns/bunny-amused.gif HTTP/1.0" 304 -
138.47.111.18 - - [13/Nov/2003:17:23:16 +0000] "GET /kamara/moodbuns/bunny-hot.gif HTTP/1.1" 200 346
66.11.173.170 - - [13/Nov/2003:17:23:27 +0000] "GET /ela/lj/moodbuns/bunny-bouncy.gif HTTP/1.0" 304 -
138.47.111.18 - - [13/Nov/2003:17:24:07 +0000] "GET /kamara/moodbuns/bunny-hot.gif HTTP/1.1" 304 -
82.42.34.186 - - [13/Nov/2003:17:24:16 +0000] "GET /kamara/moodbuns/bunny-hot.gif HTTP/1.1" 304 -
216.165.15.71 - - [13/Nov/2003:17:25:05 +0000] "GET /kamara/moodbuns/bunny-hot.gif HTTP/1.1" 304 -
194.81.191.92 - - [13/Nov/2003:17:26:56 +0000] "GET /kamara/images/lj/salliefan.jpg HTTP/1.0" 304 -
62.31.171.95 - - [13/Nov/2003:17:27:03 +0000] "GET /kamara/moodbuns/bunny-hot.gif HTTP/1.1" 304 -
12.218.116.163 - - [13/Nov/2003:17:27:32 +0000] "GET /kamara/moodbuns/bunny-hot.gif HTTP/1.1" 200 346
194.81.191.92 - - [13/Nov/2003:17:27:34 +0000] "GET /kamara/moodbuns/bunny-hot.gif HTTP/1.0" 304 -
66.11.173.170 - - [13/Nov/2003:17:27:51 +0000] "GET /ela/lj/moodbuns/bunny-bouncy.gif HTTP/1.0" 304 -
172.160.212.103 - - [13/Nov/2003:17:27:58 +0000] "GET /kamara/moodbuns/bunny-hot.gif HTTP/1.1" 304 -
82.42.34.186 - - [13/Nov/2003:17:28:17 +0000] "GET /kamara/moodbuns/bunny-hot.gif HTTP/1.1" 304 -
82.42.34.186 - - [13/Nov/2003:17:28:26 +0000] "GET /kamara/images/lj/salliefan.jpg HTTP/1.1" 304 -
66.11.173.170 - - [13/Nov/2003:17:29:02 +0000] "GET /ela/lj/moodbuns/bunny-bouncy.gif HTTP/1.0" 304 -
80.177.11.16 - - [13/Nov/2003:17:29:44 +0000] "GET /kamara/moodbuns/bunny-hot.gif HTTP/1.1" 200 346
212.137.57.41 - - [13/Nov/2003:17:30:13 +0000] "GET /kamara/moodbuns/bunny-hot.gif HTTP/1.1" 304 -
62.8.118.217 - - [13/Nov/2003:17:31:19 +0000] "GET /ela/lj/moodbuns/bunny-bouncy.gif HTTP/1.1" 304 -
82.42.34.186 - - [13/Nov/2003:17:31:39 +0000] "GET /kamara/moodbuns/bunny-hot.gif HTTP/1.1" 304 -
172.160.212.103 - - [13/Nov/2003:17:32:23 +0000] "GET /kamara/moodbuns/bunny-hot.gif HTTP/1.1" 304 -
138.47.111.18 - - [13/Nov/2003:17:32:37 +0000] "GET /kamara/moodbuns/bunny-hot.gif HTTP/1.1" 304 -
62.31.171.95 - - [13/Nov/2003:17:32:56 +0000] "GET /kamara/moodbuns/bunny-hot.gif HTTP/1.1" 304 -
194.81.191.92 - - [13/Nov/2003:17:33:57 +0000] "GET /kamara/images/lj/salliefan.jpg HTTP/1.0" 304 -
194.81.191.92 - - [13/Nov/2003:17:34:08 +0000] "GET /kamara/moodbuns/bunny-hot.gif HTTP/1.0" 304 -
66.11.173.170 - - [13/Nov/2003:17:34:23 +0000] "GET /ela/lj/moodbuns/bunny-bouncy.gif HTTP/1.0" 304 -
66.11.173.170 - - [13/Nov/2003:17:34:37 +0000] "GET /ela/lj/moodbuns/bunny-bouncy.gif HTTP/1.0" 304 -
12.218.116.163 - - [13/Nov/2003:17:36:36 +0000] "GET /kamara/moodbuns/bunny-hot.gif HTTP/1.1" 304 -
64.180.121.74 - - [13/Nov/2003:17:36:55 +0000] "GET /ela/lj/moodbuns/bunny-bouncy.gif HTTP/1.1" 200 1903
66.11.173.170 - - [13/Nov/2003:17:39:07 +0000] "GET /ela/lj/moodbuns/bunny-bouncy.gif HTTP/1.0" 304 -
138.47.111.18 - - [13/Nov/2003:17:39:12 +0000] "GET /kamara/moodbuns/bunny-hot.gif HTTP/1.1" 304 -
82.42.34.186 - - [13/Nov/2003:17:39:46 +0000] "GET /kamara/moodbuns/bunny-hot.gif HTTP/1.1" 304 -
212.137.57.41 - - [13/Nov/2003:17:40:28 +0000] "GET /kamara/moodbuns/bunny-hot.gif HTTP/1.1" 304 -
64.180.121.74 - - [13/Nov/2003:17:40:43 +0000] "GET /ela/lj/moodbuns/bunny-bouncy.gif HTTP/1.1" 304 -
63.230.63.40 - - [13/Nov/2003:17:40:45 +0000] "GET /kamara/moodbuns/bunny-annoyed.gif HTTP/1.1" 200 696
62.254.0.32 - - [13/Nov/2003:17:40:53 +0000] "GET /kamara/moodbuns/bunny-hot.gif HTTP/1.1" 200 346
66.11.173.170 - - [13/Nov/2003:17:40:55 +0000] "GET /ela/lj/moodbuns/bunny-bouncy.gif HTTP/1.0" 304 -
24.185.168.25 - - [13/Nov/2003:17:41:10 +0000] "GET /kamara/moodbuns/bunny-hot.gif HTTP/1.1" 200 346
138.47.111.18 - - [13/Nov/2003:17:41:19 +0000] "GET /kamara/moodbuns/bunny-hot.gif HTTP/1.1" 304 -
82.42.34.186 - - [13/Nov/2003:17:43:49 +0000] "GET /kamara/moodbuns/bunny-hot.gif HTTP/1.1" 304 -
172.160.212.103 - - [13/Nov/2003:17:45:08 +0000] "GET /kamara/moodbuns/bunny-hot.gif HTTP/1.1" 304 -
62.64.134.29 - - [13/Nov/2003:17:45:15 +0000] "GET /kamara/moodbuns/bunny-hot.gif HTTP/1.1" 200 346
68.130.214.27 - - [13/Nov/2003:17:46:57 +0000] "GET /kamara/moodbuns/bunny-busy.gif HTTP/1.1" 200 859
212.137.57.41 - - [13/Nov/2003:17:47:07 +0000] "GET /kamara/moodbuns/bunny-hot.gif HTTP/1.1" 304 -
138.47.111.18 - - [13/Nov/2003:17:48:27 +0000] "GET /kamara/moodbuns/bunny-hot.gif HTTP/1.1" 304 -
66.11.173.170 - - [13/Nov/2003:17:48:33 +0000] "GET /ela/lj/moodbuns/bunny-bouncy.gif HTTP/1.0" 304 -
138.47.111.18 - - [13/Nov/2003:17:49:14 +0000] "GET /kamara/moodbuns/bunny-hot.gif HTTP/1.1" 304 -
212.137.57.41 - - [13/Nov/2003:17:50:55 +0000] "GET /kamara/moodbuns/bunny-hot.gif HTTP/1.1" 304 -
194.81.191.92 - - [13/Nov/2003:17:51:35 +0000] "GET /kamara/images/lj/salliefan.jpg HTTP/1.0" 304 -
144.82.216.183 - - [13/Nov/2003:17:51:49 +0000] "GET /ela/lj/moodbuns/bunny-hungry.gif HTTP/1.1" 304 -
144.82.216.183 - - [13/Nov/2003:17:51:49 +0000] "GET /ela/lj/moodbuns/bunny-happy.gif HTTP/1.1" 304 -
144.82.216.183 - - [13/Nov/2003:17:51:49 +0000] "GET /ela/lj/moodbuns/bunny-amused.gif HTTP/1.1" 304 -
144.82.216.183 - - [13/Nov/2003:17:51:49 +0000] "GET /ela/lj/moodbuns/bunny-embarrassed.gif HTTP/1.1" 304 -
144.82.216.183 - - [13/Nov/2003:17:51:50 +0000] "GET /ela/lj/moodbuns/bunny-curious.gif HTTP/1.1" 304 -
144.82.216.183 - - [13/Nov/2003:17:51:50 +0000] "GET /ela/lj/moodbuns/bunny-tired.gif HTTP/1.1" 304 -
144.82.216.183 - - [13/Nov/2003:17:51:50 +0000] "GET /ela/lj/moodbuns/bunny-creative.gif HTTP/1.1" 304 -
144.82.216.183 - - [13/Nov/2003:17:51:51 +0000] "GET /ela/lj/moodbuns/bunny-thoughtful.gif HTTP/1.1" 304 -
144.82.216.183 - - [13/Nov/2003:17:51:51 +0000] "GET /ela/lj/moodbuns/bunny-confused.gif HTTP/1.1" 304 -
172.160.212.103 - - [13/Nov/2003:17:52:11 +0000] "GET /kamara/moodbuns/bunny-hot.gif HTTP/1.1" 304 -
194.81.191.92 - - [13/Nov/2003:17:52:16 +0000] "GET /kamara/moodbuns/bunny-hot.gif HTTP/1.0" 304 -
216.114.70.163 - - [13/Nov/2003:17:52:56 +0000] "GET /kamara/moodbuns/bunny-hot.gif HTTP/1.1" 200 346
213.163.17.232 - - [13/Nov/2003:17:53:02 +0000] "GET /kamara/moodbuns/bunny-hot.gif HTTP/1.1" 200 346
216.114.70.163 - - [13/Nov/2003:17:53:17 +0000] "GET /kamara/images/lj/salliefan.jpg HTTP/1.1" 200 7443
138.47.111.18 - - [13/Nov/2003:17:54:17 +0000] "GET /kamara/moodbuns/bunny-hot.gif HTTP/1.1" 304 -
66.11.173.170 - - [13/Nov/2003:17:54:30 +0000] "GET /ela/lj/moodbuns/bunny-bouncy.gif HTTP/1.0" 304 -
138.47.111.18 - - [13/Nov/2003:17:54:54 +0000] "GET /kamara/moodbuns/bunny-hot.gif HTTP/1.1" 304 -
212.137.57.41 - - [13/Nov/2003:17:55:05 +0000] "GET /kamara/moodbuns/bunny-hot.gif HTTP/1.1" 304 -
138.47.111.18 - - [13/Nov/2003:17:56:01 +0000] "GET /kamara/moodbuns/bunny-hot.gif HTTP/1.1" 304 -
213.163.17.232 - - [13/Nov/2003:17:56:24 +0000] "GET /kamara/moodbuns/bunny-hot.gif HTTP/1.1" 304 -
213.163.17.232 - - [13/Nov/2003:17:57:41 +0000] "GET /kamara/moodbuns/bunny-hot.gif HTTP/1.1" 304 -
213.163.17.232 - - [13/Nov/2003:18:00:03 +0000] "GET /kamara/moodbuns/bunny-hot.gif HTTP/1.1" 304 -
216.114.70.163 - - [13/Nov/2003:18:00:09 +0000] "GET /kamara/moodbuns/bunny-hot.gif HTTP/1.1" 304 -
62.64.134.29 - - [13/Nov/2003:18:00:15 +0000] "GET /kamara/moodbuns/bunny-hot.gif HTTP/1.1" 304 -
211.158.48.164 - - [13/Nov/2003:18:00:49 +0000] "GET /ela/lj/blurty666.gif HTTP/1.1" 200 1520
212.137.57.41 - - [13/Nov/2003:18:01:26 +0000] "GET /kamara/moodbuns/bunny-hot.gif HTTP/1.1" 304 -
172.160.212.103 - - [13/Nov/2003:18:03:02 +0000] "GET /kamara/moodbuns/bunny-hot.gif HTTP/1.1" 304 -
216.23.19.40 - - [13/Nov/2003:18:03:25 +0000] "GET /kamara/moodbuns/bunny-blank.gif HTTP/1.1" 304 -
216.23.19.40 - - [13/Nov/2003:18:03:25 +0000] "GET /kamara/images/lj/salliefan.jpg HTTP/1.1" 304 -
216.23.19.40 - - [13/Nov/2003:18:03:29 +0000] "GET /kamara/moodbuns/bunny-hot.gif HTTP/1.1" 304 -
216.23.19.40 - - [13/Nov/2003:18:03:29 +0000] "GET /kamara/moodbuns/bunny-amused.gif HTTP/1.1" 304 -
216.23.19.40 - - [13/Nov/2003:18:03:30 +0000] "GET /kamara/moodbuns/bunny-confused.gif HTTP/1.1" 304 -
216.23.19.40 - - [13/Nov/2003:18:03:30 +0000] "GET /kamara/moodbuns/bunny-angry.gif HTTP/1.1" 304 -
216.23.19.40 - - [13/Nov/2003:18:03:32 +0000] "GET /kamara/moodbuns/bunny-blah.gif HTTP/1.1" 304 -
216.23.19.40 - - [13/Nov/2003:18:03:32 +0000] "GET /kamara/moodbuns/bunny-hungry.gif HTTP/1.1" 304 -
216.23.19.40 - - [13/Nov/2003:18:03:32 +0000] "GET /kamara/moodbuns/bunny-annoyed.gif HTTP/1.1" 304 -
216.23.19.40 - - [13/Nov/2003:18:03:32 +0000] "GET /kamara/moodbuns/bunny-tired.gif HTTP/1.1" 304 -
216.23.19.40 - - [13/Nov/2003:18:03:33 +0000] "GET /kamara/moodbuns/bunny-cry.gif HTTP/1.1" 304 -
216.23.19.40 - - [13/Nov/2003:18:03:37 +0000] "GET /kamara/moodbuns/bunny-cool.gif HTTP/1.1" 304 -
216.23.19.40 - - [13/Nov/2003:18:03:37 +0000] "GET /kamara/moodbuns/bunny-moody.gif HTTP/1.1" 304 -
216.23.19.40 - - [13/Nov/2003:18:03:38 +0000] "GET /kamara/moodbuns/bunny-scared.gif HTTP/1.1" 304 -
216.23.19.40 - - [13/Nov/2003:18:03:38 +0000] "GET /kamara/moodbuns/bunny-sick.gif HTTP/1.1" 304 -
216.23.19.40 - - [13/Nov/2003:18:03:39 +0000] "GET /kamara/moodbuns/bunny-thoughtful.gif HTTP/1.1" 304 -
216.23.19.40 - - [13/Nov/2003:18:03:39 +0000] "GET /kamara/moodbuns/bunny-cold.gif HTTP/1.1" 304 -
216.23.19.40 - - [13/Nov/2003:18:03:40 +0000] "GET /kamara/moodbuns/bunny-rushed.gif HTTP/1.1" 304 -
216.23.19.40 - - [13/Nov/2003:18:03:40 +0000] "GET /kamara/moodbuns/bunny-surprised.gif HTTP/1.1" 304 -
216.23.19.40 - - [13/Nov/2003:18:03:41 +0000] "GET /kamara/moodbuns/bunny-groggy.gif HTTP/1.1" 304 -
216.23.19.40 - - [13/Nov/2003:18:03:41 +0000] "GET /kamara/images/cosplay-pcs.jpg HTTP/1.1" 304 -
216.23.19.40 - - [13/Nov/2003:18:03:42 +0000] "GET /kamara/moodbuns/bunny-bouncy.gif HTTP/1.1" 304 -
216.23.19.40 - - [13/Nov/2003:18:03:42 +0000] "GET /kamara/moodbuns/bunny-happy.gif HTTP/1.1" 304 -
216.23.19.40 - - [13/Nov/2003:18:03:43 +0000] "GET /kamara/moodbuns/bunny-content.gif HTTP/1.1" 304 -
216.214.207.207 - - [13/Nov/2003:18:04:27 +0000] "GET /kamara/moodbuns/bunny-hot.gif HTTP/1.1" 304 -
24.161.93.247 - - [13/Nov/2003:18:05:41 +0000] "GET /kamara/moodbuns/bunny-confused.gif HTTP/1.1" 304 -
194.81.191.92 - - [13/Nov/2003:18:05:46 +0000] "GET /kamara/images/lj/salliefan.jpg HTTP/1.0" 304 -
194.81.191.92 - - [13/Nov/2003:18:06:33 +0000] "GET /kamara/moodbuns/bunny-hot.gif HTTP/1.0" 304 -
198.110.216.29 - - [13/Nov/2003:18:06:48 +0000] "GET /kamara/moodbuns/bunny-hot.gif HTTP/1.1" 200 346
204.188.8.126 - - [13/Nov/2003:18:06:54 +0000] "GET /kamara/moodbuns/bunny-blank.gif HTTP/1.1" 200 171
204.188.8.126 - - [13/Nov/2003:18:06:54 +0000] "GET /kamara/images/lj/salliefan.jpg HTTP/1.1" 200 7443
204.188.8.126 - - [13/Nov/2003:18:06:54 +0000] "GET /kamara/moodbuns/bunny-confused.gif HTTP/1.1" 200 714
204.188.8.126 - - [13/Nov/2003:18:06:56 +0000] "GET /kamara/moodbuns/bunny-surprised.gif HTTP/1.1" 200 706
12.218.116.163 - - [13/Nov/2003:18:08:18 +0000] "GET /kamara/moodbuns/bunny-hot.gif HTTP/1.1" 304 -
24.3.7.36 - - [13/Nov/2003:18:11:31 +0000] "GET /ela/lj/moodbuns/bunny-bouncy.gif HTTP/1.1" 304 -
138.47.111.18 - - [13/Nov/2003:18:13:09 +0000] "GET /kamara/moodbuns/bunny-hot.gif HTTP/1.1" 304 -
12.218.116.163 - - [13/Nov/2003:18:16:49 +0000] "GET /kamara/moodbuns/bunny-hot.gif HTTP/1.1" 304 -
65.89.209.150 - - [13/Nov/2003:18:19:54 +0000] "GET /kamara/moodbuns/bunny-hot.gif HTTP/1.1" 200 346
62.64.134.29 - - [13/Nov/2003:18:22:59 +0000] "GET /kamara/moodbuns/bunny-hot.gif HTTP/1.1" 304 -
141.154.140.72 - - [13/Nov/2003:18:24:01 +0000] "GET /ela/lj/moodbuns/bunny-bouncy.gif HTTP/1.1" 200 1903
62.104.222.64 - - [13/Nov/2003:18:24:13 +0000] "GET /ela/lj/moodbuns/bunny-amused.gif HTTP/1.0" 200 322
62.104.222.64 - - [13/Nov/2003:18:24:13 +0000] "GET /ela/layouts/strawberry.jpg HTTP/1.0" 200 5996
62.104.222.64 - - [13/Nov/2003:18:24:14 +0000] "GET /ela/lj/moodbuns/bunny-blank.gif HTTP/1.0" 200 171
62.104.222.64 - - [13/Nov/2003:18:24:15 +0000] "GET /ela/lj/moodbuns/bunny-happy.gif HTTP/1.0" 200 170
62.104.222.64 - - [13/Nov/2003:18:24:16 +0000] "GET /ela/lj/moodbuns/bunny-tired.gif HTTP/1.0" 200 418
62.104.222.64 - - [13/Nov/2003:18:24:16 +0000] "GET /ela/lj/moodbuns/bunny-bouncy.gif HTTP/1.0" 200 1903
64.217.207.202 - - [13/Nov/2003:18:27:09 +0000] "GET /kamara/moodbuns/bunny-hot.gif HTTP/1.1" 200 346
82.42.34.186 - - [13/Nov/2003:18:27:23 +0000] "GET /kamara/moodbuns/bunny-hot.gif HTTP/1.1" 304 -
128.174.242.100 - - [13/Nov/2003:18:29:06 +0000] "GET /kamara/moodbuns/bunny-hot.gif HTTP/1.1" 200 346
194.81.191.92 - - [13/Nov/2003:18:32:04 +0000] "GET /kamara/images/lj/salliefan.jpg HTTP/1.0" 304 -
194.81.191.92 - - [13/Nov/2003:18:34:18 +0000] "GET /kamara/images/cosplay-pcs.jpg HTTP/1.0" 304 -
64.229.227.187 - - [13/Nov/2003:18:35:43 +0000] "GET /kamara/moodbuns/bunny-hot.gif HTTP/1.1" 200 346
12.218.116.163 - - [13/Nov/2003:18:35:56 +0000] "GET /kamara/moodbuns/bunny-hot.gif HTTP/1.1" 304 -
64.217.207.202 - - [13/Nov/2003:18:36:43 +0000] "GET /kamara/moodbuns/bunny-hot.gif HTTP/1.1" 304 -
159.28.57.227 - - [13/Nov/2003:18:38:12 +0000] "GET /ela/lj/moodbuns/bunny-bouncy.gif HTTP/1.1" 304 -
62.31.24.227 - - [13/Nov/2003:18:38:36 +0000] "GET /kamara/images/lj/salliefan.jpg HTTP/1.1" 304 -
172.159.32.95 - - [13/Nov/2003:18:39:00 +0000] "GET /cocco/fo.jpg HTTP/1.1" 200 46559
209.111.65.202 - - [13/Nov/2003:18:39:19 +0000] "GET /kamara/moodbuns/bunny-amused.gif HTTP/1.1" 200 322
209.111.65.202 - - [13/Nov/2003:18:39:20 +0000] "GET /kamara/moodbuns/bunny-hot.gif HTTP/1.1" 200 346
209.111.65.202 - - [13/Nov/2003:18:39:21 +0000] "GET /kamara/moodbuns/bunny-confused.gif HTTP/1.1" 200 714
209.111.65.202 - - [13/Nov/2003:18:39:22 +0000] "GET /kamara/moodbuns/bunny-angry.gif HTTP/1.1" 200 167
152.163.253.99 - - [13/Nov/2003:18:39:50 +0000] "GET /kamara/moodbuns/bunny-hot.gif HTTP/1.0" 200 346
66.11.173.170 - - [13/Nov/2003:18:40:13 +0000] "GET /ela/lj/moodbuns/bunny-bouncy.gif HTTP/1.0" 304 -
12.218.116.163 - - [13/Nov/2003:18:42:02 +0000] "GET /kamara/moodbuns/bunny-hot.gif HTTP/1.1" 304 -
12.218.116.163 - - [13/Nov/2003:18:42:19 +0000] "GET /kamara/moodbuns/bunny-hot.gif HTTP/1.1" 304 -
66.11.173.170 - - [13/Nov/2003:18:43:34 +0000] "GET /ela/lj/moodbuns/bunny-bouncy.gif HTTP/1.0" 304 -
195.169.207.121 - - [13/Nov/2003:18:43:43 +0000] "GET /ela/lj/moodbuns/bunny-amused.gif HTTP/1.1" 200 322
195.169.207.121 - - [13/Nov/2003:18:43:43 +0000] "GET /ela/layouts/strawberry.jpg HTTP/1.1" 200 5996
195.169.207.121 - - [13/Nov/2003:18:43:43 +0000] "GET /ela/lj/moodbuns/bunny-blank.gif HTTP/1.1" 200 171
195.169.207.121 - - [13/Nov/2003:18:43:43 +0000] "GET /ela/lj/moodbuns/bunny-happy.gif HTTP/1.1" 200 170
195.169.207.121 - - [13/Nov/2003:18:43:43 +0000] "GET /ela/lj/moodbuns/bunny-tired.gif HTTP/1.1" 200 418
195.169.207.121 - - [13/Nov/2003:18:43:43 +0000] "GET /ela/lj/moodbuns/bunny-bouncy.gif HTTP/1.1" 200 1903
65.122.137.162 - - [13/Nov/2003:18:43:53 +0000] "GET /kamara/moodbuns/bunny-hot.gif HTTP/1.1" 200 346
195.169.207.121 - - [13/Nov/2003:18:43:57 +0000] "GET /ela/lj/moodbuns/bunny-happy.gif HTTP/1.1" 304 -
12.218.116.163 - - [13/Nov/2003:18:50:12 +0000] "GET /kamara/moodbuns/bunny-hot.gif HTTP/1.1" 304 -
194.81.191.92 - - [13/Nov/2003:18:50:39 +0000] "GET /kamara/images/lj/salliefan.jpg HTTP/1.0" 304 -
64.217.207.202 - - [13/Nov/2003:18:50:42 +0000] "GET /kamara/moodbuns/bunny-hot.gif HTTP/1.1" 304 -
12.218.116.163 - - [13/Nov/2003:18:51:14 +0000] "GET /kamara/moodbuns/bunny-hot.gif HTTP/1.1" 304 -
12.218.116.163 - - [13/Nov/2003:18:51:42 +0000] "GET /kamara/moodbuns/bunny-hot.gif HTTP/1.1" 304 -
140.232.0.106 - - [13/Nov/2003:18:53:19 +0000] "GET /ela/lj/moodbuns/bunny-bouncy.gif HTTP/1.1" 200 1903
12.218.116.163 - - [13/Nov/2003:18:55:24 +0000] "GET /kamara/moodbuns/bunny-hot.gif HTTP/1.1" 304 -
68.130.214.27 - - [13/Nov/2003:18:56:25 +0000] "GET /kamara/moodbuns/bunny-amused.gif HTTP/1.1" 200 322
24.73.58.209 - - [13/Nov/2003:18:56:28 +0000] "GET /kamara/moodbuns/bunny-hot.gif HTTP/1.1" 200 346
66.14.16.154 - - [13/Nov/2003:18:58:04 +0000] "GET /ela/lj/moodbuns/bunny-bouncy.gif HTTP/1.1" 200 1903
12.225.173.220 - - [13/Nov/2003:18:59:56 +0000] "GET /kamara/moodbuns/bunny-hot.gif HTTP/1.1" 200 346
62.64.134.29 - - [13/Nov/2003:19:01:11 +0000] "GET /kamara/moodbuns/bunny-hot.gif HTTP/1.1" 304 -
24.73.58.209 - - [13/Nov/2003:19:01:26 +0000] "GET /kamara/moodbuns/bunny-hot.gif HTTP/1.1" 304 -
64.229.227.187 - - [13/Nov/2003:19:02:23 +0000] "GET /kamara/moodbuns/bunny-hot.gif HTTP/1.1" 304 -
82.42.34.186 - - [13/Nov/2003:19:03:07 +0000] "GET /kamara/moodbuns/bunny-hot.gif HTTP/1.1" 304 -
24.73.58.209 - - [13/Nov/2003:19:03:36 +0000] "GET /kamara/moodbuns/bunny-hot.gif HTTP/1.1" 304 -
82.42.34.186 - - [13/Nov/2003:19:05:04 +0000] "GET /kamara/moodbuns/bunny-hot.gif HTTP/1.1" 304 -
194.81.191.92 - - [13/Nov/2003:19:08:37 +0000] "GET /kamara/images/lj/salliefan.jpg HTTP/1.0" 304 -
169.157.218.117 - - [13/Nov/2003:19:14:35 +0000] "GET /kamara/moodbuns/bunny-hot.gif HTTP/1.1" 200 346
81.135.68.75 - - [13/Nov/2003:19:16:30 +0000] "GET /ela/lj/moodbuns/bunny-bouncy.gif HTTP/1.1" 200 1903
68.130.214.27 - - [13/Nov/2003:19:16:31 +0000] "GET /kamara/moodbuns/bunny-busy.gif HTTP/1.1" 304 -
12.218.116.163 - - [13/Nov/2003:19:17:45 +0000] "GET /kamara/moodbuns/bunny-hot.gif HTTP/1.1" 304 -
138.47.111.18 - - [13/Nov/2003:19:17:48 +0000] "GET /kamara/moodbuns/bunny-hot.gif HTTP/1.1" 304 -
62.253.64.6 - - [13/Nov/2003:19:24:33 +0000] "GET /kamara/moodbuns/bunny-hot.gif HTTP/1.1" 200 346
62.64.134.29 - - [13/Nov/2003:19:25:26 +0000] "GET /kamara/moodbuns/bunny-hot.gif HTTP/1.1" 304 -
12.218.116.163 - - [13/Nov/2003:19:30:13 +0000] "GET /kamara/moodbuns/bunny-hot.gif HTTP/1.1" 304 -
82.42.34.186 - - [13/Nov/2003:19:38:14 +0000] "GET /kamara/moodbuns/bunny-hot.gif HTTP/1.1" 304 -
131.230.150.100 - - [13/Nov/2003:19:39:02 +0000] "GET /ela/lj/moodbuns/bunny-bouncy.gif HTTP/1.1" 304 -
82.42.34.186 - - [13/Nov/2003:19:39:52 +0000] "GET /kamara/moodbuns/bunny-hot.gif HTTP/1.1" 304 -
12.218.116.163 - - [13/Nov/2003:19:40:40 +0000] "GET /kamara/moodbuns/bunny-hot.gif HTTP/1.1" 304 -
62.64.134.29 - - [13/Nov/2003:19:47:22 +0000] "GET /kamara/moodbuns/bunny-hot.gif HTTP/1.1" 304 -
81.135.68.75 - - [13/Nov/2003:19:48:58 +0000] "GET /ela/lj/moodbuns/bunny-bouncy.gif HTTP/1.1" 304 -
12.218.116.163 - - [13/Nov/2003:19:50:19 +0000] "GET /kamara/moodbuns/bunny-hot.gif HTTP/1.1" 304 -
63.86.244.5 - - [13/Nov/2003:19:51:23 +0000] "GET /ela/lj/moodbuns/bunny-bouncy.gif HTTP/1.0" 304 -
141.154.140.72 - - [13/Nov/2003:19:54:44 +0000] "GET /ela/lj/moodbuns/bunny-bouncy.gif HTTP/1.1" 200 1903
63.86.244.5 - - [13/Nov/2003:19:56:05 +0000] "GET /ela/lj/moodbuns/bunny-bouncy.gif HTTP/1.0" 304 -
4.19.95.141 - - [13/Nov/2003:19:58:01 +0000] "GET /kamara/moodbuns/bunny-amused.gif HTTP/1.0" 200 322
65.89.209.150 - - [13/Nov/2003:19:58:37 +0000] "GET /kamara/moodbuns/bunny-hot.gif HTTP/1.1" 200 346
12.218.116.163 - - [13/Nov/2003:20:00:16 +0000] "GET /kamara/moodbuns/bunny-hot.gif HTTP/1.1" 304 -
81.135.68.75 - - [13/Nov/2003:20:02:03 +0000] "GET /ela/lj/moodbuns/bunny-bouncy.gif HTTP/1.1" 304 -
12.218.116.163 - - [13/Nov/2003:20:02:08 +0000] "GET /kamara/moodbuns/bunny-hot.gif HTTP/1.1" 304 -
4.19.95.141 - - [13/Nov/2003:20:02:32 +0000] "GET /kamara/moodbuns/bunny-amused.gif HTTP/1.0" 304 -
163.179.139.103 - - [13/Nov/2003:20:04:21 +0000] "GET /ela//layouts/nanoshalayout2.gif HTTP/1.1" 200 68579
163.179.139.103 - - [13/Nov/2003:20:04:52 +0000] "GET /ela//layouts/nanoshalayout2.gif HTTP/1.1" 206 18334
12.218.116.163 - - [13/Nov/2003:20:05:13 +0000] "GET /kamara/moodbuns/bunny-hot.gif HTTP/1.1" 304 -
63.194.90.158 - - [13/Nov/2003:20:06:20 +0000] "GET /kamara/moodbuns/bunny-hot.gif HTTP/1.1" 200 346
141.154.140.72 - - [13/Nov/2003:20:06:20 +0000] "GET /ela/lj/moodbuns/bunny-bouncy.gif HTTP/1.1" 200 1903
128.200.75.142 - - [13/Nov/2003:20:09:11 +0000] "GET /ela/lj/moodbuns/bunny-bouncy.gif HTTP/1.1" 200 1903
12.218.116.163 - - [13/Nov/2003:20:09:56 +0000] "GET /kamara/moodbuns/bunny-hot.gif HTTP/1.1" 304 -
12.218.116.163 - - [13/Nov/2003:20:10:01 +0000] "GET /kamara/moodbuns/bunny-hot.gif HTTP/1.1" 304 -
62.64.134.29 - - [13/Nov/2003:20:13:12 +0000] "GET /kamara/moodbuns/bunny-hot.gif HTTP/1.1" 304 -
66.208.195.67 - - [13/Nov/2003:20:14:39 +0000] "GET /ela/lj/moodbuns/bunny-bouncy.gif HTTP/1.1" 200 1903
12.218.116.163 - - [13/Nov/2003:20:17:31 +0000] "GET /kamara/moodbuns/bunny-hot.gif HTTP/1.1" 304 -
62.64.134.29 - - [13/Nov/2003:20:24:15 +0000] "GET /kamara/moodbuns/bunny-hot.gif HTTP/1.1" 304 -
12.225.173.220 - - [13/Nov/2003:20:25:26 +0000] "GET /kamara/moodbuns/bunny-hot.gif HTTP/1.1" 200 346
12.218.116.163 - - [13/Nov/2003:20:27:16 +0000] "GET /kamara/moodbuns/bunny-hot.gif HTTP/1.1" 304 -
81.135.51.162 - - [13/Nov/2003:20:28:51 +0000] "GET /ela/lj/moodbuns/bunny-bouncy.gif HTTP/1.1" 304 -
131.230.150.100 - - [13/Nov/2003:20:29:15 +0000] "GET /ela/lj/moodbuns/bunny-bouncy.gif HTTP/1.1" 304 -
131.230.150.100 - - [13/Nov/2003:20:30:47 +0000] "GET /ela/lj/moodbuns/bunny-bouncy.gif HTTP/1.1" 304 -
66.31.182.207 - - [13/Nov/2003:20:31:24 +0000] "GET /kamara/moodbuns/bunny-hot.gif HTTP/1.1" 200 346
65.122.137.162 - - [13/Nov/2003:20:34:01 +0000] "GET /kamara/moodbuns/bunny-hot.gif HTTP/1.1" 304 -
216.114.122.88 - - [13/Nov/2003:20:34:13 +0000] "GET /ela/lj/moodbuns/bunny-bouncy.gif HTTP/1.1" 304 -
82.42.34.186 - - [13/Nov/2003:20:34:43 +0000] "GET /kamara/moodbuns/bunny-hot.gif HTTP/1.1" 304 -
12.218.116.163 - - [13/Nov/2003:20:37:58 +0000] "GET /kamara/moodbuns/bunny-hot.gif HTTP/1.1" 304 -
131.94.233.159 - - [13/Nov/2003:20:38:41 +0000] "GET /ela/lj/moodbuns/bunny-bouncy.gif HTTP/1.1" 200 1903
212.219.59.201 - - [13/Nov/2003:20:41:14 +0000] "GET /ela/lj/moodbuns/bunny-amused.gif HTTP/1.1" 200 322
212.219.59.201 - - [13/Nov/2003:20:41:14 +0000] "GET /ela/layouts/strawberry.jpg HTTP/1.1" 200 5996
212.219.59.201 - - [13/Nov/2003:20:41:14 +0000] "GET /ela/lj/moodbuns/bunny-blank.gif HTTP/1.1" 200 171
212.219.59.201 - - [13/Nov/2003:20:41:14 +0000] "GET /ela/lj/moodbuns/bunny-happy.gif HTTP/1.1" 200 170
212.219.59.201 - - [13/Nov/2003:20:41:15 +0000] "GET /ela/lj/moodbuns/bunny-tired.gif HTTP/1.1" 200 418
212.219.59.201 - - [13/Nov/2003:20:41:15 +0000] "GET /ela/lj/moodbuns/bunny-bouncy.gif HTTP/1.1" 200 1903
82.42.34.186 - - [13/Nov/2003:20:42:13 +0000] "GET /kamara/moodbuns/bunny-hot.gif HTTP/1.1" 304 -
212.219.59.201 - - [13/Nov/2003:20:44:54 +0000] "GET /ela/lj/moodbuns/bunny-amused.gif HTTP/1.1" 304 -
80.129.131.132 - - [13/Nov/2003:20:45:09 +0000] "GET /kamara/moodbuns/bunny-groggy.gif HTTP/1.1" 304 -
212.219.59.201 - - [13/Nov/2003:20:48:11 +0000] "GET /ela/lj/moodbuns/bunny-amused.gif HTTP/1.1" 304 -
198.176.187.53 - - [13/Nov/2003:20:48:34 +0000] "GET /ela/lj/moodbuns/bunny-bouncy.gif HTTP/1.1" 200 1903
66.31.182.207 - - [13/Nov/2003:20:48:47 +0000] "GET /kamara/moodbuns/bunny-hot.gif HTTP/1.1" 200 346
65.124.105.17 - - [13/Nov/2003:20:49:31 +0000] "GET /kamara/moodbuns/bunny-hot.gif HTTP/1.1" 200 346
152.163.253.8 - - [13/Nov/2003:20:49:57 +0000] "GET /kamara/images/lj/salliefan.jpg HTTP/1.0" 200 7443
152.163.252.5 - - [13/Nov/2003:20:50:03 +0000] "GET /kamara/moodbuns/bunny-confused.gif HTTP/1.0" 304 -
198.176.187.53 - - [13/Nov/2003:20:50:30 +0000] "GET /ela/lj/moodbuns/bunny-bouncy.gif HTTP/1.1" 200 1903
66.31.182.207 - - [13/Nov/2003:20:51:00 +0000] "GET /kamara/images/lj/salliefan.jpg HTTP/1.1" 200 7443
66.31.182.207 - - [13/Nov/2003:20:51:18 +0000] "GET /kamara/moodbuns/bunny-hot.gif HTTP/1.1" 304 -
66.31.182.207 - - [13/Nov/2003:20:52:05 +0000] "GET /kamara/moodbuns/bunny-hot.gif HTTP/1.1" 304 -
130.126.156.121 - - [13/Nov/2003:20:52:56 +0000] "GET /kamara/moodbuns/bunny-hot.gif HTTP/1.1" 200 346
131.230.150.100 - - [13/Nov/2003:20:53:53 +0000] "GET /ela/lj/moodbuns/bunny-bouncy.gif HTTP/1.1" 304 -
12.218.116.163 - - [13/Nov/2003:20:54:18 +0000] "GET /kamara/moodbuns/bunny-hot.gif HTTP/1.1" 304 -
213.163.17.232 - - [13/Nov/2003:20:54:19 +0000] "GET /kamara/moodbuns/bunny-hot.gif HTTP/1.1" 304 -
66.31.182.207 - - [13/Nov/2003:20:54:29 +0000] "GET /kamara/images/lj/salliefan.jpg HTTP/1.1" 304 -
65.89.209.150 - - [13/Nov/2003:20:57:22 +0000] "GET /kamara/moodbuns/bunny-hot.gif HTTP/1.1" 200 346
12.218.116.163 - - [13/Nov/2003:20:57:29 +0000] "GET /kamara/moodbuns/bunny-hot.gif HTTP/1.1" 304 -
12.218.116.163 - - [13/Nov/2003:20:57:29 +0000] "GET /kamara/moodbuns/bunny-hot.gif HTTP/1.1" 304 -
82.42.34.186 - - [13/Nov/2003:20:59:06 +0000] "GET /kamara/moodbuns/bunny-hot.gif HTTP/1.1" 304 -
67.20.58.72 - - [13/Nov/2003:21:02:57 +0000] "GET /kamara/moodbuns/bunny-hot.gif HTTP/1.1" 200 346
12.218.116.163 - - [13/Nov/2003:21:03:01 +0000] "GET /kamara/moodbuns/bunny-hot.gif HTTP/1.1" 304 -
82.42.34.186 - - [13/Nov/2003:21:07:01 +0000] "GET /kamara/moodbuns/bunny-hot.gif HTTP/1.1" 304 -
12.218.116.163 - - [13/Nov/2003:21:07:54 +0000] "GET /kamara/moodbuns/bunny-hot.gif HTTP/1.1" 304 -
66.92.163.203 - - [13/Nov/2003:21:08:40 +0000] "GET /ela/lj/moodbuns/bunny-bouncy.gif HTTP/1.1" 304 -
12.218.116.163 - - [13/Nov/2003:21:09:42 +0000] "GET /kamara/moodbuns/bunny-hot.gif HTTP/1.1" 304 -
141.154.140.72 - - [13/Nov/2003:21:10:29 +0000] "GET /ela/lj/moodbuns/bunny-bouncy.gif HTTP/1.1" 200 1903
213.122.25.100 - - [13/Nov/2003:21:10:32 +0000] "GET /ela/lj/moodbuns/bunny-bouncy.gif HTTP/1.1" 304 -
213.163.17.232 - - [13/Nov/2003:21:12:44 +0000] "GET /kamara/moodbuns/bunny-hot.gif HTTP/1.1" 304 -
12.218.116.163 - - [13/Nov/2003:21:17:02 +0000] "GET /kamara/moodbuns/bunny-hot.gif HTTP/1.1" 304 -
82.42.34.186 - - [13/Nov/2003:21:17:56 +0000] "GET /kamara/moodbuns/bunny-hot.gif HTTP/1.1" 304 -
62.64.134.29 - - [13/Nov/2003:21:21:15 +0000] "GET /kamara/moodbuns/bunny-hot.gif HTTP/1.1" 304 -
82.42.34.186 - - [13/Nov/2003:21:21:19 +0000] "GET /kamara/moodbuns/bunny-hot.gif HTTP/1.1" 304 -
24.28.246.180 - - [13/Nov/2003:21:22:53 +0000] "GET /kamara/moodbuns/bunny-confused.gif HTTP/1.1" 200 714
66.31.182.207 - - [13/Nov/2003:21:23:19 +0000] "GET /kamara/moodbuns/bunny-hot.gif HTTP/1.1" 200 346
81.174.226.34 - - [13/Nov/2003:21:23:41 +0000] "GET /kamara/images/lj/salliefan.jpg HTTP/1.1" 200 7443
81.174.226.34 - - [13/Nov/2003:21:23:41 +0000] "GET /kamara/moodbuns/bunny-blank.gif HTTP/1.1" 200 171
81.174.226.34 - - [13/Nov/2003:21:23:42 +0000] "GET /kamara/moodbuns/bunny-confused.gif HTTP/1.1" 200 714
81.174.226.34 - - [13/Nov/2003:21:23:42 +0000] "GET /kamara/moodbuns/bunny-surprised.gif HTTP/1.1" 200 706
81.174.226.34 - - [13/Nov/2003:21:23:42 +0000] "GET /kamara/moodbuns/bunny-blah.gif HTTP/1.1" 200 163
81.174.226.34 - - [13/Nov/2003:21:23:42 +0000] "GET /kamara/moodbuns/bunny-happy.gif HTTP/1.1" 200 170
81.174.226.34 - - [13/Nov/2003:21:23:43 +0000] "GET /kamara/moodbuns/bunny-awake.gif HTTP/1.1" 200 172
81.174.226.34 - - [13/Nov/2003:21:23:43 +0000] "GET /kamara/moodbuns/bunny-tired.gif HTTP/1.1" 200 418
81.174.226.34 - - [13/Nov/2003:21:23:43 +0000] "GET /kamara/moodbuns/bunny-sick.gif HTTP/1.1" 200 162
81.174.226.34 - - [13/Nov/2003:21:23:43 +0000] "GET /kamara/moodbuns/bunny-relaxed.gif HTTP/1.1" 200 157
81.174.226.34 - - [13/Nov/2003:21:23:43 +0000] "GET /kamara/moodbuns/bunny-loved.gif HTTP/1.1" 200 999
81.174.226.34 - - [13/Nov/2003:21:23:44 +0000] "GET /kamara/moodbuns/bunny-amused.gif HTTP/1.1" 200 322
81.174.226.34 - - [13/Nov/2003:21:23:44 +0000] "GET /kamara/moodbuns/bunny-cold.gif HTTP/1.1" 200 316
81.174.226.34 - - [13/Nov/2003:21:23:44 +0000] "GET /kamara/moodbuns/bunny-nerdy.gif HTTP/1.1" 200 170
81.174.226.34 - - [13/Nov/2003:21:23:45 +0000] "GET /kamara/moodbuns/bunny-bouncy.gif HTTP/1.1" 200 1903
81.174.226.34 - - [13/Nov/2003:21:23:45 +0000] "GET /kamara/moodbuns/bunny-thoughtful.gif HTTP/1.1" 200 511
81.174.226.34 - - [13/Nov/2003:21:23:45 +0000] "GET /kamara/moodbuns/bunny-cry.gif HTTP/1.1" 200 873
81.174.226.34 - - [13/Nov/2003:21:23:45 +0000] "GET /kamara/moodbuns/bunny-annoyed.gif HTTP/1.1" 200 696
81.174.226.34 - - [13/Nov/2003:21:23:46 +0000] "GET /kamara/moodbuns/bunny-flirty.gif HTTP/1.1" 200 160
12.218.116.163 - - [13/Nov/2003:21:24:14 +0000] "GET /kamara/moodbuns/bunny-hot.gif HTTP/1.1" 304 -
12.218.116.163 - - [13/Nov/2003:21:24:24 +0000] "GET /kamara/moodbuns/bunny-hot.gif HTTP/1.1" 304 -
82.42.34.186 - - [13/Nov/2003:21:24:46 +0000] "GET /kamara/moodbuns/bunny-hot.gif HTTP/1.1" 304 -
24.29.62.134 - - [13/Nov/2003:21:24:48 +0000] "GET /kamara/moodbuns/bunny-hot.gif HTTP/1.1" 304 -
24.29.62.134 - - [13/Nov/2003:21:24:48 +0000] "GET /kamara/moodbuns/bunny-amused.gif HTTP/1.1" 304 -
24.29.62.134 - - [13/Nov/2003:21:24:48 +0000] "GET /kamara/moodbuns/bunny-confused.gif HTTP/1.1" 304 -
24.29.62.134 - - [13/Nov/2003:21:24:49 +0000] "GET /kamara/moodbuns/bunny-angry.gif HTTP/1.1" 304 -
62.252.64.7 - - [13/Nov/2003:21:24:56 +0000] "GET /ela/lj/moodbuns/bunny-bouncy.gif HTTP/1.0" 200 1903
64.217.207.202 - - [13/Nov/2003:21:29:47 +0000] "GET /kamara/moodbuns/bunny-hot.gif HTTP/1.1" 304 -
209.6.169.93 - - [13/Nov/2003:21:29:52 +0000] "GET /kamara/moodbuns/bunny-hot.gif HTTP/1.1" 200 346
64.105.101.66 - - [13/Nov/2003:21:33:24 +0000] "GET /cocco/fo.jpg HTTP/1.1" 200 46559
12.218.116.163 - - [13/Nov/2003:21:35:34 +0000] "GET /kamara/moodbuns/bunny-hot.gif HTTP/1.1" 304 -
82.42.34.186 - - [13/Nov/2003:21:35:55 +0000] "GET /kamara/moodbuns/bunny-hot.gif HTTP/1.1" 304 -
211.29.136.13 - - [13/Nov/2003:21:36:46 +0000] "GET /kamara/moodbuns/bunny-hot.gif HTTP/1.1" 200 346
195.93.34.12 - - [13/Nov/2003:21:37:28 +0000] "GET /ela/lj/moodbuns/bunny-bouncy.gif HTTP/1.0" 200 1903
213.163.17.232 - - [13/Nov/2003:21:37:36 +0000] "GET /kamara/moodbuns/bunny-hot.gif HTTP/1.1" 304 -
12.218.116.163 - - [13/Nov/2003:21:39:36 +0000] "GET /kamara/moodbuns/bunny-hot.gif HTTP/1.1" 304 -
66.31.182.207 - - [13/Nov/2003:21:40:47 +0000] "GET /kamara/moodbuns/bunny-hot.gif HTTP/1.1" 304 -
82.42.34.186 - - [13/Nov/2003:21:44:58 +0000] "GET /kamara/moodbuns/bunny-hot.gif HTTP/1.1" 304 -
82.42.34.186 - - [13/Nov/2003:21:49:51 +0000] "GET /kamara/moodbuns/bunny-hot.gif HTTP/1.1" 304 -
67.126.22.64 - - [13/Nov/2003:21:51:17 +0000] "GET /ela/lj/moodbuns/bunny-bouncy.gif HTTP/1.1" 200 1903
82.42.34.186 - - [13/Nov/2003:21:53:42 +0000] "GET /kamara/moodbuns/bunny-hot.gif HTTP/1.1" 304 -
82.42.34.186 - - [13/Nov/2003:21:53:57 +0000] "GET /kamara/moodbuns/bunny-hot.gif HTTP/1.1" 304 -
12.218.116.163 - - [13/Nov/2003:21:57:17 +0000] "GET /kamara/moodbuns/bunny-hot.gif HTTP/1.1" 304 -
203.61.71.42 - - [13/Nov/2003:22:04:23 +0000] "GET /kamara/moodbuns/bunny-hot.gif HTTP/1.1" 304 -
203.61.71.42 - - [13/Nov/2003:22:04:23 +0000] "GET /kamara/moodbuns/bunny-amused.gif HTTP/1.1" 304 -
203.61.71.42 - - [13/Nov/2003:22:04:27 +0000] "GET /kamara/moodbuns/bunny-confused.gif HTTP/1.1" 200 714
203.61.71.42 - - [13/Nov/2003:22:04:27 +0000] "GET /kamara/moodbuns/bunny-angry.gif HTTP/1.1" 304 -
203.61.71.42 - - [13/Nov/2003:22:04:30 +0000] "GET /kamara/moodbuns/bunny-blah.gif HTTP/1.1" 304 -
203.61.71.42 - - [13/Nov/2003:22:04:30 +0000] "GET /kamara/moodbuns/bunny-hungry.gif HTTP/1.1" 304 -
203.61.71.42 - - [13/Nov/2003:22:04:31 +0000] "GET /kamara/moodbuns/bunny-annoyed.gif HTTP/1.1" 304 -
203.61.71.42 - - [13/Nov/2003:22:05:36 +0000] "GET /kamara/images/lj/salliefan.jpg HTTP/1.1" 304 -
68.226.85.33 - - [13/Nov/2003:22:07:27 +0000] "GET /kamara/moodbuns/bunny-hot.gif HTTP/1.1" 200 346
82.42.34.186 - - [13/Nov/2003:22:09:14 +0000] "GET /kamara/moodbuns/bunny-hot.gif HTTP/1.1" 304 -
195.92.194.13 - - [13/Nov/2003:22:10:18 +0000] "GET /ela/lj/moodbuns/bunny-bouncy.gif HTTP/1.1" 200 1903
67.20.58.72 - - [13/Nov/2003:22:10:29 +0000] "GET /kamara/moodbuns/bunny-hot.gif HTTP/1.1" 200 346
62.64.134.29 - - [13/Nov/2003:22:11:09 +0000] "GET /kamara/moodbuns/bunny-hot.gif HTTP/1.1" 304 -
12.218.116.163 - - [13/Nov/2003:22:13:05 +0000] "GET /kamara/moodbuns/bunny-hot.gif HTTP/1.1" 304 -
141.158.63.200 - - [13/Nov/2003:22:14:48 +0000] "GET /kamara/comms/claim1.jpg HTTP/1.0" 200 5383
141.158.63.200 - - [13/Nov/2003:22:14:48 +0000] "GET /kamara/comms/claim2.jpg HTTP/1.0" 200 4773
68.237.14.209 - - [13/Nov/2003:22:14:58 +0000] "GET /ela/layouts/strawberry.jpg HTTP/1.1" 200 5996
68.237.14.209 - - [13/Nov/2003:22:14:58 +0000] "GET /ela/lj/moodbuns/bunny-amused.gif HTTP/1.1" 200 322
68.237.14.209 - - [13/Nov/2003:22:14:58 +0000] "GET /ela/lj/moodbuns/bunny-blank.gif HTTP/1.1" 200 171
68.237.14.209 - - [13/Nov/2003:22:14:58 +0000] "GET /ela/lj/moodbuns/bunny-happy.gif HTTP/1.1" 200 170
68.237.14.209 - - [13/Nov/2003:22:14:58 +0000] "GET /ela/lj/moodbuns/bunny-tired.gif HTTP/1.1" 200 418
68.237.14.209 - - [13/Nov/2003:22:14:58 +0000] "GET /ela/lj/moodbuns/bunny-bouncy.gif HTTP/1.1" 200 1903
24.215.10.230 - - [13/Nov/2003:22:19:00 +0000] "GET /kamara/images/lj/salliefan.jpg HTTP/1.1" 304 -
24.215.10.230 - - [13/Nov/2003:22:19:00 +0000] "GET /kamara/moodbuns/bunny-blank.gif HTTP/1.1" 304 -
24.215.10.230 - - [13/Nov/2003:22:19:00 +0000] "GET /kamara/moodbuns/bunny-hot.gif HTTP/1.1" 304 -
24.215.10.230 - - [13/Nov/2003:22:19:00 +0000] "GET /kamara/moodbuns/bunny-amused.gif HTTP/1.1" 304 -
24.215.10.230 - - [13/Nov/2003:22:19:00 +0000] "GET /kamara/moodbuns/bunny-confused.gif HTTP/1.1" 304 -
24.215.10.230 - - [13/Nov/2003:22:19:00 +0000] "GET /kamara/moodbuns/bunny-angry.gif HTTP/1.1" 304 -
24.215.10.230 - - [13/Nov/2003:22:19:00 +0000] "GET /kamara/moodbuns/bunny-blah.gif HTTP/1.1" 304 -
24.215.10.230 - - [13/Nov/2003:22:19:00 +0000] "GET /kamara/moodbuns/bunny-hungry.gif HTTP/1.1" 304 -
24.215.10.230 - - [13/Nov/2003:22:19:00 +0000] "GET /kamara/moodbuns/bunny-annoyed.gif HTTP/1.1" 304 -
24.215.10.230 - - [13/Nov/2003:22:19:00 +0000] "GET /kamara/moodbuns/bunny-tired.gif HTTP/1.1" 304 -
24.215.10.230 - - [13/Nov/2003:22:19:00 +0000] "GET /kamara/moodbuns/bunny-cry.gif HTTP/1.1" 304 -
24.215.10.230 - - [13/Nov/2003:22:19:00 +0000] "GET /kamara/moodbuns/bunny-cool.gif HTTP/1.1" 304 -
24.215.10.230 - - [13/Nov/2003:22:19:01 +0000] "GET /kamara/moodbuns/bunny-moody.gif HTTP/1.1" 304 -
24.215.10.230 - - [13/Nov/2003:22:19:01 +0000] "GET /kamara/moodbuns/bunny-scared.gif HTTP/1.1" 304 -
